Results for 2.96 20000131 (experimental) testsuite on i386-unknown-freebsdelf3.4

Loren James Rittle rittle@latour.rsch.comm.mot.com
Mon Jan 31 16:22:00 GMT 2000


Native configuration is i386-unknown-freebsdelf3.4

		=== libio tests ===


Running target unix

		=== libio Summary for unix ===

# of expected passes		40

Running target unix/-pthread -fpic

		=== libio Summary for unix/-pthread -fpic ===

# of expected passes		40

		=== libio Summary ===

# of expected passes		80
		=== libstdc++ tests ===


Running target unix

		=== libstdc++ Summary for unix ===

# of expected passes		30

Running target unix/-pthread -fpic

		=== libstdc++ Summary for unix/-pthread -fpic ===

# of expected passes		30

		=== libstdc++ Summary ===

# of expected passes		60
		=== gcc tests ===


Running target unix
FAIL: gcc.c-torture/compile/20000105-1.c,  -O0  
FAIL: gcc.c-torture/compile/20000105-1.c,  -O1  
FAIL: gcc.c-torture/execute/991202-3.c execution,  -O0 
FAIL: gcc.c-torture/execute/991202-3.c execution,  -O1 
FAIL: gcc.c-torture/execute/991202-3.c execution,  -O2 
FAIL: gcc.c-torture/execute/991202-3.c execution,  -O3 -fomit-frame-pointer 
FAIL: gcc.c-torture/execute/991202-3.c execution,  -O3 -g 
FAIL: gcc.c-torture/execute/991202-3.c execution,  -Os 
FAIL: gcc.c-torture/execute/991221-1.c execution,  -O1 
FAIL: gcc.c-torture/execute/991221-1.c execution,  -O2 
FAIL: gcc.c-torture/execute/991221-1.c execution,  -O3 -fomit-frame-pointer 
FAIL: gcc.c-torture/execute/991221-1.c execution,  -O3 -g 
FAIL: gcc.c-torture/execute/991221-1.c execution,  -Os 
XPASS: gcc.c-torture/execute/ieee/980619-1.c execution,  -O1 
XPASS: gcc.c-torture/execute/ieee/980619-1.c execution,  -O2 
XPASS: gcc.c-torture/execute/ieee/980619-1.c execution,  -O3 -fomit-frame-pointer 
XPASS: gcc.c-torture/execute/ieee/980619-1.c execution,  -O3 -fomit-frame-pointer -funroll-loops 
XPASS: gcc.c-torture/execute/ieee/980619-1.c execution,  -O3 -fomit-frame-pointer -funroll-all-loops -finline-functions 
XPASS: gcc.c-torture/execute/ieee/980619-1.c execution,  -O3 -g 
XPASS: gcc.c-torture/execute/ieee/980619-1.c execution,  -Os 
FAIL: gcc.c-torture/execute/ieee/fp-cmp-4.c compilation,  -O0 
FAIL: gcc.c-torture/execute/ieee/fp-cmp-4.c compilation,  -O1 
FAIL: gcc.c-torture/execute/ieee/fp-cmp-4.c compilation,  -O2 
FAIL: gcc.c-torture/execute/ieee/fp-cmp-4.c compilation,  -O3 -fomit-frame-pointer 
FAIL: gcc.c-torture/execute/ieee/fp-cmp-4.c compilation,  -O3 -fomit-frame-pointer -funroll-loops 
FAIL: gcc.c-torture/execute/ieee/fp-cmp-4.c compilation,  -O3 -fomit-frame-pointer -funroll-all-loops -finline-functions 
FAIL: gcc.c-torture/execute/ieee/fp-cmp-4.c compilation,  -O3 -g 
FAIL: gcc.c-torture/execute/ieee/fp-cmp-4.c compilation,  -Os 
XPASS: gcc.c-torture/execute/ieee/rbug.c execution,  -O3 -fomit-frame-pointer 
XPASS: gcc.c-torture/execute/ieee/rbug.c execution,  -O3 -g 
FAIL: gcc.dg/991209-1.c (test for excess errors)
FAIL: gcc.dg/991214-1.c (test for excess errors)
FAIL: gcc.dg/unused-2.c (test for excess errors)

		=== gcc Summary for unix ===

# of expected passes		9078
# of unexpected failures	24
# of unexpected successes	9
# of expected failures		41
# of unresolved testcases	8
# of unsupported tests		14

Running target unix/-pthread -fpic
FAIL: gcc.c-torture/compile/991229-3.c,  -O3 -fomit-frame-pointer -funroll-loops  
FAIL: gcc.c-torture/compile/991229-3.c,  -O3 -fomit-frame-pointer -funroll-all-loops -finline-functions  
FAIL: gcc.c-torture/compile/20000105-1.c,  -O0  
FAIL: gcc.c-torture/compile/20000105-1.c,  -O1  
FAIL: gcc.c-torture/execute/991202-3.c execution,  -O0 
FAIL: gcc.c-torture/execute/991202-3.c execution,  -O1 
FAIL: gcc.c-torture/execute/991202-3.c execution,  -O2 
FAIL: gcc.c-torture/execute/991202-3.c execution,  -O3 -fomit-frame-pointer 
FAIL: gcc.c-torture/execute/991202-3.c execution,  -O3 -g 
FAIL: gcc.c-torture/execute/991202-3.c execution,  -Os 
FAIL: gcc.c-torture/execute/991221-1.c execution,  -O1 
FAIL: gcc.c-torture/execute/991221-1.c execution,  -O2 
FAIL: gcc.c-torture/execute/991221-1.c execution,  -O3 -fomit-frame-pointer 
FAIL: gcc.c-torture/execute/991221-1.c execution,  -O3 -g 
FAIL: gcc.c-torture/execute/991221-1.c execution,  -Os 
FAIL: gcc.c-torture/execute/conversion.c execution,  -O3 -fomit-frame-pointer 
FAIL: gcc.c-torture/execute/conversion.c execution,  -O3 -g 
XPASS: gcc.c-torture/execute/ieee/980619-1.c execution,  -O1 
XPASS: gcc.c-torture/execute/ieee/980619-1.c execution,  -O2 
XPASS: gcc.c-torture/execute/ieee/980619-1.c execution,  -O3 -fomit-frame-pointer 
XPASS: gcc.c-torture/execute/ieee/980619-1.c execution,  -O3 -fomit-frame-pointer -funroll-loops 
XPASS: gcc.c-torture/execute/ieee/980619-1.c execution,  -O3 -fomit-frame-pointer -funroll-all-loops -finline-functions 
XPASS: gcc.c-torture/execute/ieee/980619-1.c execution,  -O3 -g 
XPASS: gcc.c-torture/execute/ieee/980619-1.c execution,  -Os 
FAIL: gcc.c-torture/execute/ieee/fp-cmp-4.c compilation,  -O0 
FAIL: gcc.c-torture/execute/ieee/fp-cmp-4.c compilation,  -O1 
FAIL: gcc.c-torture/execute/ieee/fp-cmp-4.c compilation,  -O2 
FAIL: gcc.c-torture/execute/ieee/fp-cmp-4.c compilation,  -O3 -fomit-frame-pointer 
FAIL: gcc.c-torture/execute/ieee/fp-cmp-4.c compilation,  -O3 -fomit-frame-pointer -funroll-loops 
FAIL: gcc.c-torture/execute/ieee/fp-cmp-4.c compilation,  -O3 -fomit-frame-pointer -funroll-all-loops -finline-functions 
FAIL: gcc.c-torture/execute/ieee/fp-cmp-4.c compilation,  -O3 -g 
FAIL: gcc.c-torture/execute/ieee/fp-cmp-4.c compilation,  -Os 
FAIL: gcc.dg/991209-1.c (test for excess errors)
FAIL: gcc.dg/991214-1.c (test for excess errors)
FAIL: gcc.dg/unused-2.c (test for excess errors)

		=== gcc Summary for unix/-pthread -fpic ===

# of expected passes		9074
# of unexpected failures	28
# of unexpected successes	7
# of expected failures		43
# of unresolved testcases	8
# of unsupported tests		14

		=== gcc Summary ===

# of expected passes		18152
# of unexpected failures	52
# of unexpected successes	16
# of expected failures		84
# of unresolved testcases	16
# of unsupported tests		28
/usr/tmp/2.96-i386-unknown-freebsdelf3.4/gcc/xgcc version 2.96 20000131 (experimental)

		=== g++ tests ===


Running target unix
FAIL: g++.jason/cast3.C (test for excess errors)
FAIL: g++.pt/dynarray.C (test for excess errors)

		=== g++ Summary for unix ===

# of expected passes		5687
# of unexpected failures	2
# of expected failures		97
# of untested testcases		14

Running target unix/-pthread -fpic
FAIL: g++.jason/cast3.C (test for excess errors)
FAIL: g++.pt/dynarray.C (test for excess errors)

		=== g++ Summary for unix/-pthread -fpic ===

# of expected passes		5687
# of unexpected failures	2
# of expected failures		97
# of untested testcases		14

		=== g++ Summary ===

# of expected passes		11374
# of unexpected failures	4
# of expected failures		194
# of untested testcases		28
/usr/tmp/2.96-i386-unknown-freebsdelf3.4/gcc/testsuite/../g++ version 2.96 20000131 (experimental)

		=== g77 tests ===


Running target unix

		=== g77 Summary for unix ===

# of expected passes		664

Running target unix/-pthread -fpic

		=== g77 Summary for unix/-pthread -fpic ===

# of expected passes		664

		=== g77 Summary ===

# of expected passes		1328
		=== objc tests ===


Running target unix
FAIL: objc/execute/bf-1.m compilation,  -O 
FAIL: objc/execute/bf-10.m compilation,  -O 
FAIL: objc/execute/bf-11.m compilation,  -O 
FAIL: objc/execute/bf-12.m compilation,  -O 
FAIL: objc/execute/bf-13.m compilation,  -O 
FAIL: objc/execute/bf-14.m compilation,  -O 
FAIL: objc/execute/bf-15.m compilation,  -O 
FAIL: objc/execute/bf-16.m compilation,  -O 
FAIL: objc/execute/bf-17.m compilation,  -O 
FAIL: objc/execute/bf-18.m compilation,  -O 
FAIL: objc/execute/bf-19.m compilation,  -O 
FAIL: objc/execute/bf-2.m compilation,  -O 
FAIL: objc/execute/bf-3.m compilation,  -O 
FAIL: objc/execute/bf-4.m compilation,  -O 
FAIL: objc/execute/bf-5.m compilation,  -O 
FAIL: objc/execute/bf-6.m compilation,  -O 
FAIL: objc/execute/bf-7.m compilation,  -O 
FAIL: objc/execute/bf-8.m compilation,  -O 
FAIL: objc/execute/bf-9.m compilation,  -O 

		=== objc Summary for unix ===

# of unexpected failures	19
# of untested testcases		19

Running target unix/-pthread -fpic
FAIL: objc/execute/bf-1.m compilation,  -O 
FAIL: objc/execute/bf-10.m compilation,  -O 
FAIL: objc/execute/bf-11.m compilation,  -O 
FAIL: objc/execute/bf-12.m compilation,  -O 
FAIL: objc/execute/bf-13.m compilation,  -O 
FAIL: objc/execute/bf-14.m compilation,  -O 
FAIL: objc/execute/bf-15.m compilation,  -O 
FAIL: objc/execute/bf-16.m compilation,  -O 
FAIL: objc/execute/bf-17.m compilation,  -O 
FAIL: objc/execute/bf-18.m compilation,  -O 
FAIL: objc/execute/bf-19.m compilation,  -O 
FAIL: objc/execute/bf-2.m compilation,  -O 
FAIL: objc/execute/bf-3.m compilation,  -O 
FAIL: objc/execute/bf-4.m compilation,  -O 
FAIL: objc/execute/bf-5.m compilation,  -O 
FAIL: objc/execute/bf-6.m compilation,  -O 
FAIL: objc/execute/bf-7.m compilation,  -O 
FAIL: objc/execute/bf-8.m compilation,  -O 
FAIL: objc/execute/bf-9.m compilation,  -O 

		=== objc Summary for unix/-pthread -fpic ===

# of unexpected failures	19
# of untested testcases		19

		=== objc Summary ===

# of unexpected failures	38
# of untested testcases		38
/usr/tmp/2.96-i386-unknown-freebsdelf3.4/gcc/xgcc version 2.96 20000131 (experimental)


Compiler version: 2.96 20000131 (experimental) 
Platform: i386-unknown-freebsdelf3.4
configure flags: --with-gcc-version-trigger=/usr/users/rittle/outside-cvs-src/egcs/gcc/version.c --host=i386-unknown-freebsdelf3.4 --enable-shared --enable-threads --with-gnu-as --with-as=/usr/local/bin/as --with-gnu-ld --with-ld=/usr/local/bin/ld --with-gxx-include-dir='${prefix}/share/gcc/2.96/include/g++' --norecursion
BOOT_CFLAGS=-g -O2


More information about the Gcc-testresults mailing list