Results for 2.96 20000127 (experimental) testsuite on alphaev5-dec-osf4.0b

Kaveh R. Ghazi ghazi@caip.rutgers.edu
Fri Jan 28 08:38:00 GMT 2000


Native configuration is alphaev5-dec-osf4.0b

		=== libio tests ===


Running target unix/-fPIC

		=== libio Summary for unix/-fPIC ===

# of expected passes		40

Running target unix/-fpic

		=== libio Summary for unix/-fpic ===

# of expected passes		40

Running target unix

		=== libio Summary for unix ===

# of expected passes		40

		=== libio Summary ===

# of expected passes		120
		=== libstdc++ tests ===


Running target unix/-fPIC

		=== libstdc++ Summary for unix/-fPIC ===

# of expected passes		30

Running target unix/-fpic

		=== libstdc++ Summary for unix/-fpic ===

# of expected passes		30

Running target unix

		=== libstdc++ Summary for unix ===

# of expected passes		30

		=== libstdc++ Summary ===

# of expected passes		90
		=== gcc tests ===


Running target unix/-fPIC
FAIL: gcc.c-torture/compile/20000105-1.c,  -O0  
FAIL: gcc.c-torture/compile/20000105-1.c,  -O1  
FAIL: gcc.c-torture/execute/930529-1.c execution,  -O3 -fomit-frame-pointer 
FAIL: gcc.c-torture/execute/930529-1.c execution,  -O3 -fomit-frame-pointer -funroll-loops 
FAIL: gcc.c-torture/execute/930529-1.c execution,  -O3 -fomit-frame-pointer -funroll-all-loops -finline-functions 
FAIL: gcc.c-torture/execute/930529-1.c execution,  -O3 -g 
FAIL: gcc.c-torture/execute/990811-1.c compilation,  -O3 -fomit-frame-pointer 
FAIL: gcc.c-torture/execute/990811-1.c compilation,  -O3 -fomit-frame-pointer -funroll-loops 
FAIL: gcc.c-torture/execute/990811-1.c compilation,  -O3 -fomit-frame-pointer -funroll-all-loops -finline-functions 
FAIL: gcc.c-torture/execute/990811-1.c compilation,  -O3 -g 
FAIL: gcc.c-torture/execute/991202-3.c execution,  -O0 
FAIL: gcc.c-torture/execute/991202-3.c execution,  -O1 
FAIL: gcc.c-torture/execute/991202-3.c execution,  -O2 
FAIL: gcc.c-torture/execute/991202-3.c execution,  -O3 -fomit-frame-pointer 
FAIL: gcc.c-torture/execute/991202-3.c execution,  -O3 -g 
FAIL: gcc.c-torture/execute/991202-3.c execution,  -Os 
FAIL: gcc.c-torture/execute/ieee/fp-cmp-2.c execution,  -O0 
FAIL: gcc.c-torture/execute/ieee/fp-cmp-2.c execution,  -O1 
FAIL: gcc.c-torture/execute/ieee/fp-cmp-2.c execution,  -O2 
FAIL: gcc.c-torture/execute/ieee/fp-cmp-2.c execution,  -O3 -fomit-frame-pointer 
FAIL: gcc.c-torture/execute/ieee/fp-cmp-2.c execution,  -O3 -fomit-frame-pointer -funroll-loops 
FAIL: gcc.c-torture/execute/ieee/fp-cmp-2.c execution,  -O3 -fomit-frame-pointer -funroll-all-loops -finline-functions 
FAIL: gcc.c-torture/execute/ieee/fp-cmp-2.c execution,  -O3 -g 
FAIL: gcc.c-torture/execute/ieee/fp-cmp-2.c execution,  -Os 
FAIL: gcc.c-torture/execute/ieee/fp-cmp-4.c execution,  -O0 
FAIL: gcc.c-torture/execute/ieee/fp-cmp-4.c execution,  -O1 
FAIL: gcc.c-torture/execute/ieee/fp-cmp-4.c execution,  -O2 
FAIL: gcc.c-torture/execute/ieee/fp-cmp-4.c execution,  -O3 -fomit-frame-pointer 
FAIL: gcc.c-torture/execute/ieee/fp-cmp-4.c execution,  -O3 -fomit-frame-pointer -funroll-loops 
FAIL: gcc.c-torture/execute/ieee/fp-cmp-4.c execution,  -O3 -fomit-frame-pointer -funroll-all-loops -finline-functions 
FAIL: gcc.c-torture/execute/ieee/fp-cmp-4.c execution,  -O3 -g 
FAIL: gcc.c-torture/execute/ieee/fp-cmp-4.c execution,  -Os 
FAIL: gcc.c-torture/execute/ieee/mzero2.c execution,  -O0 
FAIL: gcc.c-torture/execute/ieee/mzero2.c execution,  -O1 
FAIL: gcc.c-torture/execute/ieee/mzero2.c execution,  -O2 
FAIL: gcc.c-torture/execute/ieee/mzero2.c execution,  -O3 -fomit-frame-pointer 
FAIL: gcc.c-torture/execute/ieee/mzero2.c execution,  -O3 -g 
FAIL: gcc.c-torture/execute/ieee/mzero2.c execution,  -Os 
XPASS: gcc.c-torture/execute/memcheck/blkarg.c execution,  -O0 
XPASS: gcc.c-torture/execute/memcheck/blkarg.c execution,  -O1 
XPASS: gcc.c-torture/execute/memcheck/blkarg.c execution,  -O2 
XPASS: gcc.c-torture/execute/memcheck/blkarg.c execution,  -Os 
FAIL: gcc.dg/unused-2.c (test for excess errors)

		=== gcc Summary for unix/-fPIC ===

# of expected passes		9009
# of unexpected failures	39
# of unexpected successes	4
# of expected failures		28
# of unresolved testcases	7
# of unsupported tests		34

Running target unix/-fpic
FAIL: gcc.c-torture/compile/20000105-1.c,  -O0  
FAIL: gcc.c-torture/compile/20000105-1.c,  -O1  
FAIL: gcc.c-torture/execute/930529-1.c execution,  -O3 -fomit-frame-pointer 
FAIL: gcc.c-torture/execute/930529-1.c execution,  -O3 -fomit-frame-pointer -funroll-loops 
FAIL: gcc.c-torture/execute/930529-1.c execution,  -O3 -fomit-frame-pointer -funroll-all-loops -finline-functions 
FAIL: gcc.c-torture/execute/930529-1.c execution,  -O3 -g 
FAIL: gcc.c-torture/execute/990811-1.c compilation,  -O3 -fomit-frame-pointer 
FAIL: gcc.c-torture/execute/990811-1.c compilation,  -O3 -fomit-frame-pointer -funroll-loops 
FAIL: gcc.c-torture/execute/990811-1.c compilation,  -O3 -fomit-frame-pointer -funroll-all-loops -finline-functions 
FAIL: gcc.c-torture/execute/990811-1.c compilation,  -O3 -g 
FAIL: gcc.c-torture/execute/991202-3.c execution,  -O0 
FAIL: gcc.c-torture/execute/991202-3.c execution,  -O1 
FAIL: gcc.c-torture/execute/991202-3.c execution,  -O2 
FAIL: gcc.c-torture/execute/991202-3.c execution,  -O3 -fomit-frame-pointer 
FAIL: gcc.c-torture/execute/991202-3.c execution,  -O3 -g 
FAIL: gcc.c-torture/execute/991202-3.c execution,  -Os 
FAIL: gcc.c-torture/execute/ieee/fp-cmp-2.c execution,  -O0 
FAIL: gcc.c-torture/execute/ieee/fp-cmp-2.c execution,  -O1 
FAIL: gcc.c-torture/execute/ieee/fp-cmp-2.c execution,  -O2 
FAIL: gcc.c-torture/execute/ieee/fp-cmp-2.c execution,  -O3 -fomit-frame-pointer 
FAIL: gcc.c-torture/execute/ieee/fp-cmp-2.c execution,  -O3 -fomit-frame-pointer -funroll-loops 
FAIL: gcc.c-torture/execute/ieee/fp-cmp-2.c execution,  -O3 -fomit-frame-pointer -funroll-all-loops -finline-functions 
FAIL: gcc.c-torture/execute/ieee/fp-cmp-2.c execution,  -O3 -g 
FAIL: gcc.c-torture/execute/ieee/fp-cmp-2.c execution,  -Os 
FAIL: gcc.c-torture/execute/ieee/fp-cmp-4.c execution,  -O0 
FAIL: gcc.c-torture/execute/ieee/fp-cmp-4.c execution,  -O1 
FAIL: gcc.c-torture/execute/ieee/fp-cmp-4.c execution,  -O2 
FAIL: gcc.c-torture/execute/ieee/fp-cmp-4.c execution,  -O3 -fomit-frame-pointer 
FAIL: gcc.c-torture/execute/ieee/fp-cmp-4.c execution,  -O3 -fomit-frame-pointer -funroll-loops 
FAIL: gcc.c-torture/execute/ieee/fp-cmp-4.c execution,  -O3 -fomit-frame-pointer -funroll-all-loops -finline-functions 
FAIL: gcc.c-torture/execute/ieee/fp-cmp-4.c execution,  -O3 -g 
FAIL: gcc.c-torture/execute/ieee/fp-cmp-4.c execution,  -Os 
FAIL: gcc.c-torture/execute/ieee/mzero2.c execution,  -O0 
FAIL: gcc.c-torture/execute/ieee/mzero2.c execution,  -O1 
FAIL: gcc.c-torture/execute/ieee/mzero2.c execution,  -O2 
FAIL: gcc.c-torture/execute/ieee/mzero2.c execution,  -O3 -fomit-frame-pointer 
FAIL: gcc.c-torture/execute/ieee/mzero2.c execution,  -O3 -g 
FAIL: gcc.c-torture/execute/ieee/mzero2.c execution,  -Os 
XPASS: gcc.c-torture/execute/memcheck/blkarg.c execution,  -O0 
XPASS: gcc.c-torture/execute/memcheck/blkarg.c execution,  -O1 
XPASS: gcc.c-torture/execute/memcheck/blkarg.c execution,  -O2 
XPASS: gcc.c-torture/execute/memcheck/blkarg.c execution,  -Os 
FAIL: gcc.dg/unused-2.c (test for excess errors)

		=== gcc Summary for unix/-fpic ===

# of expected passes		9009
# of unexpected failures	39
# of unexpected successes	4
# of expected failures		28
# of unresolved testcases	7
# of unsupported tests		34

Running target unix
FAIL: gcc.c-torture/compile/20000105-1.c,  -O0  
FAIL: gcc.c-torture/compile/20000105-1.c,  -O1  
FAIL: gcc.c-torture/execute/930529-1.c execution,  -O3 -fomit-frame-pointer 
FAIL: gcc.c-torture/execute/930529-1.c execution,  -O3 -fomit-frame-pointer -funroll-loops 
FAIL: gcc.c-torture/execute/930529-1.c execution,  -O3 -fomit-frame-pointer -funroll-all-loops -finline-functions 
FAIL: gcc.c-torture/execute/930529-1.c execution,  -O3 -g 
FAIL: gcc.c-torture/execute/990811-1.c compilation,  -O3 -fomit-frame-pointer 
FAIL: gcc.c-torture/execute/990811-1.c compilation,  -O3 -fomit-frame-pointer -funroll-loops 
FAIL: gcc.c-torture/execute/990811-1.c compilation,  -O3 -fomit-frame-pointer -funroll-all-loops -finline-functions 
FAIL: gcc.c-torture/execute/990811-1.c compilation,  -O3 -g 
FAIL: gcc.c-torture/execute/991202-3.c execution,  -O0 
FAIL: gcc.c-torture/execute/991202-3.c execution,  -O1 
FAIL: gcc.c-torture/execute/991202-3.c execution,  -O2 
FAIL: gcc.c-torture/execute/991202-3.c execution,  -O3 -fomit-frame-pointer 
FAIL: gcc.c-torture/execute/991202-3.c execution,  -O3 -g 
FAIL: gcc.c-torture/execute/991202-3.c execution,  -Os 
FAIL: gcc.c-torture/execute/ieee/fp-cmp-2.c execution,  -O0 
FAIL: gcc.c-torture/execute/ieee/fp-cmp-2.c execution,  -O1 
FAIL: gcc.c-torture/execute/ieee/fp-cmp-2.c execution,  -O2 
FAIL: gcc.c-torture/execute/ieee/fp-cmp-2.c execution,  -O3 -fomit-frame-pointer 
FAIL: gcc.c-torture/execute/ieee/fp-cmp-2.c execution,  -O3 -fomit-frame-pointer -funroll-loops 
FAIL: gcc.c-torture/execute/ieee/fp-cmp-2.c execution,  -O3 -fomit-frame-pointer -funroll-all-loops -finline-functions 
FAIL: gcc.c-torture/execute/ieee/fp-cmp-2.c execution,  -O3 -g 
FAIL: gcc.c-torture/execute/ieee/fp-cmp-2.c execution,  -Os 
FAIL: gcc.c-torture/execute/ieee/fp-cmp-4.c execution,  -O0 
FAIL: gcc.c-torture/execute/ieee/fp-cmp-4.c execution,  -O1 
FAIL: gcc.c-torture/execute/ieee/fp-cmp-4.c execution,  -O2 
FAIL: gcc.c-torture/execute/ieee/fp-cmp-4.c execution,  -O3 -fomit-frame-pointer 
FAIL: gcc.c-torture/execute/ieee/fp-cmp-4.c execution,  -O3 -fomit-frame-pointer -funroll-loops 
FAIL: gcc.c-torture/execute/ieee/fp-cmp-4.c execution,  -O3 -fomit-frame-pointer -funroll-all-loops -finline-functions 
FAIL: gcc.c-torture/execute/ieee/fp-cmp-4.c execution,  -O3 -g 
FAIL: gcc.c-torture/execute/ieee/fp-cmp-4.c execution,  -Os 
FAIL: gcc.c-torture/execute/ieee/mzero2.c execution,  -O0 
FAIL: gcc.c-torture/execute/ieee/mzero2.c execution,  -O1 
FAIL: gcc.c-torture/execute/ieee/mzero2.c execution,  -O2 
FAIL: gcc.c-torture/execute/ieee/mzero2.c execution,  -O3 -fomit-frame-pointer 
FAIL: gcc.c-torture/execute/ieee/mzero2.c execution,  -O3 -g 
FAIL: gcc.c-torture/execute/ieee/mzero2.c execution,  -Os 
XPASS: gcc.c-torture/execute/memcheck/blkarg.c execution,  -O0 
XPASS: gcc.c-torture/execute/memcheck/blkarg.c execution,  -O1 
XPASS: gcc.c-torture/execute/memcheck/blkarg.c execution,  -O2 
XPASS: gcc.c-torture/execute/memcheck/blkarg.c execution,  -Os 
FAIL: gcc.dg/unused-2.c (test for excess errors)

		=== gcc Summary for unix ===

# of expected passes		9009
# of unexpected failures	39
# of unexpected successes	4
# of expected failures		28
# of unresolved testcases	7
# of unsupported tests		34

		=== gcc Summary ===

# of expected passes		27027
# of unexpected failures	117
# of unexpected successes	12
# of expected failures		84
# of unresolved testcases	21
# of unsupported tests		102
/usr/var/tmp/gcc-testing/build/gcc/xgcc version 2.96 20000127 (experimental)

		=== g++ tests ===


Running target unix/-fPIC
FAIL: g++.ext/attrib5.C (test for excess errors)
FAIL: g++.jason/thunk1.C (test for excess errors)
FAIL: g++.jason/thunk2.C (test for excess errors)
FAIL: g++.jason/thunk3.C (test for excess errors)
FAIL: g++.law/vtable2.C (test for excess errors)
FAIL: g++.mike/thunk1.C (test for excess errors)
FAIL: g++.oliva/template7.C caused compiler crash
FAIL: g++.oliva/thunk1.C (test for excess errors)
FAIL: g++.other/syntax1.C (test for excess errors)
FAIL: g++.other/syntax2.C (test for excess errors)
FAIL: g++.pt/dynarray.C (test for excess errors)
FAIL: g++.pt/static3.C (test for excess errors)
FAIL: g++.pt/static6.C (test for excess errors)

		=== g++ Summary for unix/-fPIC ===

# of expected passes		5665
# of unexpected failures	13
# of expected failures		97
# of untested testcases		18

Running target unix/-fpic
FAIL: g++.ext/attrib5.C (test for excess errors)
FAIL: g++.jason/thunk1.C (test for excess errors)
FAIL: g++.jason/thunk2.C (test for excess errors)
FAIL: g++.jason/thunk3.C (test for excess errors)
FAIL: g++.law/vtable2.C (test for excess errors)
FAIL: g++.mike/thunk1.C (test for excess errors)
FAIL: g++.oliva/template7.C caused compiler crash
FAIL: g++.oliva/thunk1.C (test for excess errors)
FAIL: g++.other/syntax1.C (test for excess errors)
FAIL: g++.other/syntax2.C (test for excess errors)
FAIL: g++.pt/dynarray.C (test for excess errors)
FAIL: g++.pt/static3.C (test for excess errors)
FAIL: g++.pt/static6.C (test for excess errors)

		=== g++ Summary for unix/-fpic ===

# of expected passes		5665
# of unexpected failures	13
# of expected failures		97
# of untested testcases		18

Running target unix
FAIL: g++.ext/attrib5.C (test for excess errors)
FAIL: g++.jason/thunk2.C (test for excess errors)
FAIL: g++.oliva/template7.C caused compiler crash
FAIL: g++.oliva/thunk1.C (test for excess errors)
FAIL: g++.other/syntax1.C (test for excess errors)
FAIL: g++.other/syntax2.C (test for excess errors)
FAIL: g++.pt/dynarray.C (test for excess errors)
FAIL: g++.pt/static3.C (test for excess errors)
FAIL: g++.pt/static6.C (test for excess errors)

		=== g++ Summary for unix ===

# of expected passes		5669
# of unexpected failures	9
# of expected failures		97
# of untested testcases		18

		=== g++ Summary ===

# of expected passes		16999
# of unexpected failures	35
# of expected failures		291
# of untested testcases		54
/usr/var/tmp/gcc-testing/build/gcc/testsuite/../g++ version 2.96 20000127 (experimental)

		=== g77 tests ===


Running target unix/-fPIC

		=== g77 Summary for unix/-fPIC ===

# of expected passes		664

Running target unix/-fpic

		=== g77 Summary for unix/-fpic ===

# of expected passes		664

Running target unix

		=== g77 Summary for unix ===

# of expected passes		664

		=== g77 Summary ===

# of expected passes		1992
		=== objc tests ===


Running target unix/-fPIC
FAIL: objc/execute/bf-10.m execution,  -O 
FAIL: objc/execute/bf-16.m execution,  -O 
FAIL: objc/execute/bf-17.m execution,  -O 

		=== objc Summary for unix/-fPIC ===

# of expected passes		35
# of unexpected failures	3

Running target unix/-fpic
FAIL: objc/execute/bf-10.m execution,  -O 
FAIL: objc/execute/bf-16.m execution,  -O 
FAIL: objc/execute/bf-17.m execution,  -O 

		=== objc Summary for unix/-fpic ===

# of expected passes		35
# of unexpected failures	3

Running target unix
FAIL: objc/execute/bf-10.m execution,  -O 
FAIL: objc/execute/bf-16.m execution,  -O 
FAIL: objc/execute/bf-17.m execution,  -O 

		=== objc Summary for unix ===

# of expected passes		35
# of unexpected failures	3

		=== objc Summary ===

# of expected passes		105
# of unexpected failures	9
/usr/var/tmp/gcc-testing/build/gcc/xgcc version 2.96 20000127 (experimental)


Compiler version: 2.96 20000127 (experimental) 
Platform: alphaev5-dec-osf4.0b
configure flags: --with-gcc-version-trigger=/usr/var/tmp/gcc-testing/egcs-CVS20000127/gcc/version.c --host=alphaev5-dec-osf4.0b --verbose --norecursion


More information about the Gcc-testresults mailing list