Results for 2.96 20000124 (experimental) testsuite on sparc-unknown-linux-gnu

Alexandre Oliva oliva@lsd.ic.unicamp.br
Tue Jan 25 23:16:00 GMT 2000


Native configuration is sparc-unknown-linux-gnu

		=== g++ tests ===


Running target unix

		=== g++ Summary ===

# of expected passes		5679
# of expected failures		97
# of untested testcases		17
/tmp/egcs/gcc/testsuite/../g++ version 2.96 20000124 (experimental)

		=== g77 tests ===


Running target unix

		=== g77 Summary ===

# of expected passes		664
		=== gcc tests ===


Running target unix
FAIL: gcc.c-torture/compile/991229-3.c,  -O3 -fomit-frame-pointer -funroll-loops  
FAIL: gcc.c-torture/compile/991229-3.c,  -O3 -fomit-frame-pointer -funroll-all-loops -finline-functions  
FAIL: gcc.c-torture/compile/20000105-1.c,  -O0  
FAIL: gcc.c-torture/compile/20000105-1.c,  -O1  
FAIL: gcc.c-torture/execute/980205.c execution,  -O0 
FAIL: gcc.c-torture/execute/991202-3.c execution,  -O0 
FAIL: gcc.c-torture/execute/991202-3.c execution,  -O1 
FAIL: gcc.c-torture/execute/991202-3.c execution,  -O2 
FAIL: gcc.c-torture/execute/991202-3.c execution,  -O3 -fomit-frame-pointer 
FAIL: gcc.c-torture/execute/991202-3.c execution,  -O3 -g 
FAIL: gcc.c-torture/execute/991202-3.c execution,  -Os 
FAIL: gcc.c-torture/execute/991221-1.c execution,  -O1 
FAIL: gcc.c-torture/execute/991221-1.c execution,  -O2 
FAIL: gcc.c-torture/execute/991221-1.c execution,  -O3 -fomit-frame-pointer 
FAIL: gcc.c-torture/execute/991221-1.c execution,  -O3 -g 
FAIL: gcc.c-torture/execute/991221-1.c execution,  -Os 
FAIL: gcc.c-torture/execute/ieee/fp-cmp-4.c compilation,  -O0 
FAIL: gcc.c-torture/execute/ieee/fp-cmp-4.c compilation,  -O1 
FAIL: gcc.c-torture/execute/ieee/fp-cmp-4.c compilation,  -O2 
FAIL: gcc.c-torture/execute/ieee/fp-cmp-4.c compilation,  -O3 -fomit-frame-pointer 
FAIL: gcc.c-torture/execute/ieee/fp-cmp-4.c compilation,  -O3 -fomit-frame-pointer -funroll-loops 
FAIL: gcc.c-torture/execute/ieee/fp-cmp-4.c compilation,  -O3 -fomit-frame-pointer -funroll-all-loops -finline-functions 
FAIL: gcc.c-torture/execute/ieee/fp-cmp-4.c compilation,  -O3 -g 
FAIL: gcc.c-torture/execute/ieee/fp-cmp-4.c compilation,  -Os 
FAIL: gcc.dg/20000111-1.c (test for excess errors)

		=== gcc Summary ===

# of expected passes		9026
# of unexpected failures	25
# of expected failures		32
# of unresolved testcases	8
# of unsupported tests		31
/tmp/egcs/gcc/xgcc version 2.96 20000124 (experimental)

		=== libio tests ===


Running target unix

		=== libio Summary ===

# of expected passes		40
		=== libstdc++ tests ===


Running target unix

		=== libstdc++ Summary ===

# of expected passes		30
		=== objc tests ===


Running target unix
FAIL: objc/execute/bf-1.m compilation,  -O 
FAIL: objc/execute/bf-10.m compilation,  -O 
FAIL: objc/execute/bf-11.m compilation,  -O 
FAIL: objc/execute/bf-12.m compilation,  -O 
FAIL: objc/execute/bf-13.m compilation,  -O 
FAIL: objc/execute/bf-14.m compilation,  -O 
FAIL: objc/execute/bf-15.m compilation,  -O 
FAIL: objc/execute/bf-16.m compilation,  -O 
FAIL: objc/execute/bf-17.m compilation,  -O 
FAIL: objc/execute/bf-18.m compilation,  -O 
FAIL: objc/execute/bf-19.m compilation,  -O 
FAIL: objc/execute/bf-2.m compilation,  -O 
FAIL: objc/execute/bf-3.m compilation,  -O 
FAIL: objc/execute/bf-4.m compilation,  -O 
FAIL: objc/execute/bf-5.m compilation,  -O 
FAIL: objc/execute/bf-6.m compilation,  -O 
FAIL: objc/execute/bf-7.m compilation,  -O 
FAIL: objc/execute/bf-8.m compilation,  -O 
FAIL: objc/execute/bf-9.m compilation,  -O 

		=== objc Summary ===

# of unexpected failures	19
# of untested testcases		19
/tmp/egcs/gcc/xgcc version 2.96 20000124 (experimental)


Compiler version: 2.96 20000124 (experimental) 
Platform: sparc-unknown-linux-gnu

BOOT_CFLAGS: standard

Counting all warnings,
there are 229 warnings in stage3 of this bootstrap.

Number of warnings per file:
     35	/home/lsd/oliva/src/egcs/gcc/longlong.h
     19	/home/lsd/oliva/src/egcs/gcc/libgcc2.c
     17	/home/lsd/oliva/src/egcs/gcc/cp/typeck.c
     14	/home/lsd/oliva/src/egcs/gcc/f/global.c
     12	cc1plus
     12	/home/lsd/oliva/src/egcs/gcc/java/lex.c
     10	/home/lsd/oliva/src/egcs/gcc/f/storag.c
      8	/home/lsd/oliva/src/egcs/gcc/f/lex.c
      8	/home/lsd/oliva/src/egcs/gcc/f/equiv.c
      6	/home/lsd/oliva/src/egcs/gcc/f/expr.c
      6	/home/lsd/oliva/src/egcs/gcc/dwarf2out.c
      6	/home/lsd/oliva/src/egcs/gcc/bitmap.c
      6	./parse.y
      5	/home/lsd/oliva/src/egcs/gcc/final.c
      5	/home/lsd/oliva/src/egcs/gcc/expr.c
      4	cexp.y
      4	/home/lsd/oliva/src/egcs/gcc/f/ste.c
      4	/home/lsd/oliva/src/egcs/gcc/combine.c
      3	insn-output.c
      3	/home/lsd/oliva/src/egcs/gcc/cccp.c
      3	/home/lsd/oliva/src/egcs/gcc/c-typeck.c
      2	str-ot.j
      2	str-1t.j
      2	/home/lsd/oliva/src/egcs/gcc/reload1.c
      2	/home/lsd/oliva/src/egcs/gcc/function.c
      2	/home/lsd/oliva/src/egcs/gcc/fold-const.c
      2	/home/lsd/oliva/src/egcs/gcc/f/symbol.c
      2	/home/lsd/oliva/src/egcs/gcc/f/std.c
      2	/home/lsd/oliva/src/egcs/gcc/f/com.c
      2	/home/lsd/oliva/src/egcs/gcc/f/bad.c
      2	/home/lsd/oliva/src/egcs/gcc/cp/call.c
      2	/home/lsd/oliva/src/egcs/gcc/config/sparc/sparc.c
      1	str-op.j
      1	str-nq.j
      1	str-io.j
      1	str-fo.j
      1	str-2t.j
      1	/home/lsd/oliva/src/egcs/gcc/varasm.c
      1	/home/lsd/oliva/src/egcs/gcc/unroll.c
      1	/home/lsd/oliva/src/egcs/gcc/stor-layout.c
      1	/home/lsd/oliva/src/egcs/gcc/stmt.c
      1	/home/lsd/oliva/src/egcs/gcc/reload.c
      1	/home/lsd/oliva/src/egcs/gcc/optabs.c
      1	/home/lsd/oliva/src/egcs/gcc/gcov-io.h
      1	/home/lsd/oliva/src/egcs/gcc/gcc.c
      1	/home/lsd/oliva/src/egcs/gcc/frame.c
      1	/home/lsd/oliva/src/egcs/gcc/cp/error.c
      1	/home/lsd/oliva/src/egcs/gcc/cp/decl.c
      1	/home/lsd/oliva/src/egcs/gcc/collect2.c

Number of warning types:
     89	Use of ANSI string concatenation
     35	macro arg `???' would be stringified with -traditional.
     16	comparison between signed and unsigned
     14	signed and unsigned type in conditional expression
     14	format not a string literal, argument types not checked
     14	`long' switch expression not converted to `int' in ANSI C
     12	variable `???' might be clobbered by `longjmp' or `vfork'
     12	Ignoring command line option '-Wtraditional'
      6	??? format, ??? arg (arg ???)
      4	`???' might be used uninitialized in this function
      3	unused variable `???'
      3	control reaches end of non-void function
      2	implicit declaration of function `???'
      2	function `???' was previously declared within a block
      1	passing arg ??? of `???' discards qualifiers from pointer target type
      1	assignment makes pointer from integer without a cast
      1	`???' defined but not used


More information about the Gcc-testresults mailing list