Results for 2.96 20000123 (experimental) testsuite on sparc-sun-solaris2.6

Theodore Papadopoulo Theodore.Papadopoulo@sophia.inria.fr
Sun Jan 23 21:17:00 GMT 2000


Native configuration is sparc-sun-solaris2.6

		=== libio tests ===


Running target unix
FAIL: tFile.cc execution 
FAIL: tFile.cc execution -b0
FAIL: tFile.cc execution -b3
FAIL: tfformat.c execution 

		=== libio Summary ===

# of expected passes		33
# of unexpected failures	4
# of expected failures		4
		=== libstdc++ tests ===


Running target unix

		=== libstdc++ Summary ===

# of expected passes		30
		=== gcc tests ===


Running target unix
FAIL: gcc.c-torture/compile/20000105-1.c,  -O0  
FAIL: gcc.c-torture/compile/20000105-1.c,  -O1  
FAIL: gcc.c-torture/compile/991229-3.c,  -O3 -fomit-frame-pointer -funroll-loops  
FAIL: gcc.c-torture/compile/991229-3.c,  -O3 -fomit-frame-pointer -funroll-all-loops -finline-functions  
FAIL: gcc.c-torture/execute/980205.c execution,  -O0 
FAIL: gcc.c-torture/execute/991202-3.c execution,  -O0 
FAIL: gcc.c-torture/execute/991202-3.c execution,  -O1 
FAIL: gcc.c-torture/execute/991202-3.c execution,  -O2 
FAIL: gcc.c-torture/execute/991202-3.c execution,  -O3 -fomit-frame-pointer 
FAIL: gcc.c-torture/execute/991202-3.c execution,  -O3 -g 
FAIL: gcc.c-torture/execute/991202-3.c execution,  -Os 
FAIL: gcc.c-torture/execute/991221-1.c execution,  -O1 
FAIL: gcc.c-torture/execute/991221-1.c execution,  -O2 
FAIL: gcc.c-torture/execute/991221-1.c execution,  -O3 -fomit-frame-pointer 
FAIL: gcc.c-torture/execute/991221-1.c execution,  -O3 -g 
FAIL: gcc.c-torture/execute/991221-1.c execution,  -Os 
FAIL: gcc.dg/20000111-1.c (test for excess errors)
FAIL: gcc.dg/ultrasp1.c (test for excess errors)

		=== gcc Summary ===

# of expected passes		9025
# of unexpected failures	18
# of expected failures		32
# of unsupported tests		31
/1/egcs/egcs-solaris/gcc/xgcc version 2.96 20000123 (experimental)

		=== g++ tests ===


Running target unix
FAIL: g++.jason/scoping10.C hidden (test for errors, line 12)
FAIL: g++.ns/lookup5.C A::f is not found (test for errors, line 15)
FAIL: g++.ns/overload3.C too many arguments (test for errors, line 18)
FAIL: g++.other/vaarg3.C promote (test for errors, line 26)

		=== g++ Summary ===

# of expected passes		5677
# of unexpected failures	4
# of expected failures		96
# of untested testcases		16
/1/egcs/egcs-solaris/gcc/testsuite/../xgcc version 2.96 20000123 (experimental)

		=== g77 tests ===


Running target unix

		=== g77 Summary ===

# of expected passes		664
		=== objc tests ===


Running target unix
FAIL: objc/execute/bf-1.m compilation,  -O 
FAIL: objc/execute/bf-10.m compilation,  -O 
FAIL: objc/execute/bf-11.m compilation,  -O 
FAIL: objc/execute/bf-12.m compilation,  -O 
FAIL: objc/execute/bf-13.m compilation,  -O 
FAIL: objc/execute/bf-14.m compilation,  -O 
FAIL: objc/execute/bf-15.m compilation,  -O 
FAIL: objc/execute/bf-16.m compilation,  -O 
FAIL: objc/execute/bf-17.m compilation,  -O 
FAIL: objc/execute/bf-18.m compilation,  -O 
FAIL: objc/execute/bf-19.m compilation,  -O 
FAIL: objc/execute/bf-2.m compilation,  -O 
FAIL: objc/execute/bf-3.m compilation,  -O 
FAIL: objc/execute/bf-4.m compilation,  -O 
FAIL: objc/execute/bf-5.m compilation,  -O 
FAIL: objc/execute/bf-6.m compilation,  -O 
FAIL: objc/execute/bf-7.m compilation,  -O 
FAIL: objc/execute/bf-8.m compilation,  -O 
FAIL: objc/execute/bf-9.m compilation,  -O 

		=== objc Summary ===

# of unexpected failures	19
# of untested testcases		19
/1/egcs/egcs-solaris/gcc/xgcc version 2.96 20000123 (experimental)


Compiler version: 2.96 20000123 (experimental) 
Platform: sparc-sun-solaris2.6
configure flags: --with-gcc-version-trigger=/1/egcs/egcs/gcc/version.c --host=sparc-sun-solaris2.6 --srcdir=../egcs --prefix=/net/home/robotvis/gnu/egcs --enable-threads=posix --with-gnu-as --with-gnu-ld --with-as=/net/home/robotvis/gnu/binutils/bin/as --with-ld=/net/home/robotvis/gnu/binutils/bin/ld --norecursion
Counting all warnings,
there are 263 warnings in stage3 of this bootstrap.

Number of warnings per file:
  35 ../../egcs/gcc/longlong.h
  20 ../../egcs/gcc/libgcc2.c
  17 ../../../egcs/gcc/cp/typeck.c
  17 ../../../egcs/gcc/cp/search.c
  14 ../../../egcs/gcc/f/global.c
  12 cc1plus
  12 ../../../egcs/gcc/java/lex.c
  10 ../../../egcs/gcc/f/storag.c
   8 ../../../egcs/gcc/f/lex.c
   8 ../../../egcs/gcc/f/equiv.c
   8 ../../../egcs/gcc/cp/class.c
   7 ../../egcs/gcc/frame.c
   6 ./parse.y
   6 ../../egcs/gcc/bitmap.c
   6 ../../../egcs/gcc/f/expr.c
   5 ../../egcs/gcc/final.c
   5 ../../egcs/gcc/expr.c
   5 ../../../egcs/gcc/cp/decl.c
   4 cexp.y
   4 ../../egcs/gcc/combine.c
   4 ../../../egcs/gcc/f/ste.c
   3 insn-output.c
   3 ../../egcs/gcc/cccp.c
   3 ../../egcs/gcc/c-typeck.c
   2 str-ot.j
   2 str-1t.j
   2 ../../egcs/gcc/reload1.c
   2 ../../egcs/gcc/function.c
   2 ../../egcs/gcc/fold-const.c
   2 ../../egcs/gcc/config/sparc/sparc.c
   2 ../../../egcs/gcc/f/symbol.c
   2 ../../../egcs/gcc/f/std.c
   2 ../../../egcs/gcc/f/com.c
   2 ../../../egcs/gcc/f/bad.c
   1 str-op.j
   1 str-nq.j
   1 str-io.j
   1 str-fo.j
   1 str-2t.j
   1 ../../egcs/gcc/varasm.c
   1 ../../egcs/gcc/unroll.c
   1 ../../egcs/gcc/stor-layout.c
   1 ../../egcs/gcc/stmt.c
   1 ../../egcs/gcc/reload.c
   1 ../../egcs/gcc/optabs.c
   1 ../../egcs/gcc/gcov-io.h
   1 ../../egcs/gcc/gcc.c
   1 ../../egcs/gcc/cppinit.c
   1 ../../egcs/gcc/cp/exception.cc
   1 ../../egcs/gcc/collect2.c
   1 ../../../egcs/gcc/cp/tree.c
   1 ../../../egcs/gcc/cp/rtti.c
   1 ../../../egcs/gcc/cp/pt.c
   1 ../../../egcs/gcc/cp/init.c
   1 ../../../egcs/gcc/cp/error.c

Number of warning types:
  89 Use of ANSI string concatenation
  45 signed and unsigned type in conditional expression
  35 macro arg `???' would be stringified with -traditional.
  16 comparison between signed and unsigned
  15 format not a string literal, argument types not checked
  14 `long' switch expression not converted to `int' in ANSI C
  12 variable `???' might be clobbered by `longjmp' or `vfork'
  12 Ignoring command line option '-Wtraditional'
   5 `???' might be used uninitialized in this function
   5 (near initialization for `???')
   4 unused variable `???'
   3 missing braces around initializer
   3 control reaches end of non-void function
   2 missing initializer
   1 passing arg ??? of `???' discards qualifiers from pointer target type
   1 assignment discards qualifiers from pointer target type
   1 `???' defined but not used


More information about the Gcc-testresults mailing list