Results for 2.96 20000117 (experimental) testsuite on mips-sgi-irix5.2

Alexandre Oliva oliva@lsd.ic.unicamp.br
Thu Jan 20 20:54:00 GMT 2000


Native configuration is mips-sgi-irix5.2

		=== g++ tests ===


Running target unix
FAIL: g++.ext/attrib5.C (test for excess errors)
FAIL: g++.other/new3.C  Execution test
FAIL: g++.other/vaarg1.C (test for excess errors)
FAIL: g++.pt/static3.C (test for excess errors)
FAIL: g++.pt/static6.C (test for excess errors)
FAIL: g++.robertl/eb109.C candidates (test for errors, line 20)
FAIL: g++.robertl/eb109.C no size function (test for errors, line 42)
FAIL: g++.robertl/eb109.C no index operator (test for errors, line 44)
FAIL: g++.robertl/eb109.C no index operator (test for errors, line 48)
FAIL: g++.robertl/eb109.C no index operator (test for errors, line 49)
FAIL: g++.robertl/eb109.C no index operator (test for errors, line 54)
FAIL: g++.robertl/eb109.C no bool constructor (test for errors, line 65)
FAIL: g++.robertl/eb109.C (test for excess errors)
FAIL: g++.robertl/eb130.C (test for excess errors)
FAIL: g++.robertl/eb132.C (test for excess errors)
FAIL: g++.robertl/eb41.C (test for excess errors)
FAIL: g++.robertl/eb73.C (test for excess errors)
FAIL: g++.robertl/eb91.C (test for excess errors)

		=== g++ Summary ===

# of expected passes		5650
# of unexpected failures	18
# of expected failures		105
# of untested testcases		18
/tmp/egcs/gcc/testsuite/../xgcc version 2.96 20000117 (experimental)

		=== g77 tests ===


Running target unix

		=== g77 Summary ===

# of expected passes		664
		=== gcc tests ===


Running target unix
FAIL: gcc.c-torture/compile/950612-1.c,  -O0  
FAIL: gcc.c-torture/compile/991127-1.c,  -O2  
FAIL: gcc.c-torture/compile/991127-1.c,  -Os  
FAIL: gcc.c-torture/compile/991213-2.c,  -O2  
FAIL: gcc.c-torture/compile/991213-2.c,  -O3 -fomit-frame-pointer  
FAIL: gcc.c-torture/compile/991213-2.c,  -O3 -fomit-frame-pointer -funroll-loops  
FAIL: gcc.c-torture/compile/991213-2.c,  -O3 -fomit-frame-pointer -funroll-all-loops -finline-functions  
FAIL: gcc.c-torture/compile/991213-2.c,  -O3 -g  
FAIL: gcc.c-torture/compile/991213-2.c,  -Os  
FAIL: gcc.c-torture/compile/991229-3.c,  -O3 -fomit-frame-pointer -funroll-loops  
FAIL: gcc.c-torture/compile/991229-3.c,  -O3 -fomit-frame-pointer -funroll-all-loops -finline-functions  
FAIL: gcc.c-torture/compile/20000105-1.c,  -O1  
FAIL: gcc.c-torture/execute/950607-2.c compilation,  -O0 
FAIL: gcc.c-torture/execute/950704-1.c compilation,  -O0 
FAIL: gcc.c-torture/execute/991202-3.c execution,  -O0 
FAIL: gcc.c-torture/execute/991202-3.c execution,  -O1 
FAIL: gcc.c-torture/execute/991202-3.c execution,  -O2 
FAIL: gcc.c-torture/execute/991202-3.c execution,  -O3 -fomit-frame-pointer 
FAIL: gcc.c-torture/execute/991202-3.c execution,  -O3 -g 
FAIL: gcc.c-torture/execute/991202-3.c execution,  -Os 
FAIL: gcc.c-torture/execute/991221-1.c execution,  -O1 
FAIL: gcc.c-torture/execute/991221-1.c execution,  -O2 
FAIL: gcc.c-torture/execute/991221-1.c execution,  -O3 -fomit-frame-pointer 
FAIL: gcc.c-torture/execute/991221-1.c execution,  -O3 -g 
FAIL: gcc.c-torture/execute/991221-1.c execution,  -Os 
FAIL: gcc.c-torture/execute/memcpy-bi.c compilation,  -O3 -fomit-frame-pointer 
FAIL: gcc.c-torture/execute/memcpy-bi.c compilation,  -O3 -fomit-frame-pointer -funroll-loops 
FAIL: gcc.c-torture/execute/memcpy-bi.c compilation,  -O3 -fomit-frame-pointer -funroll-all-loops -finline-functions 
FAIL: gcc.c-torture/execute/memcpy-bi.c compilation,  -O3 -g 
FAIL: gcc.c-torture/execute/tstdi-1.c compilation,  -O0 
XPASS: gcc.c-torture/execute/memcheck/blkarg.c execution,  -O0 
XPASS: gcc.c-torture/execute/memcheck/blkarg.c execution,  -O1 
XPASS: gcc.c-torture/execute/memcheck/blkarg.c execution,  -O2 
XPASS: gcc.c-torture/execute/memcheck/blkarg.c execution,  -Os 
FAIL: gcc.c-torture/unsorted/cc.c,  -O0  
FAIL: gcc.dg/20000111-1.c (test for excess errors)
FAIL: gcc.dg/special/weak-1.c (test for excess errors)
FAIL: gcc.dg/special/weak-1.c execution test
FAIL: gcc.dg/special/weak-2.c (test for excess errors)
FAIL: gcc.dg/special/weak-2.c execution test
FAIL: alias-1.c
FAIL: wkali-1.c
FAIL: wkali-2a.o

		=== gcc Summary ===

# of expected passes		8963
# of unexpected failures	39
# of unexpected successes	4
# of expected failures		28
# of unresolved testcases	7
# of unsupported tests		32
/tmp/egcs/gcc/xgcc version 2.96 20000117 (experimental)

		=== libg++ tests ===


Running target unix
FAIL: tBag.cc compilation
FAIL: tBitString.cc compilation
FAIL: tRational.cc compilation
FAIL: tFile.cc compilation
FAIL: tInteger.cc compilation
FAIL: tMap.cc compilation
FAIL: tPQ.cc compilation
FAIL: tPlex.cc compilation
FAIL: tSet.cc compilation
FAIL: tString.cc compilation

		=== libg++ Summary ===

# of expected passes		42
# of unexpected failures	10
# of expected failures		20
		=== libio tests ===


Running target unix
FAIL: tFile.cc compilation 
FAIL: tFile.cc compilation -b0
FAIL: tFile.cc compilation -b3
FAIL: tfformat.c compilation 
FAIL: tiformat.c compilation 
FAIL: tiomisc.cc compilation 

		=== libio Summary ===

# of expected passes		24
# of unexpected failures	6
# of expected failures		10
		=== libstdc++ tests ===


Running target unix
FAIL: tcomplex.cc -O compilation
FAIL: tlist.cc compilation
FAIL: tlist.cc -O compilation
FAIL: tmap.cc compilation
FAIL: tmap.cc -O compilation
FAIL: tstring.cc compilation
FAIL: tstring.cc -O compilation
FAIL: tvector.cc compilation
FAIL: tvector.cc -O compilation

		=== libstdc++ Summary ===

# of expected passes		3
# of unexpected failures	9
# of expected failures		18
		=== objc tests ===


Running target unix

		=== objc Summary ===

# of expected passes		38
/tmp/egcs/gcc/xgcc version 2.96 20000117 (experimental)


Compiler version: 2.96 20000117 (experimental) 
Platform: mips-sgi-irix5.2

BOOT_CFLAGS: -g -O9 -W -Wall

Counting all warnings,
there are 187 warnings in stage3 of this bootstrap.

Number of warnings per file:
     17	/home/phd/oliva/src/egcs/gcc/cp/search.c
     14	/home/phd/oliva/src/egcs/gcc/f/global.c
     12	/home/phd/oliva/src/egcs/gcc/java/lex.c
     10	/home/phd/oliva/src/egcs/gcc/f/storag.c
     10	/home/phd/oliva/src/egcs/gcc/config/mips/mips.md
      8	/home/phd/oliva/src/egcs/gcc/f/lex.c
      8	/home/phd/oliva/src/egcs/gcc/f/equiv.c
      8	/home/phd/oliva/src/egcs/gcc/cp/class.c
      6	/home/phd/oliva/src/egcs/gcc/f/expr.c
      6	/home/phd/oliva/src/egcs/gcc/bitmap.c
      6	./parse.y
      5	/home/phd/oliva/src/egcs/gcc/varasm.c
      5	/home/phd/oliva/src/egcs/gcc/final.c
      5	/home/phd/oliva/src/egcs/gcc/expr.c
      5	/home/phd/oliva/src/egcs/gcc/cp/decl.c
      5	/home/phd/oliva/src/egcs/gcc/config/mips/mips.c
      5	/home/phd/oliva/src/egcs/gcc/combine.c
      4	cexp.y
      4	/home/phd/oliva/src/egcs/gcc/function.c
      4	/home/phd/oliva/src/egcs/gcc/f/ste.c
      3	/home/phd/oliva/src/egcs/gcc/cccp.c
      3	/home/phd/oliva/src/egcs/gcc/c-typeck.c
      2	str-ot.j
      2	str-1t.j
      2	/home/phd/oliva/src/egcs/gcc/fold-const.c
      2	/home/phd/oliva/src/egcs/gcc/f/symbol.c
      2	/home/phd/oliva/src/egcs/gcc/f/std.c
      2	/home/phd/oliva/src/egcs/gcc/f/com.c
      2	/home/phd/oliva/src/egcs/gcc/f/bad.c
      2	/home/phd/oliva/src/egcs/gcc/builtins.c
      1	str-op.j
      1	str-nq.j
      1	str-io.j
      1	str-fo.j
      1	str-2t.j
      1	/home/phd/oliva/src/egcs/gcc/unroll.c
      1	/home/phd/oliva/src/egcs/gcc/stor-layout.c
      1	/home/phd/oliva/src/egcs/gcc/sdbout.c
      1	/home/phd/oliva/src/egcs/gcc/reload1.c
      1	/home/phd/oliva/src/egcs/gcc/reload.c
      1	/home/phd/oliva/src/egcs/gcc/optabs.c
      1	/home/phd/oliva/src/egcs/gcc/gcc.c
      1	/home/phd/oliva/src/egcs/gcc/cppinit.c
      1	/home/phd/oliva/src/egcs/gcc/cp/tree.c
      1	/home/phd/oliva/src/egcs/gcc/cp/pt.c
      1	/home/phd/oliva/src/egcs/gcc/cp/init.c
      1	/home/phd/oliva/src/egcs/gcc/cp/error.c
      1	/home/phd/oliva/src/egcs/gcc/collect2.c

Number of warning types:
     57	Use of ANSI string concatenation
     51	signed and unsigned type in conditional expression
     19	comparison between signed and unsigned
     17	format not a string literal, argument types not checked
     14	`long' switch expression not converted to `int' in ANSI C
     12	variable `???' might be clobbered by `longjmp' or `vfork'
      6	operand 1 missing mode?
      4	operand 0 missing mode?
      3	`???' might be used uninitialized in this function
      1	unused variable `???'
      1	unused parameter `???'
      1	passing arg ??? of `???' discards qualifiers from pointer target type
      1	assignment discards qualifiers from pointer target type


More information about the Gcc-testresults mailing list