Results for 2.96 20000119 (experimental) testsuite on alphaev6-unknown-linux-gnu

Brad Lucier lucier@popov.math.purdue.edu
Wed Jan 19 15:04:00 GMT 2000


Native configuration is alphaev6-unknown-linux-gnu

		=== libio tests ===


Running target unix

		=== libio Summary ===

# of expected passes		40
		=== libstdc++ tests ===


Running target unix
FAIL: tstring.cc -O execution

		=== libstdc++ Summary ===

# of expected passes		28
# of unexpected failures	1
# of expected failures		1
		=== gcc tests ===


Running target unix
FAIL: gcc.c-torture/compile/20000105-1.c,  -O0  
FAIL: gcc.c-torture/compile/20000105-1.c,  -O1  
FAIL: gcc.c-torture/execute/930529-1.c execution,  -O3 -fomit-frame-pointer 
FAIL: gcc.c-torture/execute/930529-1.c execution,  -O3 -fomit-frame-pointer -funroll-loops 
FAIL: gcc.c-torture/execute/930529-1.c execution,  -O3 -fomit-frame-pointer -funroll-all-loops -finline-functions 
FAIL: gcc.c-torture/execute/930529-1.c execution,  -O3 -g 
FAIL: gcc.c-torture/execute/991202-3.c execution,  -O0 
FAIL: gcc.c-torture/execute/991202-3.c execution,  -O1 
FAIL: gcc.c-torture/execute/991202-3.c execution,  -O2 
FAIL: gcc.c-torture/execute/991202-3.c execution,  -O3 -fomit-frame-pointer 
FAIL: gcc.c-torture/execute/991202-3.c execution,  -O3 -g 
FAIL: gcc.c-torture/execute/991202-3.c execution,  -Os 
FAIL: gcc.c-torture/execute/ieee/rbug.c execution,  -O0 
FAIL: gcc.c-torture/execute/ieee/rbug.c execution,  -O1 
FAIL: gcc.c-torture/execute/ieee/rbug.c execution,  -O2 
FAIL: gcc.c-torture/execute/ieee/rbug.c execution,  -O3 -fomit-frame-pointer 
FAIL: gcc.c-torture/execute/ieee/rbug.c execution,  -O3 -g 
FAIL: gcc.c-torture/execute/ieee/rbug.c execution,  -Os 
XPASS: gcc.c-torture/execute/memcheck/blkarg.c execution,  -O0 
XPASS: gcc.c-torture/execute/memcheck/blkarg.c execution,  -O1 
XPASS: gcc.c-torture/execute/memcheck/blkarg.c execution,  -O2 
XPASS: gcc.c-torture/execute/memcheck/blkarg.c execution,  -Os 
FAIL: gcc.dg/20000111-1.c (test for excess errors)

		=== gcc Summary ===

# of expected passes		8995
# of unexpected failures	19
# of unexpected successes	4
# of expected failures		28
# of unsupported tests		31
/export/u11/lucier/programs/egcs/objdir/gcc/xgcc version 2.96 20000119 (experimental)

		=== g++ tests ===


Running target unix
FAIL: g++.bugs/900121_01.C causes abort (test for errors, line 13)
FAIL: g++.bugs/900214_01.C also illegal (test for errors, line 16)
FAIL: g++.eh/catch1.C undefined type (test for errors, line 13)
FAIL: g++.eh/catch1.C undefined type (test for errors, line 15)
FAIL: g++.eh/spec6.C invalid use of undefined type (test for errors, line 11)
FAIL: g++.eh/spec6.C invalid use of undefined type (test for errors, line 12)
FAIL: g++.eh/spec6.C invalid use of undefined tyoe (test for errors, line 13)
FAIL: g++.jason/scoping10.C hidden (test for errors, line 12)
FAIL: g++.mike/p7868.C undefined (test for errors, line 8)
FAIL: g++.mike/p7868.C undefined (test for errors, line 15)
FAIL: g++.ns/lookup5.C A::f is not found (test for errors, line 15)
FAIL: g++.ns/overload3.C too many arguments (test for errors, line 18)
FAIL: g++.oliva/template7.C caused compiler crash
FAIL: g++.other/vaarg3.C incomplete (test for errors, line 21)
FAIL: g++.pt/typename8.C undefined type (test for errors, line 6)
FAIL: g++.pt/typename8.C undefined type (test for errors, line 8)
FAIL: g++.pt/typename8.C undefined type (test for errors, line 11)
FAIL: g++.pt/typename8.C undefined type (test for errors, line 15)
FAIL: g++.robertl/ice990323-1.C invalid use of undefined type (test for errors, line 8)

		=== g++ Summary ===

# of expected passes		5658
# of unexpected failures	19
# of expected failures		96
# of untested testcases		18
/export/u11/lucier/programs/egcs/objdir/gcc/testsuite/../xgcc version 2.96 20000119 (experimental)

		=== g77 tests ===


Running target unix

		=== g77 Summary ===

# of expected passes		664
		=== objc tests ===


Running target unix
FAIL: objc/execute/bf-10.m execution,  -O 
FAIL: objc/execute/bf-16.m execution,  -O 
FAIL: objc/execute/bf-17.m execution,  -O 

		=== objc Summary ===

# of expected passes		35
# of unexpected failures	3
/export/u11/lucier/programs/egcs/objdir/gcc/xgcc version 2.96 20000119 (experimental)


Compiler version: 2.96 20000119 (experimental) 
Platform: alphaev6-unknown-linux-gnu
configure flags: --with-gcc-version-trigger=/export/u11/lucier/programs/egcs/gcc/version.c --host=alphaev6-unknown-linux-gnu --prefix=/export/u10/egcs-test --norecursion
Counting all warnings,
there are 195 warnings in stage3 of this bootstrap.

Number of warnings per file:
     21	../../../gcc/cp/typeck.c
     17	../../../gcc/cp/search.c
     14	../../../gcc/f/global.c
     12	../../../gcc/java/lex.c
     10	../../../gcc/f/storag.c
      8	class.c
      8	../../../gcc/f/lex.c
      8	../../../gcc/f/equiv.c
      6	./parse.y
      6	../../gcc/final.c
      6	../../gcc/bitmap.c
      6	../../../gcc/f/expr.c
      5	../../gcc/expr.c
      5	../../gcc/config/alpha/alpha.c
      5	../../gcc/combine.c
      5	../../../gcc/cp/decl.c
      4	cexp.y
      4	../../../gcc/f/ste.c
      3	../../gcc/cccp.c
      3	../../gcc/c-typeck.c
      2	str-ot.j
      2	str-1t.j
      2	insn-recog.c
      2	../../gcc/gcc.c
      2	../../gcc/function.c
      2	../../gcc/fold-const.c
      2	../../../gcc/f/symbol.c
      2	../../../gcc/f/std.c
      2	../../../gcc/f/com.c
      2	../../../gcc/f/bad.c
      1	str-op.j
      1	str-nq.j
      1	str-io.j
      1	str-fo.j
      1	str-2t.j
      1	../../gcc/varasm.c
      1	../../gcc/unroll.c
      1	../../gcc/stor-layout.c
      1	../../gcc/stmt.c
      1	../../gcc/reload1.c
      1	../../gcc/reload.c
      1	../../gcc/optabs.c
      1	../../gcc/gcov-io.h
      1	../../gcc/collect2.c
      1	../../../gcc/cp/tree.c
      1	../../../gcc/cp/rtti.c
      1	../../../gcc/cp/pt.c
      1	../../../gcc/cp/init.c
      1	../../../gcc/cp/error.c

Number of warning types:
     75	Use of ANSI string concatenation
     44	signed and unsigned type in conditional expression
     19	`long' switch expression not converted to `int' in ANSI C
     16	comparison between signed and unsigned
     14	format not a string literal, argument types not checked
     12	variable `???' might be clobbered by `longjmp' or `vfork'
      4	unused variable `???'
      4	`???' might be used uninitialized in this function
      2	unknown conversion type character `???' in format
      2	too many arguments for format
      1	passing arg ??? of `???' discards qualifiers from pointer target type
      1	implicit declaration of function `???'
      1	`???' defined but not used


More information about the Gcc-testresults mailing list