Results for 2.96 20000117 (experimental) testsuite on hppa2.0-hp-hpux10.20
Rodney Brown
rdb@localhost
Wed Jan 19 14:34:00 GMT 2000
Native configuration is hppa2.0-hp-hpux10.20
=== libio tests ===
Running target unix
FAIL: tFile.cc compilation
FAIL: tFile.cc compilation -b0
FAIL: tFile.cc compilation -b3
=== libio Summary ===
# of expected passes 31
# of unexpected failures 3
# of expected failures 6
=== libstdc++ tests ===
Running target unix
FAIL: tstring.cc -O execution
=== libstdc++ Summary ===
# of expected passes 28
# of unexpected failures 1
# of expected failures 1
=== gcc tests ===
Running target unix
FAIL: gcc.c-torture/compile/991127-1.c, -O2
FAIL: gcc.c-torture/compile/991127-1.c, -Os
FAIL: gcc.c-torture/compile/991213-2.c, -O2
FAIL: gcc.c-torture/compile/991213-2.c, -O3 -fomit-frame-pointer
FAIL: gcc.c-torture/compile/991213-2.c, -O3 -fomit-frame-pointer -funroll-loops
FAIL: gcc.c-torture/compile/991213-2.c, -O3 -fomit-frame-pointer -funroll-all-loops -finline-functions
FAIL: gcc.c-torture/compile/991213-2.c, -O3 -g
FAIL: gcc.c-torture/compile/991213-2.c, -Os
FAIL: gcc.c-torture/compile/991229-3.c, -O3 -fomit-frame-pointer -funroll-loops
FAIL: gcc.c-torture/compile/991229-3.c, -O3 -fomit-frame-pointer -funroll-all-loops -finline-functions
FAIL: gcc.c-torture/compile/20000105-1.c, -O1
FAIL: gcc.c-torture/execute/980716-1.c execution, -O0
FAIL: gcc.c-torture/execute/991202-3.c execution, -O0
FAIL: gcc.c-torture/execute/991202-3.c execution, -O1
FAIL: gcc.c-torture/execute/991202-3.c execution, -O2
FAIL: gcc.c-torture/execute/991202-3.c execution, -O3 -fomit-frame-pointer
FAIL: gcc.c-torture/execute/991202-3.c execution, -O3 -g
FAIL: gcc.c-torture/execute/991202-3.c execution, -Os
FAIL: gcc.c-torture/execute/991221-1.c execution, -O1
FAIL: gcc.c-torture/execute/991221-1.c execution, -O2
FAIL: gcc.c-torture/execute/991221-1.c execution, -O3 -fomit-frame-pointer
FAIL: gcc.c-torture/execute/991221-1.c execution, -O3 -g
FAIL: gcc.c-torture/execute/991221-1.c execution, -Os
FAIL: gcc.c-torture/execute/strct-stdarg-1.c execution, -O0
FAIL: gcc.c-torture/execute/strct-stdarg-1.c execution, -O1
FAIL: gcc.c-torture/execute/strct-stdarg-1.c execution, -O2
FAIL: gcc.c-torture/execute/strct-stdarg-1.c execution, -O3 -fomit-frame-pointer
FAIL: gcc.c-torture/execute/strct-stdarg-1.c execution, -O3 -fomit-frame-pointer -funroll-loops
FAIL: gcc.c-torture/execute/strct-stdarg-1.c execution, -O3 -fomit-frame-pointer -funroll-all-loops -finline-functions
FAIL: gcc.c-torture/execute/strct-stdarg-1.c execution, -O3 -g
FAIL: gcc.c-torture/execute/strct-stdarg-1.c execution, -Os
FAIL: gcc.c-torture/execute/ieee/fp-cmp-1.c execution, -O0
FAIL: gcc.c-torture/execute/ieee/fp-cmp-2.c execution, -O0
FAIL: gcc.c-torture/execute/ieee/fp-cmp-3.c execution, -O0
FAIL: gcc.c-torture/execute/ieee/mzero2.c execution, -O1
FAIL: gcc.c-torture/execute/ieee/mzero2.c execution, -O2
FAIL: gcc.c-torture/execute/ieee/mzero2.c execution, -O3 -fomit-frame-pointer
FAIL: gcc.c-torture/execute/ieee/mzero2.c execution, -O3 -g
FAIL: gcc.c-torture/execute/ieee/mzero2.c execution, -Os
FAIL: gcc.dg/20000111-1.c (test for excess errors)
=== gcc Summary ===
# of expected passes 8964
# of unexpected failures 40
# of expected failures 32
# of unresolved testcases 3
# of unsupported tests 33
/devel/span/rdb/src/egcs-20000117.obj/gcc/xgcc version 2.96 20000117 (experimental)
=== g++ tests ===
Running target unix
FAIL: g++.eh/fntry1.C Execution test
FAIL: g++.eh/vbase1.C Execution test
FAIL: g++.ext/attrib5.C (test for excess errors)
FAIL: g++.jason/cast3.C (test for excess errors)
FAIL: g++.mike/eh16.C Execution test
FAIL: g++.mike/eh17.C Execution test
XPASS: g++.mike/eh33.C (test for excess errors)
XPASS: g++.mike/eh33.C Execution test
XPASS: g++.mike/eh50.C (test for excess errors)
XPASS: g++.mike/eh50.C Execution test
FAIL: g++.oliva/thunk1.C (test for excess errors)
FAIL: g++.other/syntax1.C caused compiler crash
FAIL: g++.other/syntax2.C caused compiler crash
FAIL: g++.pt/static6.C (test for excess errors)
FAIL: g++.robertl/eb73.C (test for excess errors)
=== g++ Summary ===
# of expected passes 5659
# of unexpected failures 11
# of unexpected successes 4
# of expected failures 99
# of untested testcases 18
/devel/span/rdb/src/egcs-20000117.obj/gcc/testsuite/../xgcc version 2.96 20000117 (experimental)
=== g77 tests ===
Running target unix
FAIL: g77.f-torture/compile/19990218-0.f, -O0
FAIL: g77.f-torture/compile/19990218-0.f, -O1
FAIL: g77.f-torture/compile/19990218-0.f, -O2
FAIL: g77.f-torture/compile/19990218-0.f, -Os
FAIL: g77.f-torture/compile/970125-0.f, -O0
FAIL: g77.f-torture/compile/970125-0.f, -O1
FAIL: g77.f-torture/compile/970125-0.f, -O2
FAIL: g77.f-torture/compile/970125-0.f, -O2 -fomit-frame-pointer -finline-functions
FAIL: g77.f-torture/compile/970125-0.f, -Os
FAIL: g77.f-torture/execute/u77-test.f compilation, -O0
FAIL: g77.f-torture/execute/u77-test.f compilation, -O1
FAIL: g77.f-torture/execute/u77-test.f compilation, -O2
FAIL: g77.f-torture/execute/u77-test.f compilation, -O2 -fomit-frame-pointer -finline-functions
FAIL: g77.f-torture/execute/u77-test.f compilation, -O2 -fomit-frame-pointer -finline-functions -funroll-loops
FAIL: g77.f-torture/execute/u77-test.f compilation, -O2 -fomit-frame-pointer -finline-functions -funroll-all-loops
FAIL: g77.f-torture/execute/u77-test.f compilation, -Os
=== g77 Summary ===
# of expected passes 641
# of unexpected failures 16
# of untested testcases 7
=== objc tests ===
Running target unix
=== objc Summary ===
# of expected passes 38
/devel/span/rdb/src/egcs-20000117.obj/gcc/xgcc version 2.96 20000117 (experimental)
Compiler version: 2.96 20000117 (experimental)
Platform: hppa2.0-hp-hpux10.20
configure flags: --with-gcc-version-trigger=/devel/span/rdb/src/egcs-20000117/gcc/version.c --host=hppa2.0-hp-hpux10.20 --with-gnu-as --norecursion
Counting all warnings,
there are 419 warnings in stage3 of this bootstrap.
Number of warnings per file:
35 ../../egcs-20000117/gcc/combine.c
31 ../../egcs-20000117/gcc/expmed.c
24 ../../egcs-20000117/gcc/optabs.c
24 ../../egcs-20000117/gcc/expr.c
17 ../../egcs-20000117/gcc/cse.c
17 ../../../egcs-20000117/gcc/cp/search.c
15 ../../egcs-20000117/gcc/recog.c
15 ../../egcs-20000117/gcc/config/pa/pa.c
15 ../../egcs-20000117/gcc/c-common.c
14 ../../../egcs-20000117/gcc/f/global.c
12 ../../egcs-20000117/gcc/reload1.c
12 ../../../egcs-20000117/gcc/java/lex.c
12 ../../../egcs-20000117/gcc/f/com.c
11 ../../egcs-20000117/gcc/reload.c
11 ../../egcs-20000117/gcc/calls.c
10 ../../../egcs-20000117/gcc/f/storag.c
8 ../../../egcs-20000117/gcc/f/lex.c
8 ../../../egcs-20000117/gcc/f/equiv.c
8 ../../../egcs-20000117/gcc/cp/class.c
6 ./parse.y
6 ../../egcs-20000117/gcc/function.c
6 ../../egcs-20000117/gcc/emit-rtl.c
6 ../../egcs-20000117/gcc/bitmap.c
6 ../../../egcs-20000117/gcc/java/typeck.c
6 ../../../egcs-20000117/gcc/f/expr.c
5 ../../egcs-20000117/gcc/varasm.c
5 ../../egcs-20000117/gcc/unroll.c
5 ../../egcs-20000117/gcc/simplify-rtx.c
5 ../../egcs-20000117/gcc/final.c
5 ../../../egcs-20000117/gcc/cp/decl.c
4 cexp.y
4 ../../../egcs-20000117/gcc/f/ste.c
3 ../../egcs-20000117/gcc/stmt.c
3 ../../egcs-20000117/gcc/integrate.c
3 ../../egcs-20000117/gcc/explow.c
3 ../../egcs-20000117/gcc/cccp.c
3 ../../egcs-20000117/gcc/c-typeck.c
3 ../../egcs-20000117/gcc/alias.c
2 str-ot.j
2 str-1t.j
2 ../../egcs-20000117/gcc/fold-const.c
2 ../../egcs-20000117/gcc/collect2.c
2 ../../egcs-20000117/gcc/builtins.c
2 ../../../egcs-20000117/gcc/f/symbol.c
2 ../../../egcs-20000117/gcc/f/std.c
2 ../../../egcs-20000117/gcc/f/bad.c
1 str-op.j
1 str-nq.j
1 str-io.j
1 str-fo.j
1 str-2t.j
1 insn-recog.c
1 ../../egcs-20000117/gcc/stor-layout.c
1 ../../egcs-20000117/gcc/regmove.c
1 ../../egcs-20000117/gcc/regclass.c
1 ../../egcs-20000117/gcc/loop.c
1 ../../egcs-20000117/gcc/gcov-io.h
1 ../../egcs-20000117/gcc/gcc.c
1 ../../egcs-20000117/gcc/cppinit.c
1 ../../../egcs-20000117/gcc/cp/tree.c
1 ../../../egcs-20000117/gcc/cp/pt.c
1 ../../../egcs-20000117/gcc/cp/init.c
1 ../../../egcs-20000117/gcc/cp/error.c
Number of warning types:
249 comparison between signed and unsigned
58 signed and unsigned type in conditional expression
57 Use of ANSI string concatenation
14 format not a string literal, argument types not checked
14 `long' switch expression not converted to `int' in ANSI C
12 variable `???' might be clobbered by `longjmp' or `vfork'
4 value computed is not used
3 left-hand operand of comma expression has no effect
3 `???' might be used uninitialized in this function
1 unused variable `???'
1 passing arg ??? of `???' discards qualifiers from pointer target type
1 non-static declaration for `???' follows static
1 assignment discards qualifiers from pointer target type
1 `???' defined but not used
More information about the Gcc-testresults
mailing list