Results for gcc testsuite on powerpc-ibm-aix4.1.5.0

Alexandre Oliva oliva@lsd.ic.unicamp.br
Wed Jan 19 12:26:00 GMT 2000


Native configuration is powerpc-ibm-aix4.1.5.0

		=== libg++ tests ===


Running target unix

		=== libg++ Summary ===

# of expected passes		72
		=== libio tests ===


Running target unix
FAIL: putbackdog.cc compilation 
FAIL: putbackdog.cc compilation -b0
FAIL: putbackdog.cc compilation -b2
FAIL: tFile.cc compilation 
FAIL: tFile.cc compilation -b0
FAIL: tFile.cc compilation -b3
FAIL: tfformat.c compilation 
FAIL: tiomisc.cc compilation 

		=== libio Summary ===

# of expected passes		17
# of unexpected failures	8
# of expected failures		15
		=== libstdc++ tests ===


Running target unix
FAIL: tcomplex.cc -O compilation
FAIL: tlist.cc -O compilation
FAIL: tmap.cc compilation
FAIL: tmap.cc -O compilation
FAIL: tstring.cc compilation
FAIL: tstring.cc -O compilation
FAIL: tvector.cc -O compilation

		=== libstdc++ Summary ===

# of expected passes		9
# of unexpected failures	7
# of expected failures		14

Compiler version: gcc 
Platform: powerpc-ibm-aix4.1.5.0

BOOT_CFLAGS: -g -O9 -W -Wall

Counting all warnings,
there are 284 warnings in stage3 of this bootstrap.

Number of warnings per file:
     86	/home/lsd/oliva/src/egcs/gcc/toplev.c
     20	/home/lsd/oliva/src/egcs/gcc/config/rs6000/rs6000.md
     17	/home/lsd/oliva/src/egcs/gcc/cp/search.c
     14	/home/lsd/oliva/src/egcs/gcc/f/global.c
     12	/home/lsd/oliva/src/egcs/gcc/java/lex.c
     10	/home/lsd/oliva/src/egcs/gcc/f/storag.c
      8	/home/lsd/oliva/src/egcs/gcc/f/lex.c
      8	/home/lsd/oliva/src/egcs/gcc/f/equiv.c
      8	/home/lsd/oliva/src/egcs/gcc/cp/class.c
      6	/home/lsd/oliva/src/egcs/gcc/f/expr.c
      6	/home/lsd/oliva/src/egcs/gcc/bitmap.c
      6	./parse.y
      5	/home/lsd/oliva/src/egcs/gcc/final.c
      5	/home/lsd/oliva/src/egcs/gcc/expr.c
      5	/home/lsd/oliva/src/egcs/gcc/cp/decl.c
      4	insn-emit.c
      4	cexp.y
      4	/home/lsd/oliva/src/egcs/gcc/varasm.c
      4	/home/lsd/oliva/src/egcs/gcc/f/ste.c
      4	/home/lsd/oliva/src/egcs/gcc/combine.c
      3	/home/lsd/oliva/src/egcs/gcc/config/rs6000/rs6000.c
      3	/home/lsd/oliva/src/egcs/gcc/collect2.c
      3	/home/lsd/oliva/src/egcs/gcc/cccp.c
      3	/home/lsd/oliva/src/egcs/gcc/c-typeck.c
      2	str-ot.j
      2	str-1t.j
      2	/home/lsd/oliva/src/egcs/gcc/fold-const.c
      2	/home/lsd/oliva/src/egcs/gcc/f/symbol.c
      2	/home/lsd/oliva/src/egcs/gcc/f/std.c
      2	/home/lsd/oliva/src/egcs/gcc/f/com.c
      2	/home/lsd/oliva/src/egcs/gcc/f/bad.c
      2	/home/lsd/oliva/src/egcs/gcc/builtins.c
      1	str-op.j
      1	str-nq.j
      1	str-io.j
      1	str-fo.j
      1	str-2t.j
      1	insn-recog.c
      1	/home/lsd/oliva/src/egcs/gcc/unroll.c
      1	/home/lsd/oliva/src/egcs/gcc/stor-layout.c
      1	/home/lsd/oliva/src/egcs/gcc/reload1.c
      1	/home/lsd/oliva/src/egcs/gcc/reload.c
      1	/home/lsd/oliva/src/egcs/gcc/regmove.c
      1	/home/lsd/oliva/src/egcs/gcc/optabs.c
      1	/home/lsd/oliva/src/egcs/gcc/gcov-io.h
      1	/home/lsd/oliva/src/egcs/gcc/gcc.c
      1	/home/lsd/oliva/src/egcs/gcc/dbxout.c
      1	/home/lsd/oliva/src/egcs/gcc/cppinit.c
      1	/home/lsd/oliva/src/egcs/gcc/cp/tree.c
      1	/home/lsd/oliva/src/egcs/gcc/cp/pt.c
      1	/home/lsd/oliva/src/egcs/gcc/cp/init.c
      1	/home/lsd/oliva/src/egcs/gcc/cp/error.c

Number of warning types:
     57	Use of ANSI string concatenation
     46	signed and unsigned type in conditional expression
     43	missing initializer
     43	(near initialization for `???')
     18	comparison between signed and unsigned
     15	format not a string literal, argument types not checked
     14	`long' switch expression not converted to `int' in ANSI C
     12	variable `???' might be clobbered by `longjmp' or `vfork'
      9	source missing a mode?
      5	operand 1 missing mode?
      4	`???' might be used uninitialized in this function
      3	right shift count >= width of type
      2	implicit declaration of function `???'
      2	destination operand 0 allows non-lvalue
      2	assignment discards qualifiers from pointer target type
      1	unused variable `???'
      1	suggest parentheses around comparison in operand of &
      1	passing arg ??? of `???' discards qualifiers from pointer target type
      1	operand 5 missing mode?
      1	operand 4 missing mode?
      1	operand 3 missing mode?
      1	operand 0 missing mode?
      1	left shift count >= width of type
      1	`???' defined but not used


More information about the Gcc-testresults mailing list