Results for 2.96 20000117 (experimental) testsuite on alpha-unknown-linux-gnu

Alexandre Oliva oliva@lsd.ic.unicamp.br
Wed Jan 19 08:19:00 GMT 2000


Native configuration is alpha-unknown-linux-gnu

		=== g++ tests ===


Running target unix
FAIL: g++.oliva/template7.C caused compiler crash

		=== g++ Summary ===

# of expected passes		5675
# of unexpected failures	1
# of expected failures		96
# of untested testcases		18
/l/tmp/egcs/gcc/testsuite/../xgcc version 2.96 20000117 (experimental)

		=== g77 tests ===


Running target unix

		=== g77 Summary ===

# of expected passes		664
		=== gcc tests ===


Running target unix
FAIL: gcc.c-torture/compile/991213-2.c,  -O2  
FAIL: gcc.c-torture/compile/991213-2.c,  -O3 -fomit-frame-pointer  
FAIL: gcc.c-torture/compile/991213-2.c,  -O3 -fomit-frame-pointer -funroll-loops  
FAIL: gcc.c-torture/compile/991213-2.c,  -O3 -fomit-frame-pointer -funroll-all-loops -finline-functions  
FAIL: gcc.c-torture/compile/991213-2.c,  -O3 -g  
FAIL: gcc.c-torture/compile/991213-2.c,  -Os  
FAIL: gcc.c-torture/compile/20000105-1.c,  -O1  
FAIL: gcc.c-torture/execute/930529-1.c execution,  -O3 -fomit-frame-pointer 
FAIL: gcc.c-torture/execute/930529-1.c execution,  -O3 -fomit-frame-pointer -funroll-loops 
FAIL: gcc.c-torture/execute/930529-1.c execution,  -O3 -fomit-frame-pointer -funroll-all-loops -finline-functions 
FAIL: gcc.c-torture/execute/930529-1.c execution,  -O3 -g 
FAIL: gcc.c-torture/execute/990811-1.c compilation,  -O3 -fomit-frame-pointer 
FAIL: gcc.c-torture/execute/990811-1.c compilation,  -O3 -fomit-frame-pointer -funroll-loops 
FAIL: gcc.c-torture/execute/990811-1.c compilation,  -O3 -fomit-frame-pointer -funroll-all-loops -finline-functions 
FAIL: gcc.c-torture/execute/990811-1.c compilation,  -O3 -g 
FAIL: gcc.c-torture/execute/991202-3.c execution,  -O0 
FAIL: gcc.c-torture/execute/991202-3.c execution,  -O1 
FAIL: gcc.c-torture/execute/991202-3.c execution,  -O2 
FAIL: gcc.c-torture/execute/991202-3.c execution,  -O3 -fomit-frame-pointer 
FAIL: gcc.c-torture/execute/991202-3.c execution,  -O3 -g 
FAIL: gcc.c-torture/execute/991202-3.c execution,  -Os 
FAIL: gcc.c-torture/execute/ieee/fp-cmp-2.c execution,  -O0 
FAIL: gcc.c-torture/execute/ieee/fp-cmp-2.c execution,  -O1 
FAIL: gcc.c-torture/execute/ieee/fp-cmp-2.c execution,  -O2 
FAIL: gcc.c-torture/execute/ieee/fp-cmp-2.c execution,  -O3 -fomit-frame-pointer 
FAIL: gcc.c-torture/execute/ieee/fp-cmp-2.c execution,  -O3 -fomit-frame-pointer -funroll-loops 
FAIL: gcc.c-torture/execute/ieee/fp-cmp-2.c execution,  -O3 -fomit-frame-pointer -funroll-all-loops -finline-functions 
FAIL: gcc.c-torture/execute/ieee/fp-cmp-2.c execution,  -O3 -g 
FAIL: gcc.c-torture/execute/ieee/fp-cmp-2.c execution,  -Os 
FAIL: gcc.c-torture/execute/ieee/mzero2.c execution,  -O0 
FAIL: gcc.c-torture/execute/ieee/mzero2.c execution,  -O1 
FAIL: gcc.c-torture/execute/ieee/mzero2.c execution,  -O2 
FAIL: gcc.c-torture/execute/ieee/mzero2.c execution,  -O3 -fomit-frame-pointer 
FAIL: gcc.c-torture/execute/ieee/mzero2.c execution,  -O3 -g 
FAIL: gcc.c-torture/execute/ieee/mzero2.c execution,  -Os 
XPASS: gcc.c-torture/execute/memcheck/blkarg.c execution,  -O0 
XPASS: gcc.c-torture/execute/memcheck/blkarg.c execution,  -O1 
XPASS: gcc.c-torture/execute/memcheck/blkarg.c execution,  -O2 
XPASS: gcc.c-torture/execute/memcheck/blkarg.c execution,  -Os 
FAIL: gcc.dg/20000111-1.c (test for excess errors)

		=== gcc Summary ===

# of expected passes		8974
# of unexpected failures	36
# of unexpected successes	4
# of expected failures		28
# of unresolved testcases	4
# of unsupported tests		31
/l/tmp/egcs/gcc/xgcc version 2.96 20000117 (experimental)

		=== libg++ tests ===


Running target unix

		=== libg++ Summary ===

# of expected passes		72
		=== libio tests ===


Running target unix

		=== libio Summary ===

# of expected passes		40
		=== libstdc++ tests ===


Running target unix
FAIL: tstring.cc -O compilation

		=== libstdc++ Summary ===

# of expected passes		27
# of unexpected failures	1
# of expected failures		2
		=== objc tests ===


Running target unix
FAIL: objc/execute/bf-1.m compilation,  -O 
FAIL: objc/execute/bf-10.m compilation,  -O 
FAIL: objc/execute/bf-11.m compilation,  -O 
FAIL: objc/execute/bf-12.m compilation,  -O 
FAIL: objc/execute/bf-13.m compilation,  -O 
FAIL: objc/execute/bf-14.m compilation,  -O 
FAIL: objc/execute/bf-15.m compilation,  -O 
FAIL: objc/execute/bf-16.m compilation,  -O 
FAIL: objc/execute/bf-17.m compilation,  -O 
FAIL: objc/execute/bf-18.m compilation,  -O 
FAIL: objc/execute/bf-19.m compilation,  -O 
FAIL: objc/execute/bf-2.m compilation,  -O 
FAIL: objc/execute/bf-3.m compilation,  -O 
FAIL: objc/execute/bf-4.m compilation,  -O 
FAIL: objc/execute/bf-5.m compilation,  -O 
FAIL: objc/execute/bf-6.m compilation,  -O 
FAIL: objc/execute/bf-7.m compilation,  -O 
FAIL: objc/execute/bf-8.m compilation,  -O 
FAIL: objc/execute/bf-9.m compilation,  -O 

		=== objc Summary ===

# of unexpected failures	19
# of untested testcases		19
/l/tmp/egcs/gcc/xgcc version 2.96 20000117 (experimental)


Compiler version: 2.96 20000117 (experimental) 
Platform: alpha-unknown-linux-gnu

BOOT_CFLAGS: -g -O9 -W -Wall

Counting all warnings,
there are 171 warnings in stage3 of this bootstrap.

Number of warnings per file:
     17	/home/lsd/oliva/src/egcs/gcc/cp/search.c
     14	/home/lsd/oliva/src/egcs/gcc/f/global.c
     12	/home/lsd/oliva/src/egcs/gcc/java/lex.c
     10	/home/lsd/oliva/src/egcs/gcc/f/storag.c
     10	/home/lsd/oliva/src/egcs/gcc/cp/class.c
      8	/home/lsd/oliva/src/egcs/gcc/f/lex.c
      8	/home/lsd/oliva/src/egcs/gcc/f/equiv.c
      6	/home/lsd/oliva/src/egcs/gcc/final.c
      6	/home/lsd/oliva/src/egcs/gcc/f/expr.c
      6	/home/lsd/oliva/src/egcs/gcc/bitmap.c
      6	./parse.y
      5	/home/lsd/oliva/src/egcs/gcc/expr.c
      5	/home/lsd/oliva/src/egcs/gcc/cp/decl.c
      5	/home/lsd/oliva/src/egcs/gcc/config/alpha/alpha.c
      5	/home/lsd/oliva/src/egcs/gcc/combine.c
      4	cexp.y
      4	/home/lsd/oliva/src/egcs/gcc/f/ste.c
      3	/home/lsd/oliva/src/egcs/gcc/cccp.c
      3	/home/lsd/oliva/src/egcs/gcc/c-typeck.c
      2	str-ot.j
      2	str-1t.j
      2	insn-recog.c
      2	/home/lsd/oliva/src/egcs/gcc/gcc.c
      2	/home/lsd/oliva/src/egcs/gcc/fold-const.c
      2	/home/lsd/oliva/src/egcs/gcc/f/symbol.c
      2	/home/lsd/oliva/src/egcs/gcc/f/std.c
      2	/home/lsd/oliva/src/egcs/gcc/f/com.c
      2	/home/lsd/oliva/src/egcs/gcc/f/bad.c
      1	str-op.j
      1	str-nq.j
      1	str-io.j
      1	str-fo.j
      1	str-2t.j
      1	/home/lsd/oliva/src/egcs/gcc/varasm.c
      1	/home/lsd/oliva/src/egcs/gcc/unroll.c
      1	/home/lsd/oliva/src/egcs/gcc/stor-layout.c
      1	/home/lsd/oliva/src/egcs/gcc/reload1.c
      1	/home/lsd/oliva/src/egcs/gcc/reload.c
      1	/home/lsd/oliva/src/egcs/gcc/optabs.c
      1	/home/lsd/oliva/src/egcs/gcc/cp/tree.c
      1	/home/lsd/oliva/src/egcs/gcc/cp/pt.c
      1	/home/lsd/oliva/src/egcs/gcc/cp/init.c
      1	/home/lsd/oliva/src/egcs/gcc/cp/error.c
      1	/home/lsd/oliva/src/egcs/gcc/collect2.c

Number of warning types:
     58	Use of ANSI string concatenation
     44	signed and unsigned type in conditional expression
     19	`long' switch expression not converted to `int' in ANSI C
     16	comparison between signed and unsigned
     14	format not a string literal, argument types not checked
     12	variable `???' might be clobbered by `longjmp' or `vfork'
      4	`???' might be used uninitialized in this function
      1	passing arg ??? of `???' discards qualifiers from pointer target type
      1	implicit declaration of function `???'
      1	cast from pointer to integer of different size
      1	??? format, ??? arg (arg ???)


More information about the Gcc-testresults mailing list