Results for 2.96 20000117 (experimental) testsuite on sparc-sun-solaris2.7

Kaveh R. Ghazi ghazi@caip.rutgers.edu
Tue Jan 18 08:35:00 GMT 2000


Native configuration is sparc-sun-solaris2.7

		=== libio tests ===


Running target unix/-fPIC
FAIL: tFile.cc execution 
FAIL: tFile.cc execution -b0
FAIL: tFile.cc execution -b3
FAIL: tfformat.c execution 

		=== libio Summary for unix/-fPIC ===

# of expected passes		33
# of unexpected failures	4
# of expected failures		4

Running target unix/-fpic
FAIL: tFile.cc execution 
FAIL: tFile.cc execution -b0
FAIL: tFile.cc execution -b3
FAIL: tfformat.c execution 

		=== libio Summary for unix/-fpic ===

# of expected passes		33
# of unexpected failures	4
# of expected failures		4

Running target unix
FAIL: tFile.cc execution 
FAIL: tFile.cc execution -b0
FAIL: tFile.cc execution -b3
FAIL: tfformat.c execution 

		=== libio Summary for unix ===

# of expected passes		33
# of unexpected failures	4
# of expected failures		4

		=== libio Summary ===

# of expected passes		99
# of unexpected failures	12
# of expected failures		12
		=== libstdc++ tests ===


Running target unix/-fPIC

		=== libstdc++ Summary for unix/-fPIC ===

# of expected passes		30

Running target unix/-fpic

		=== libstdc++ Summary for unix/-fpic ===

# of expected passes		30

Running target unix

		=== libstdc++ Summary for unix ===

# of expected passes		30

		=== libstdc++ Summary ===

# of expected passes		90
		=== gcc tests ===


Running target unix/-fPIC
FAIL: gcc.c-torture/compile/991229-3.c,  -O3 -fomit-frame-pointer -funroll-loops  
FAIL: gcc.c-torture/compile/991229-3.c,  -O3 -fomit-frame-pointer -funroll-all-loops -finline-functions  
FAIL: gcc.c-torture/compile/20000105-1.c,  -O1  
FAIL: gcc.c-torture/compile/991213-2.c,  -O2  
FAIL: gcc.c-torture/compile/991213-2.c,  -O3 -fomit-frame-pointer  
FAIL: gcc.c-torture/compile/991213-2.c,  -O3 -fomit-frame-pointer -funroll-loops  
FAIL: gcc.c-torture/compile/991213-2.c,  -O3 -fomit-frame-pointer -funroll-all-loops -finline-functions  
FAIL: gcc.c-torture/compile/991213-2.c,  -O3 -g  
FAIL: gcc.c-torture/compile/991213-2.c,  -Os  
FAIL: gcc.c-torture/compile/991127-1.c,  -O2  
FAIL: gcc.c-torture/compile/991127-1.c,  -Os  
FAIL: gcc.c-torture/execute/921215-1.c compilation,  -O0 
FAIL: gcc.c-torture/execute/921215-1.c compilation,  -O1 
FAIL: gcc.c-torture/execute/921215-1.c compilation,  -O2 
FAIL: gcc.c-torture/execute/921215-1.c compilation,  -O3 -fomit-frame-pointer 
FAIL: gcc.c-torture/execute/921215-1.c compilation,  -O3 -g 
FAIL: gcc.c-torture/execute/921215-1.c compilation,  -Os 
FAIL: gcc.c-torture/execute/930622-2.c execution,  -O3 -fomit-frame-pointer 
FAIL: gcc.c-torture/execute/930622-2.c execution,  -O3 -g 
FAIL: gcc.c-torture/execute/931002-1.c compilation,  -O0 
FAIL: gcc.c-torture/execute/931002-1.c compilation,  -O1 
FAIL: gcc.c-torture/execute/931002-1.c compilation,  -O2 
FAIL: gcc.c-torture/execute/931002-1.c compilation,  -O3 -fomit-frame-pointer 
FAIL: gcc.c-torture/execute/931002-1.c compilation,  -O3 -g 
FAIL: gcc.c-torture/execute/931002-1.c compilation,  -Os 
FAIL: gcc.c-torture/execute/980205.c execution,  -O0 
FAIL: gcc.c-torture/execute/991202-3.c execution,  -O0 
FAIL: gcc.c-torture/execute/991202-3.c execution,  -O1 
FAIL: gcc.c-torture/execute/991202-3.c execution,  -O2 
FAIL: gcc.c-torture/execute/991202-3.c execution,  -O3 -fomit-frame-pointer 
FAIL: gcc.c-torture/execute/991202-3.c execution,  -O3 -g 
FAIL: gcc.c-torture/execute/991202-3.c execution,  -Os 
FAIL: gcc.c-torture/execute/991221-1.c execution,  -O1 
FAIL: gcc.c-torture/execute/991221-1.c execution,  -O2 
FAIL: gcc.c-torture/execute/991221-1.c execution,  -O3 -fomit-frame-pointer 
FAIL: gcc.c-torture/execute/991221-1.c execution,  -O3 -g 
FAIL: gcc.c-torture/execute/991221-1.c execution,  -Os 
FAIL: gcc.c-torture/execute/nestfunc-1.c compilation,  -O0 
FAIL: gcc.c-torture/execute/nestfunc-1.c compilation,  -O1 
FAIL: gcc.c-torture/execute/nestfunc-1.c compilation,  -O2 
FAIL: gcc.c-torture/execute/nestfunc-1.c compilation,  -O3 -fomit-frame-pointer 
FAIL: gcc.c-torture/execute/nestfunc-1.c compilation,  -O3 -g 
FAIL: gcc.c-torture/execute/nestfunc-1.c compilation,  -Os 
FAIL: gcc.c-torture/execute/ieee/minuszero.c execution,  -O1 
FAIL: gcc.c-torture/execute/ieee/minuszero.c execution,  -O2 
FAIL: gcc.c-torture/execute/ieee/minuszero.c execution,  -O3 -fomit-frame-pointer 
FAIL: gcc.c-torture/execute/ieee/minuszero.c execution,  -O3 -fomit-frame-pointer -funroll-loops 
FAIL: gcc.c-torture/execute/ieee/minuszero.c execution,  -O3 -fomit-frame-pointer -funroll-all-loops -finline-functions 
FAIL: gcc.c-torture/execute/ieee/minuszero.c execution,  -O3 -g 
FAIL: gcc.c-torture/execute/ieee/minuszero.c execution,  -Os 
FAIL: gcc.c-torture/execute/ieee/rbug.c execution,  -O3 -fomit-frame-pointer 
FAIL: gcc.c-torture/execute/ieee/rbug.c execution,  -O3 -g 
FAIL: gcc.dg/20000111-1.c (test for excess errors)
FAIL: gcc.dg/ultrasp1.c (test for excess errors)
FAIL: gcc.misc-tests/gcov-1.c execution test
FAIL: gcov-1.c:1:is 4:should be 11
FAIL: gcov-1.c:1:is 5:should be 10
FAIL: gcov-1.c:1:is 7:should be 1
FAIL: gcc.misc-tests/gcov-2.c execution test (PRMS 8294)

		=== gcc Summary for unix/-fPIC ===

# of expected passes		8931
# of unexpected failures	59
# of expected failures		32
# of unresolved testcases	21
# of unsupported tests		31

Running target unix/-fpic
FAIL: gcc.c-torture/compile/991229-3.c,  -O3 -fomit-frame-pointer -funroll-loops  
FAIL: gcc.c-torture/compile/991229-3.c,  -O3 -fomit-frame-pointer -funroll-all-loops -finline-functions  
FAIL: gcc.c-torture/compile/20000105-1.c,  -O1  
FAIL: gcc.c-torture/compile/991213-2.c,  -O2  
FAIL: gcc.c-torture/compile/991213-2.c,  -O3 -fomit-frame-pointer  
FAIL: gcc.c-torture/compile/991213-2.c,  -O3 -fomit-frame-pointer -funroll-loops  
FAIL: gcc.c-torture/compile/991213-2.c,  -O3 -fomit-frame-pointer -funroll-all-loops -finline-functions  
FAIL: gcc.c-torture/compile/991213-2.c,  -O3 -g  
FAIL: gcc.c-torture/compile/991213-2.c,  -Os  
FAIL: gcc.c-torture/compile/991127-1.c,  -O2  
FAIL: gcc.c-torture/compile/991127-1.c,  -Os  
FAIL: gcc.c-torture/execute/921215-1.c compilation,  -O0 
FAIL: gcc.c-torture/execute/921215-1.c compilation,  -O1 
FAIL: gcc.c-torture/execute/921215-1.c compilation,  -O2 
FAIL: gcc.c-torture/execute/921215-1.c compilation,  -O3 -fomit-frame-pointer 
FAIL: gcc.c-torture/execute/921215-1.c compilation,  -O3 -g 
FAIL: gcc.c-torture/execute/921215-1.c compilation,  -Os 
FAIL: gcc.c-torture/execute/930622-2.c execution,  -O3 -fomit-frame-pointer 
FAIL: gcc.c-torture/execute/930622-2.c execution,  -O3 -g 
FAIL: gcc.c-torture/execute/931002-1.c compilation,  -O0 
FAIL: gcc.c-torture/execute/931002-1.c compilation,  -O1 
FAIL: gcc.c-torture/execute/931002-1.c compilation,  -O2 
FAIL: gcc.c-torture/execute/931002-1.c compilation,  -O3 -fomit-frame-pointer 
FAIL: gcc.c-torture/execute/931002-1.c compilation,  -O3 -g 
FAIL: gcc.c-torture/execute/931002-1.c compilation,  -Os 
FAIL: gcc.c-torture/execute/980205.c execution,  -O0 
FAIL: gcc.c-torture/execute/991202-3.c execution,  -O0 
FAIL: gcc.c-torture/execute/991202-3.c execution,  -O1 
FAIL: gcc.c-torture/execute/991202-3.c execution,  -O2 
FAIL: gcc.c-torture/execute/991202-3.c execution,  -O3 -fomit-frame-pointer 
FAIL: gcc.c-torture/execute/991202-3.c execution,  -O3 -g 
FAIL: gcc.c-torture/execute/991202-3.c execution,  -Os 
FAIL: gcc.c-torture/execute/991221-1.c execution,  -O1 
FAIL: gcc.c-torture/execute/991221-1.c execution,  -O2 
FAIL: gcc.c-torture/execute/991221-1.c execution,  -O3 -fomit-frame-pointer 
FAIL: gcc.c-torture/execute/991221-1.c execution,  -O3 -g 
FAIL: gcc.c-torture/execute/991221-1.c execution,  -Os 
FAIL: gcc.c-torture/execute/nestfunc-1.c compilation,  -O0 
FAIL: gcc.c-torture/execute/nestfunc-1.c compilation,  -O1 
FAIL: gcc.c-torture/execute/nestfunc-1.c compilation,  -O2 
FAIL: gcc.c-torture/execute/nestfunc-1.c compilation,  -O3 -fomit-frame-pointer 
FAIL: gcc.c-torture/execute/nestfunc-1.c compilation,  -O3 -g 
FAIL: gcc.c-torture/execute/nestfunc-1.c compilation,  -Os 
FAIL: gcc.c-torture/execute/ieee/minuszero.c execution,  -O1 
FAIL: gcc.c-torture/execute/ieee/minuszero.c execution,  -O2 
FAIL: gcc.c-torture/execute/ieee/minuszero.c execution,  -O3 -fomit-frame-pointer 
FAIL: gcc.c-torture/execute/ieee/minuszero.c execution,  -O3 -fomit-frame-pointer -funroll-loops 
FAIL: gcc.c-torture/execute/ieee/minuszero.c execution,  -O3 -fomit-frame-pointer -funroll-all-loops -finline-functions 
FAIL: gcc.c-torture/execute/ieee/minuszero.c execution,  -O3 -g 
FAIL: gcc.c-torture/execute/ieee/minuszero.c execution,  -Os 
FAIL: gcc.c-torture/execute/ieee/rbug.c execution,  -O3 -fomit-frame-pointer 
FAIL: gcc.c-torture/execute/ieee/rbug.c execution,  -O3 -g 
FAIL: gcc.dg/20000111-1.c (test for excess errors)
FAIL: gcc.dg/ultrasp1.c (test for excess errors)
FAIL: gcc.misc-tests/gcov-1.c execution test
FAIL: gcov-1.c:1:is 4:should be 11
FAIL: gcov-1.c:1:is 5:should be 10
FAIL: gcov-1.c:1:is 7:should be 1
FAIL: gcc.misc-tests/gcov-2.c execution test (PRMS 8294)

		=== gcc Summary for unix/-fpic ===

# of expected passes		8931
# of unexpected failures	59
# of expected failures		32
# of unresolved testcases	21
# of unsupported tests		31

Running target unix
FAIL: gcc.c-torture/compile/991229-3.c,  -O3 -fomit-frame-pointer -funroll-loops  
FAIL: gcc.c-torture/compile/991229-3.c,  -O3 -fomit-frame-pointer -funroll-all-loops -finline-functions  
FAIL: gcc.c-torture/compile/20000105-1.c,  -O1  
FAIL: gcc.c-torture/compile/991213-2.c,  -O2  
FAIL: gcc.c-torture/compile/991213-2.c,  -O3 -fomit-frame-pointer  
FAIL: gcc.c-torture/compile/991213-2.c,  -O3 -fomit-frame-pointer -funroll-loops  
FAIL: gcc.c-torture/compile/991213-2.c,  -O3 -fomit-frame-pointer -funroll-all-loops -finline-functions  
FAIL: gcc.c-torture/compile/991213-2.c,  -O3 -g  
FAIL: gcc.c-torture/compile/991213-2.c,  -Os  
FAIL: gcc.c-torture/compile/991127-1.c,  -O2  
FAIL: gcc.c-torture/compile/991127-1.c,  -Os  
FAIL: gcc.c-torture/execute/921215-1.c compilation,  -O0 
FAIL: gcc.c-torture/execute/921215-1.c compilation,  -O1 
FAIL: gcc.c-torture/execute/921215-1.c compilation,  -O2 
FAIL: gcc.c-torture/execute/921215-1.c compilation,  -O3 -fomit-frame-pointer 
FAIL: gcc.c-torture/execute/921215-1.c compilation,  -O3 -g 
FAIL: gcc.c-torture/execute/921215-1.c compilation,  -Os 
FAIL: gcc.c-torture/execute/931002-1.c compilation,  -O0 
FAIL: gcc.c-torture/execute/931002-1.c compilation,  -O1 
FAIL: gcc.c-torture/execute/931002-1.c compilation,  -O2 
FAIL: gcc.c-torture/execute/931002-1.c compilation,  -O3 -fomit-frame-pointer 
FAIL: gcc.c-torture/execute/931002-1.c compilation,  -O3 -g 
FAIL: gcc.c-torture/execute/931002-1.c compilation,  -Os 
FAIL: gcc.c-torture/execute/980205.c execution,  -O0 
FAIL: gcc.c-torture/execute/991202-3.c execution,  -O0 
FAIL: gcc.c-torture/execute/991202-3.c execution,  -O1 
FAIL: gcc.c-torture/execute/991202-3.c execution,  -O2 
FAIL: gcc.c-torture/execute/991202-3.c execution,  -O3 -fomit-frame-pointer 
FAIL: gcc.c-torture/execute/991202-3.c execution,  -O3 -g 
FAIL: gcc.c-torture/execute/991202-3.c execution,  -Os 
FAIL: gcc.c-torture/execute/991221-1.c execution,  -O1 
FAIL: gcc.c-torture/execute/991221-1.c execution,  -O2 
FAIL: gcc.c-torture/execute/991221-1.c execution,  -O3 -fomit-frame-pointer 
FAIL: gcc.c-torture/execute/991221-1.c execution,  -O3 -g 
FAIL: gcc.c-torture/execute/991221-1.c execution,  -Os 
FAIL: gcc.c-torture/execute/nestfunc-1.c compilation,  -O0 
FAIL: gcc.c-torture/execute/nestfunc-1.c compilation,  -O1 
FAIL: gcc.c-torture/execute/nestfunc-1.c compilation,  -O2 
FAIL: gcc.c-torture/execute/nestfunc-1.c compilation,  -O3 -fomit-frame-pointer 
FAIL: gcc.c-torture/execute/nestfunc-1.c compilation,  -O3 -g 
FAIL: gcc.c-torture/execute/nestfunc-1.c compilation,  -Os 
FAIL: gcc.dg/20000111-1.c (test for excess errors)
FAIL: gcc.dg/ultrasp1.c (test for excess errors)

		=== gcc Summary for unix ===

# of expected passes		8945
# of unexpected failures	43
# of expected failures		32
# of unresolved testcases	21
# of unsupported tests		31

		=== gcc Summary ===

# of expected passes		26807
# of unexpected failures	161
# of expected failures		96
# of unresolved testcases	63
# of unsupported tests		93
/local2/ghazi/gcc-testing/build/gcc/xgcc version 2.96 20000117 (experimental)

		=== g++ tests ===


Running target unix/-fPIC
FAIL: g++.dg/special/conpr-1.C execution test
FAIL: g++.dg/special/conpr-2.C execution test
FAIL: g++.dg/special/conpr-3.C execution test
FAIL: g++.dg/special/conpr-3.C execution test
FAIL: g++.ext/initp1.C  Execution test
FAIL: g++.law/profile1.C  Execution test
FAIL: g++.other/vaarg3.C promote (test for errors, line 26)
FAIL: g++.robertl/eb83.C  Execution test

		=== g++ Summary for unix/-fPIC ===

# of expected passes		5672
# of unexpected failures	8
# of expected failures		96
# of untested testcases		16

Running target unix/-fpic
FAIL: g++.dg/special/conpr-1.C execution test
FAIL: g++.dg/special/conpr-2.C execution test
FAIL: g++.dg/special/conpr-3.C execution test
FAIL: g++.dg/special/conpr-3.C execution test
FAIL: g++.ext/initp1.C  Execution test
FAIL: g++.law/profile1.C  Execution test
FAIL: g++.other/vaarg3.C promote (test for errors, line 26)
FAIL: g++.robertl/eb83.C  Execution test

		=== g++ Summary for unix/-fpic ===

# of expected passes		5672
# of unexpected failures	8
# of expected failures		96
# of untested testcases		16

Running target unix
FAIL: g++.dg/special/conpr-1.C execution test
FAIL: g++.dg/special/conpr-2.C execution test
FAIL: g++.dg/special/conpr-3.C execution test
FAIL: g++.dg/special/conpr-3.C execution test
FAIL: g++.ext/initp1.C  Execution test
FAIL: g++.other/vaarg3.C promote (test for errors, line 26)

		=== g++ Summary for unix ===

# of expected passes		5674
# of unexpected failures	6
# of expected failures		96
# of untested testcases		16

		=== g++ Summary ===

# of expected passes		17018
# of unexpected failures	22
# of expected failures		288
# of untested testcases		48
/local2/ghazi/gcc-testing/build/gcc/testsuite/../xgcc version 2.96 20000117 (experimental)

		=== g77 tests ===


Running target unix/-fPIC

		=== g77 Summary for unix/-fPIC ===

# of expected passes		664

Running target unix/-fpic

		=== g77 Summary for unix/-fpic ===

# of expected passes		664

Running target unix

		=== g77 Summary for unix ===

# of expected passes		664

		=== g77 Summary ===

# of expected passes		1992
		=== objc tests ===


Running target unix/-fPIC
FAIL: objc/execute/bf-1.m compilation,  -O 
FAIL: objc/execute/bf-10.m compilation,  -O 
FAIL: objc/execute/bf-11.m compilation,  -O 
FAIL: objc/execute/bf-12.m compilation,  -O 
FAIL: objc/execute/bf-13.m compilation,  -O 
FAIL: objc/execute/bf-14.m compilation,  -O 
FAIL: objc/execute/bf-15.m compilation,  -O 
FAIL: objc/execute/bf-16.m compilation,  -O 
FAIL: objc/execute/bf-17.m compilation,  -O 
FAIL: objc/execute/bf-18.m compilation,  -O 
FAIL: objc/execute/bf-19.m compilation,  -O 
FAIL: objc/execute/bf-2.m compilation,  -O 
FAIL: objc/execute/bf-3.m compilation,  -O 
FAIL: objc/execute/bf-4.m compilation,  -O 
FAIL: objc/execute/bf-5.m compilation,  -O 
FAIL: objc/execute/bf-6.m compilation,  -O 
FAIL: objc/execute/bf-7.m compilation,  -O 
FAIL: objc/execute/bf-8.m compilation,  -O 
FAIL: objc/execute/bf-9.m compilation,  -O 

		=== objc Summary for unix/-fPIC ===

# of unexpected failures	19
# of untested testcases		19

Running target unix/-fpic
FAIL: objc/execute/bf-1.m compilation,  -O 
FAIL: objc/execute/bf-10.m compilation,  -O 
FAIL: objc/execute/bf-11.m compilation,  -O 
FAIL: objc/execute/bf-12.m compilation,  -O 
FAIL: objc/execute/bf-13.m compilation,  -O 
FAIL: objc/execute/bf-14.m compilation,  -O 
FAIL: objc/execute/bf-15.m compilation,  -O 
FAIL: objc/execute/bf-16.m compilation,  -O 
FAIL: objc/execute/bf-17.m compilation,  -O 
FAIL: objc/execute/bf-18.m compilation,  -O 
FAIL: objc/execute/bf-19.m compilation,  -O 
FAIL: objc/execute/bf-2.m compilation,  -O 
FAIL: objc/execute/bf-3.m compilation,  -O 
FAIL: objc/execute/bf-4.m compilation,  -O 
FAIL: objc/execute/bf-5.m compilation,  -O 
FAIL: objc/execute/bf-6.m compilation,  -O 
FAIL: objc/execute/bf-7.m compilation,  -O 
FAIL: objc/execute/bf-8.m compilation,  -O 
FAIL: objc/execute/bf-9.m compilation,  -O 

		=== objc Summary for unix/-fpic ===

# of unexpected failures	19
# of untested testcases		19

Running target unix
FAIL: objc/execute/bf-1.m compilation,  -O 
FAIL: objc/execute/bf-10.m compilation,  -O 
FAIL: objc/execute/bf-11.m compilation,  -O 
FAIL: objc/execute/bf-12.m compilation,  -O 
FAIL: objc/execute/bf-13.m compilation,  -O 
FAIL: objc/execute/bf-14.m compilation,  -O 
FAIL: objc/execute/bf-15.m compilation,  -O 
FAIL: objc/execute/bf-16.m compilation,  -O 
FAIL: objc/execute/bf-17.m compilation,  -O 
FAIL: objc/execute/bf-18.m compilation,  -O 
FAIL: objc/execute/bf-19.m compilation,  -O 
FAIL: objc/execute/bf-2.m compilation,  -O 
FAIL: objc/execute/bf-3.m compilation,  -O 
FAIL: objc/execute/bf-4.m compilation,  -O 
FAIL: objc/execute/bf-5.m compilation,  -O 
FAIL: objc/execute/bf-6.m compilation,  -O 
FAIL: objc/execute/bf-7.m compilation,  -O 
FAIL: objc/execute/bf-8.m compilation,  -O 
FAIL: objc/execute/bf-9.m compilation,  -O 

		=== objc Summary for unix ===

# of unexpected failures	19
# of untested testcases		19

		=== objc Summary ===

# of unexpected failures	57
# of untested testcases		57
/local2/ghazi/gcc-testing/build/gcc/xgcc version 2.96 20000117 (experimental)


Compiler version: 2.96 20000117 (experimental) 
Platform: sparc-sun-solaris2.7
configure flags: --with-gcc-version-trigger=/local2/ghazi/gcc-testing/egcs-CVS20000117/gcc/version.c --host=sparc-sun-solaris2.7 --verbose --norecursion


More information about the Gcc-testresults mailing list