Results for 2.96 20000117 (experimental) testsuite on alphaev56-dec-osf4.0d
Alexandre Oliva
oliva@lsd.ic.unicamp.br
Tue Jan 18 03:29:00 GMT 2000
Native configuration is alphaev56-dec-osf4.0d
=== g++ tests ===
Running target unix
FAIL: g++.ext/attrib5.C (test for excess errors)
FAIL: g++.jason/thunk2.C (test for excess errors)
FAIL: g++.oliva/template7.C caused compiler crash
FAIL: g++.oliva/thunk1.C (test for excess errors)
FAIL: g++.other/syntax1.C (test for excess errors)
FAIL: g++.other/syntax2.C (test for excess errors)
FAIL: g++.pt/static3.C (test for excess errors)
FAIL: g++.pt/static6.C (test for excess errors)
=== g++ Summary ===
# of expected passes 5667
# of unexpected failures 8
# of expected failures 97
# of untested testcases 18
/usr/local/tmp/egcs/gcc/testsuite/../xgcc version 2.96 20000117 (experimental)
=== g77 tests ===
Running target unix
=== g77 Summary ===
# of expected passes 664
=== gcc tests ===
Running target unix
FAIL: gcc.c-torture/compile/991213-2.c, -O2
FAIL: gcc.c-torture/compile/991213-2.c, -O3 -fomit-frame-pointer
FAIL: gcc.c-torture/compile/991213-2.c, -O3 -fomit-frame-pointer -funroll-loops
FAIL: gcc.c-torture/compile/991213-2.c, -O3 -fomit-frame-pointer -funroll-all-loops -finline-functions
FAIL: gcc.c-torture/compile/991213-2.c, -O3 -g
FAIL: gcc.c-torture/compile/991213-2.c, -Os
FAIL: gcc.c-torture/compile/20000105-1.c, -O1
FAIL: gcc.c-torture/execute/930529-1.c execution, -O3 -fomit-frame-pointer
FAIL: gcc.c-torture/execute/930529-1.c execution, -O3 -fomit-frame-pointer -funroll-loops
FAIL: gcc.c-torture/execute/930529-1.c execution, -O3 -fomit-frame-pointer -funroll-all-loops -finline-functions
FAIL: gcc.c-torture/execute/930529-1.c execution, -O3 -g
FAIL: gcc.c-torture/execute/991202-3.c execution, -O0
FAIL: gcc.c-torture/execute/991202-3.c execution, -O1
FAIL: gcc.c-torture/execute/991202-3.c execution, -O2
FAIL: gcc.c-torture/execute/991202-3.c execution, -O3 -fomit-frame-pointer
FAIL: gcc.c-torture/execute/991202-3.c execution, -O3 -g
FAIL: gcc.c-torture/execute/991202-3.c execution, -Os
FAIL: gcc.c-torture/execute/ieee/fp-cmp-2.c execution, -O0
FAIL: gcc.c-torture/execute/ieee/fp-cmp-2.c execution, -O1
FAIL: gcc.c-torture/execute/ieee/fp-cmp-2.c execution, -O2
FAIL: gcc.c-torture/execute/ieee/fp-cmp-2.c execution, -O3 -fomit-frame-pointer
FAIL: gcc.c-torture/execute/ieee/fp-cmp-2.c execution, -O3 -fomit-frame-pointer -funroll-loops
FAIL: gcc.c-torture/execute/ieee/fp-cmp-2.c execution, -O3 -fomit-frame-pointer -funroll-all-loops -finline-functions
FAIL: gcc.c-torture/execute/ieee/fp-cmp-2.c execution, -O3 -g
FAIL: gcc.c-torture/execute/ieee/fp-cmp-2.c execution, -Os
FAIL: gcc.c-torture/execute/ieee/mzero2.c execution, -O0
FAIL: gcc.c-torture/execute/ieee/mzero2.c execution, -O1
FAIL: gcc.c-torture/execute/ieee/mzero2.c execution, -O2
FAIL: gcc.c-torture/execute/ieee/mzero2.c execution, -O3 -fomit-frame-pointer
FAIL: gcc.c-torture/execute/ieee/mzero2.c execution, -O3 -g
FAIL: gcc.c-torture/execute/ieee/mzero2.c execution, -Os
XPASS: gcc.c-torture/execute/memcheck/blkarg.c execution, -O0
XPASS: gcc.c-torture/execute/memcheck/blkarg.c execution, -O1
XPASS: gcc.c-torture/execute/memcheck/blkarg.c execution, -O2
XPASS: gcc.c-torture/execute/memcheck/blkarg.c execution, -Os
FAIL: gcc.dg/20000111-1.c (test for excess errors)
FAIL: gcc.dg/special/weak-1.c (test for excess errors)
FAIL: gcc.dg/special/weak-2.c (test for excess errors)
FAIL: wkali-2a.o
=== gcc Summary ===
# of expected passes 8972
# of unexpected failures 35
# of unexpected successes 4
# of expected failures 28
# of unsupported tests 33
/usr/local/tmp/egcs/gcc/xgcc version 2.96 20000117 (experimental)
=== libg++ tests ===
Running target unix
=== libg++ Summary ===
# of expected passes 72
=== libio tests ===
Running target unix
=== libio Summary ===
# of expected passes 40
=== libstdc++ tests ===
Running target unix
FAIL: tstring.cc -O execution
=== libstdc++ Summary ===
# of expected passes 28
# of unexpected failures 1
# of expected failures 1
=== objc tests ===
Running target unix
FAIL: objc/execute/bf-10.m execution, -O
FAIL: objc/execute/bf-16.m execution, -O
FAIL: objc/execute/bf-17.m execution, -O
=== objc Summary ===
# of expected passes 35
# of unexpected failures 3
/usr/local/tmp/egcs/gcc/xgcc version 2.96 20000117 (experimental)
Compiler version: 2.96 20000117 (experimental)
Platform: alphaev56-dec-osf4.0d
BOOT_CFLAGS: -g -O9 -W -Wall
Counting all warnings,
there are 179 warnings in stage3 of this bootstrap.
Number of warnings per file:
17 /home/msc/oliva/src/egcs/gcc/cp/search.c
14 /home/msc/oliva/src/egcs/gcc/f/global.c
12 /home/msc/oliva/src/egcs/gcc/java/lex.c
10 /home/msc/oliva/src/egcs/gcc/f/storag.c
10 /home/msc/oliva/src/egcs/gcc/cp/class.c
8 /home/msc/oliva/src/egcs/gcc/f/lex.c
8 /home/msc/oliva/src/egcs/gcc/f/equiv.c
6 /home/msc/oliva/src/egcs/gcc/f/expr.c
6 /home/msc/oliva/src/egcs/gcc/bitmap.c
6 ./parse.y
5 /home/msc/oliva/src/egcs/gcc/mips-tfile.c
5 /home/msc/oliva/src/egcs/gcc/final.c
5 /home/msc/oliva/src/egcs/gcc/expr.c
5 /home/msc/oliva/src/egcs/gcc/cp/decl.c
5 /home/msc/oliva/src/egcs/gcc/config/alpha/alpha.c
5 /home/msc/oliva/src/egcs/gcc/combine.c
4 cexp.y
4 /home/msc/oliva/src/egcs/gcc/f/ste.c
3 /home/msc/oliva/src/egcs/gcc/cccp.c
3 /home/msc/oliva/src/egcs/gcc/c-typeck.c
2 str-ot.j
2 str-1t.j
2 insn-recog.c
2 /home/msc/oliva/src/egcs/gcc/varasm.c
2 /home/msc/oliva/src/egcs/gcc/fold-const.c
2 /home/msc/oliva/src/egcs/gcc/f/symbol.c
2 /home/msc/oliva/src/egcs/gcc/f/std.c
2 /home/msc/oliva/src/egcs/gcc/f/com.c
2 /home/msc/oliva/src/egcs/gcc/f/bad.c
1 str-op.j
1 str-nq.j
1 str-io.j
1 str-fo.j
1 str-2t.j
1 include/ldfcn.h
1 /home/msc/oliva/src/egcs/gcc/unroll.c
1 /home/msc/oliva/src/egcs/gcc/stor-layout.c
1 /home/msc/oliva/src/egcs/gcc/reload1.c
1 /home/msc/oliva/src/egcs/gcc/reload.c
1 /home/msc/oliva/src/egcs/gcc/optabs.c
1 /home/msc/oliva/src/egcs/gcc/ggc-page.c
1 /home/msc/oliva/src/egcs/gcc/gcov-io.h
1 /home/msc/oliva/src/egcs/gcc/gcc.c
1 /home/msc/oliva/src/egcs/gcc/cppinit.c
1 /home/msc/oliva/src/egcs/gcc/cp/tree.c
1 /home/msc/oliva/src/egcs/gcc/cp/pt.c
1 /home/msc/oliva/src/egcs/gcc/cp/init.c
1 /home/msc/oliva/src/egcs/gcc/cp/error.c
1 /home/msc/oliva/src/egcs/gcc/collect2.c
Number of warning types:
57 Use of ANSI string concatenation
47 signed and unsigned type in conditional expression
19 `long' switch expression not converted to `int' in ANSI C
17 comparison between signed and unsigned
14 format not a string literal, argument types not checked
12 variable `???' might be clobbered by `longjmp' or `vfork'
4 `???' might be used uninitialized in this function
1 passing arg ??? of `???' from incompatible pointer type
1 passing arg ??? of `???' discards qualifiers from pointer target type
1 missing initializer
1 macro arg `???' would be stringified with -traditional.
1 cast from pointer to integer of different size
1 assignment discards qualifiers from pointer target type
1 `???' defined but not used
1 ??? format, ??? arg (arg ???)
1 (near initialization for `???')
More information about the Gcc-testresults
mailing list