Results for 2.96 20000117 (experimental) testsuite on i586-pc-linux-gnu

Andris Pavenis andris@hal.astr.lu.lv
Mon Jan 17 23:48:00 GMT 2000


System:   Linux kernel 2.2.15pre2
          glibc-2.1.2
          binutils-2.9.1.0.25

Native configuration is i586-pc-linux-gnu

		=== libio tests ===


Running target unix

		=== libio Summary ===

# of expected passes		40
		=== libstdc++ tests ===


Running target unix

		=== libstdc++ Summary ===

# of expected passes		30
		=== gcc tests ===


Running target unix
FAIL: gcc.c-torture/compile/991127-1.c,  -O2  
FAIL: gcc.c-torture/compile/991127-1.c,  -Os  
FAIL: gcc.c-torture/compile/991213-2.c,  -O2  
FAIL: gcc.c-torture/compile/991213-2.c,  -O3 -fomit-frame-pointer  
FAIL: gcc.c-torture/compile/991213-2.c,  -O3 -fomit-frame-pointer -funroll-loops  
FAIL: gcc.c-torture/compile/991213-2.c,  -O3 -fomit-frame-pointer -funroll-all-loops -finline-functions  
FAIL: gcc.c-torture/compile/991213-2.c,  -O3 -g  
FAIL: gcc.c-torture/compile/991213-2.c,  -Os  
FAIL: gcc.c-torture/compile/labels-2.c,  -O2  
FAIL: gcc.c-torture/compile/labels-2.c,  -O3 -fomit-frame-pointer  
FAIL: gcc.c-torture/compile/labels-2.c,  -O3 -g  
FAIL: gcc.c-torture/compile/labels-2.c,  -Os  
FAIL: gcc.c-torture/compile/20000105-1.c,  -O1  
FAIL: gcc.c-torture/execute/991202-3.c execution,  -O0 
FAIL: gcc.c-torture/execute/991202-3.c execution,  -O1 
FAIL: gcc.c-torture/execute/991202-3.c execution,  -O2 
FAIL: gcc.c-torture/execute/991202-3.c execution,  -O3 -fomit-frame-pointer 
FAIL: gcc.c-torture/execute/991202-3.c execution,  -O3 -g 
FAIL: gcc.c-torture/execute/991202-3.c execution,  -Os 
FAIL: gcc.c-torture/execute/991221-1.c execution,  -O1 
FAIL: gcc.c-torture/execute/991221-1.c execution,  -O2 
FAIL: gcc.c-torture/execute/991221-1.c execution,  -O3 -fomit-frame-pointer 
FAIL: gcc.c-torture/execute/991221-1.c execution,  -O3 -g 
FAIL: gcc.c-torture/execute/991221-1.c execution,  -Os 
XPASS: gcc.c-torture/execute/ieee/980619-1.c execution,  -O1 
XPASS: gcc.c-torture/execute/ieee/980619-1.c execution,  -O2 
XPASS: gcc.c-torture/execute/ieee/980619-1.c execution,  -O3 -fomit-frame-pointer 
XPASS: gcc.c-torture/execute/ieee/980619-1.c execution,  -O3 -fomit-frame-pointer -funroll-loops 
XPASS: gcc.c-torture/execute/ieee/980619-1.c execution,  -O3 -fomit-frame-pointer -funroll-all-loops -finline-functions 
XPASS: gcc.c-torture/execute/ieee/980619-1.c execution,  -O3 -g 
XPASS: gcc.c-torture/execute/ieee/980619-1.c execution,  -Os 
FAIL: gcc.dg/20000111-1.c (test for excess errors)
FAIL: gcc.dg/990213-2.c (test for excess errors)
FAIL: gcc.dg/991214-1.c (test for excess errors)
FAIL: gcc.dg/special/weak-1.c execution test

		=== gcc Summary ===

# of expected passes		9011
# of unexpected failures	28
# of unexpected successes	7
# of expected failures		32
# of unsupported tests		15
/disk2/cvs/egcs-curr/build/build.lnx/gcc/xgcc version 2.96 20000117 (experimental)

		=== g++ tests ===


Running target unix
FAIL: g++.dg/special/conpr-1.C execution test
FAIL: g++.dg/special/conpr-2.C execution test
FAIL: g++.dg/special/conpr-3.C execution test
FAIL: g++.dg/special/conpr-3.C execution test
FAIL: g++.ext/initp1.C  Execution test

		=== g++ Summary ===

# of expected passes		5686
# of unexpected failures	5
# of expected failures		97
# of untested testcases		8
/disk2/cvs/egcs-curr/build/build.lnx/gcc/testsuite/../xgcc version 2.96 20000117 (experimental)

		=== g77 tests ===


Running target unix

		=== g77 Summary ===

# of expected passes		664
		=== objc tests ===


Running target unix
FAIL: objc/execute/bf-1.m compilation,  -O 
FAIL: objc/execute/bf-10.m compilation,  -O 
FAIL: objc/execute/bf-11.m compilation,  -O 
FAIL: objc/execute/bf-12.m compilation,  -O 
FAIL: objc/execute/bf-13.m compilation,  -O 
FAIL: objc/execute/bf-14.m compilation,  -O 
FAIL: objc/execute/bf-15.m compilation,  -O 
FAIL: objc/execute/bf-16.m compilation,  -O 
FAIL: objc/execute/bf-17.m compilation,  -O 
FAIL: objc/execute/bf-18.m compilation,  -O 
FAIL: objc/execute/bf-19.m compilation,  -O 
FAIL: objc/execute/bf-2.m compilation,  -O 
FAIL: objc/execute/bf-3.m compilation,  -O 
FAIL: objc/execute/bf-4.m compilation,  -O 
FAIL: objc/execute/bf-5.m compilation,  -O 
FAIL: objc/execute/bf-6.m compilation,  -O 
FAIL: objc/execute/bf-7.m compilation,  -O 
FAIL: objc/execute/bf-8.m compilation,  -O 
FAIL: objc/execute/bf-9.m compilation,  -O 

		=== objc Summary ===

# of unexpected failures	19
# of untested testcases		19
/disk2/cvs/egcs-curr/build/build.lnx/gcc/xgcc version 2.96 20000117 (experimental)


Compiler version: 2.96 20000117 (experimental) 
Platform: i586-pc-linux-gnu
configure flags: --with-gcc-version-trigger=/home/andris/cvs/egcs-curr/build/egcs-20000117/gcc/version.c --host=i586-pc-linux-gnu --prefix=/usr --enable-shared --with-gnu-ld --enable-threads --verbose --norecursion

Counting all warnings,
there are 171 warnings in stage3 of this bootstrap.

Number of warnings per file:
     17	../../../egcs-20000117/gcc/cp/search.c
     14	../../../egcs-20000117/gcc/f/global.c
     12	../../../egcs-20000117/gcc/java/lex.c
     10	../../../egcs-20000117/gcc/f/storag.c
      8	../../../egcs-20000117/gcc/f/lex.c
      8	../../../egcs-20000117/gcc/f/equiv.c
      8	../../../egcs-20000117/gcc/cp/class.c
      6	./parse.y
      6	../../egcs-20000117/gcc/bitmap.c
      6	../../../egcs-20000117/gcc/f/expr.c
      5	../../egcs-20000117/gcc/final.c
      5	../../../egcs-20000117/gcc/cp/decl.c
      4	cexp.y
      4	../../egcs-20000117/gcc/combine.c
      4	../../../egcs-20000117/gcc/f/target.c
      4	../../../egcs-20000117/gcc/f/ste.c
      3	../../egcs-20000117/gcc/expr.c
      3	../../egcs-20000117/gcc/dwarf2out.c
      3	../../egcs-20000117/gcc/config/i386/i386.c
      3	../../egcs-20000117/gcc/cccp.c
      3	../../egcs-20000117/gcc/c-typeck.c
      3	../../../egcs-20000117/gcc/f/com.c
      2	str-ot.j
      2	str-1t.j
      2	../../egcs-20000117/gcc/fold-const.c
      2	../../../egcs-20000117/gcc/f/symbol.c
      2	../../../egcs-20000117/gcc/f/std.c
      2	../../../egcs-20000117/gcc/f/bad.c
      1	str-op.j
      1	str-nq.j
      1	str-io.j
      1	str-fo.j
      1	str-2t.j
      1	insn-output.c
      1	../../egcs-20000117/gcc/varasm.c
      1	../../egcs-20000117/gcc/unroll.c
      1	../../egcs-20000117/gcc/stor-layout.c
      1	../../egcs-20000117/gcc/reload.c
      1	../../egcs-20000117/gcc/optabs.c
      1	../../egcs-20000117/gcc/gcov-io.h
      1	../../egcs-20000117/gcc/gcc.c
      1	../../egcs-20000117/gcc/dwarfout.c
      1	../../egcs-20000117/gcc/collect2.c
      1	../../../egcs-20000117/gcc/f/malloc.c
      1	../../../egcs-20000117/gcc/cp/tree.c
      1	../../../egcs-20000117/gcc/cp/pt.c
      1	../../../egcs-20000117/gcc/cp/init.c
      1	../../../egcs-20000117/gcc/cp/error.c

Number of warning types:
     57	Use of ANSI string concatenation
     47	signed and unsigned type in conditional expression
     20	`long' switch expression not converted to `int' in ANSI C
     15	comparison between signed and unsigned
     14	format not a string literal, argument types not checked
     12	variable `???' might be clobbered by `longjmp' or `vfork'
      4	`???' might be used uninitialized in this function
      1	passing arg ??? of `???' discards qualifiers from pointer target type
      1	`???' defined but not used


More information about the Gcc-testresults mailing list