Results for 2.96 20000115 (experimental) testsuite on i586-redhat6-linux-gnu

Manfred Hollstein mhollstein@cygnus.com
Sun Jan 16 11:01:00 GMT 2000


Compiler version: 2.96 20000115 (experimental) 
Platform:	  i586-redhat6-linux-gnu

Sources:	  - gcc mainline from CVS last updated at
		    2000/01/15 16:13:47 +0100
		  - libg++-2.8.1.3
Patches:	  None.
Environment:	  - autoconf-20000115 via anonymous CVS from sourceware.cygnus.com
		  - automake-20000115 via anonymous CVS from sourceware.cygnus.com
		  - binutils-20000115 via anonymous CVS from sourceware.cygnus.com
		  - dejagnu-19990614
		  - Red Hat Linux 6.1
		    + recommended updates as of today
		  - Kernel 2.2.12-32 (compiled by
		      "gcc version egcs-2.91.66 19990314/Linux (egcs-1.1.2 release)")
		  - glibc-2.1.2-11
		  - glibc-devel-2.1.2-11

Remarks:	  None.


configure flags:  --with-gcc-version-trigger=/home/gnu/work/GNU/egcs-20000115/gcc/version.c --host=i586-redhat6-linux-gnu --srcdir=../egcs-20000115 --prefix=/opt/gnu --with-gnu-as --with-gnu-ld --enable-shared --enable-version-specific-runtime-libs --enable-java-gc=boehm --enable-fast-character --enable-threads=posix --with-local-prefix=/opt/gnu --enable-nls --verbose --norecursion
BOOT_CC:	  gcc version 2.95.2 19991024 (release)
BOOT_CFLAGS:	  -O9 -funroll-all-loops -march=pentium -fomit-frame-pointer $(WARN_CFLAGS)
CFLAGS:		  -O9 -march=pentium -fomit-frame-pointer
CXXFLAGS:	  -O9 -march=pentium -fomit-frame-pointer -g


Native configuration is i586-redhat6-linux-gnu

		=== libio tests ===


Running target unix

		=== libio Summary ===

# of expected passes		40
		=== libstdc++ tests ===


Running target unix

		=== libstdc++ Summary ===

# of expected passes		30
		=== libg++ tests ===


Running target unix

		=== libg++ Summary ===

# of expected passes		72
		=== gcc tests ===


Running target unix
FAIL: gcc.c-torture/compile/991127-1.c,  -O2  
FAIL: gcc.c-torture/compile/991127-1.c,  -Os  
FAIL: gcc.c-torture/compile/991213-2.c,  -O2  
FAIL: gcc.c-torture/compile/991213-2.c,  -O3 -fomit-frame-pointer  
FAIL: gcc.c-torture/compile/991213-2.c,  -O3 -fomit-frame-pointer -funroll-loops  
FAIL: gcc.c-torture/compile/991213-2.c,  -O3 -fomit-frame-pointer -funroll-all-loops -finline-functions  
FAIL: gcc.c-torture/compile/991213-2.c,  -O3 -g  
FAIL: gcc.c-torture/compile/991213-2.c,  -Os  
FAIL: gcc.c-torture/compile/labels-2.c,  -O2  
FAIL: gcc.c-torture/compile/labels-2.c,  -O3 -fomit-frame-pointer  
FAIL: gcc.c-torture/compile/labels-2.c,  -O3 -g  
FAIL: gcc.c-torture/compile/labels-2.c,  -Os  
FAIL: gcc.c-torture/compile/20000105-1.c,  -O1  
FAIL: gcc.c-torture/execute/991202-3.c execution,  -O0 
FAIL: gcc.c-torture/execute/991202-3.c execution,  -O1 
FAIL: gcc.c-torture/execute/991202-3.c execution,  -O2 
FAIL: gcc.c-torture/execute/991202-3.c execution,  -O3 -fomit-frame-pointer 
FAIL: gcc.c-torture/execute/991202-3.c execution,  -O3 -g 
FAIL: gcc.c-torture/execute/991202-3.c execution,  -Os 
FAIL: gcc.c-torture/execute/991221-1.c execution,  -O1 
FAIL: gcc.c-torture/execute/991221-1.c execution,  -O2 
FAIL: gcc.c-torture/execute/991221-1.c execution,  -O3 -fomit-frame-pointer 
FAIL: gcc.c-torture/execute/991221-1.c execution,  -O3 -g 
FAIL: gcc.c-torture/execute/991221-1.c execution,  -Os 
XPASS: gcc.c-torture/execute/ieee/980619-1.c execution,  -O1 
XPASS: gcc.c-torture/execute/ieee/980619-1.c execution,  -O2 
XPASS: gcc.c-torture/execute/ieee/980619-1.c execution,  -O3 -fomit-frame-pointer 
XPASS: gcc.c-torture/execute/ieee/980619-1.c execution,  -O3 -fomit-frame-pointer -funroll-loops 
XPASS: gcc.c-torture/execute/ieee/980619-1.c execution,  -O3 -fomit-frame-pointer -funroll-all-loops -finline-functions 
XPASS: gcc.c-torture/execute/ieee/980619-1.c execution,  -O3 -g 
XPASS: gcc.c-torture/execute/ieee/980619-1.c execution,  -Os 
FAIL: gcc.dg/20000111-1.c (test for excess errors)
FAIL: gcc.dg/990213-2.c (test for excess errors)
FAIL: gcc.dg/991214-1.c (test for excess errors)

		=== gcc Summary ===

# of expected passes		9014
# of unexpected failures	27
# of unexpected successes	7
# of expected failures		32
# of unsupported tests		14
/home/gnu/work/GNU/egcs-20000115-i586-redhat6-linux-gnu/gcc/xgcc version 2.96 20000115 (experimental)

		=== g++ tests ===


Running target unix
FAIL: g++.eh/spec2.C  Execution test
FAIL: g++.eh/spec3.C  Execution test
FAIL: g++.eh/spec4.C  Execution test
FAIL: g++.mike/dyncast1.C  Execution test
FAIL: g++.mike/dyncast2.C  Execution test
FAIL: g++.mike/eh33.C  Execution test
FAIL: g++.mike/eh50.C  Execution test
FAIL: g++.mike/eh51.C  Execution test

		=== g++ Summary ===

# of expected passes		5683
# of unexpected failures	8
# of expected failures		97
# of untested testcases		7
/home/gnu/work/GNU/egcs-20000115-i586-redhat6-linux-gnu/gcc/testsuite/../xgcc version 2.96 20000115 (experimental)

		=== g77 tests ===


Running target unix

		=== g77 Summary ===

# of expected passes		664
		=== objc tests ===


Running target unix
FAIL: objc/execute/bf-1.m compilation,  -O 
FAIL: objc/execute/bf-10.m compilation,  -O 
FAIL: objc/execute/bf-11.m compilation,  -O 
FAIL: objc/execute/bf-12.m compilation,  -O 
FAIL: objc/execute/bf-13.m compilation,  -O 
FAIL: objc/execute/bf-14.m compilation,  -O 
FAIL: objc/execute/bf-15.m compilation,  -O 
FAIL: objc/execute/bf-16.m compilation,  -O 
FAIL: objc/execute/bf-17.m compilation,  -O 
FAIL: objc/execute/bf-18.m compilation,  -O 
FAIL: objc/execute/bf-19.m compilation,  -O 
FAIL: objc/execute/bf-2.m compilation,  -O 
FAIL: objc/execute/bf-3.m compilation,  -O 
FAIL: objc/execute/bf-4.m compilation,  -O 
FAIL: objc/execute/bf-5.m compilation,  -O 
FAIL: objc/execute/bf-6.m compilation,  -O 
FAIL: objc/execute/bf-7.m compilation,  -O 
FAIL: objc/execute/bf-8.m compilation,  -O 
FAIL: objc/execute/bf-9.m compilation,  -O 

		=== objc Summary ===

# of unexpected failures	19
# of untested testcases		19
/home/gnu/work/GNU/egcs-20000115-i586-redhat6-linux-gnu/gcc/xgcc version 2.96 20000115 (experimental)


Counting all warnings,
there are 199 warnings in stage3 of this bootstrap.

Number of warnings per file:
     16	../../../egcs-20000115/libiberty/pexecute.c
     16	../../../egcs-20000115/gcc/cp/search.c
     14	../../../egcs-20000115/gcc/f/global.c
     12	../../../egcs-20000115/gcc/java/lex.c
     10	../../../egcs-20000115/gcc/f/storag.c
      8	../../../egcs-20000115/libiberty/floatformat.c
      8	../../../egcs-20000115/gcc/f/lex.c
      8	../../../egcs-20000115/gcc/f/equiv.c
      7	../../../egcs-20000115/gcc/cp/class.c
      6	./parse.y
      6	../../egcs-20000115/gcc/bitmap.c
      6	../../../egcs-20000115/gcc/f/expr.c
      5	../../egcs-20000115/gcc/final.c
      5	../../../egcs-20000115/gcc/cp/decl.c
      4	cexp.y
      4	../../egcs-20000115/gcc/combine.c
      4	../../../egcs-20000115/gcc/f/target.c
      4	../../../egcs-20000115/gcc/f/ste.c
      4	../../../../egcs-20000115/libg++/src/AllocRing.cc
      3	../../egcs-20000115/gcc/expr.c
      3	../../egcs-20000115/gcc/dwarf2out.c
      3	../../egcs-20000115/gcc/config/i386/i386.c
      3	../../egcs-20000115/gcc/cccp.c
      3	../../egcs-20000115/gcc/c-typeck.c
      3	../../../egcs-20000115/gcc/f/com.c
      2	str-ot.j
      2	str-1t.j
      2	cc1plus
      2	../../egcs-20000115/gcc/fold-const.c
      2	../../../egcs-20000115/gcc/f/symbol.c
      2	../../../egcs-20000115/gcc/f/std.c
      2	../../../egcs-20000115/gcc/f/bad.c
      1	str-op.j
      1	str-nq.j
      1	str-io.j
      1	str-fo.j
      1	str-2t.j
      1	insn-output.c
      1	../../egcs-20000115/gcc/varasm.c
      1	../../egcs-20000115/gcc/unroll.c
      1	../../egcs-20000115/gcc/stor-layout.c
      1	../../egcs-20000115/gcc/reload.c
      1	../../egcs-20000115/gcc/optabs.c
      1	../../egcs-20000115/gcc/gcov-io.h
      1	../../egcs-20000115/gcc/gcc.c
      1	../../egcs-20000115/gcc/dwarfout.c
      1	../../egcs-20000115/gcc/collect2.c
      1	../../../egcs-20000115/gcc/f/malloc.c
      1	../../../egcs-20000115/gcc/cp/tree.c
      1	../../../egcs-20000115/gcc/cp/pt.c
      1	../../../egcs-20000115/gcc/cp/init.c
      1	../../../egcs-20000115/gcc/cp/error.c

Number of warning types:
     57	Use of ANSI string concatenation
     45	signed and unsigned type in conditional expression
     23	comparison between signed and unsigned
     20	variable `???' might be clobbered by `longjmp' or `vfork'
     20	`long' switch expression not converted to `int' in ANSI C
     16	format not a string literal, argument types not checked
      6	`???' might be used uninitialized in this function
      4	unused parameter `???'
      4	`???' is not a pointer-to-object type
      2	-fthis-is-variable is no longer supported
      1	passing arg ??? of `???' discards qualifiers from pointer target type
      1	`???' defined but not used


More information about the Gcc-testresults mailing list