Results for 2.96 20000111 (experimental) testsuite on i586-pc-linux-gnu
David Ronis
ronis@montroll.chem.mcgill.ca
Wed Jan 12 08:57:00 GMT 2000
Native configuration is i586-pc-linux-gnu
=== gcc tests ===
Running target unix
FAIL: gcc.c-torture/compile/labels-2.c, -O2
FAIL: gcc.c-torture/compile/labels-2.c, -O3 -fomit-frame-pointer
FAIL: gcc.c-torture/compile/labels-2.c, -O3 -g
FAIL: gcc.c-torture/compile/labels-2.c, -Os
FAIL: gcc.c-torture/compile/20000105-1.c, -O1
FAIL: gcc.c-torture/execute/991202-3.c execution, -O0
FAIL: gcc.c-torture/execute/991202-3.c execution, -O1
FAIL: gcc.c-torture/execute/991202-3.c execution, -O2
FAIL: gcc.c-torture/execute/991202-3.c execution, -O3 -fomit-frame-pointer
FAIL: gcc.c-torture/execute/991202-3.c execution, -O3 -g
FAIL: gcc.c-torture/execute/991202-3.c execution, -Os
FAIL: gcc.c-torture/execute/991221-1.c execution, -O1
FAIL: gcc.c-torture/execute/991221-1.c execution, -O2
FAIL: gcc.c-torture/execute/991221-1.c execution, -O3 -fomit-frame-pointer
FAIL: gcc.c-torture/execute/991221-1.c execution, -O3 -g
FAIL: gcc.c-torture/execute/991221-1.c execution, -Os
XPASS: gcc.c-torture/execute/ieee/980619-1.c execution, -O1
XPASS: gcc.c-torture/execute/ieee/980619-1.c execution, -O2
XPASS: gcc.c-torture/execute/ieee/980619-1.c execution, -O3 -fomit-frame-pointer
XPASS: gcc.c-torture/execute/ieee/980619-1.c execution, -O3 -fomit-frame-pointer -funroll-loops
XPASS: gcc.c-torture/execute/ieee/980619-1.c execution, -O3 -fomit-frame-pointer -funroll-all-loops -finline-functions
XPASS: gcc.c-torture/execute/ieee/980619-1.c execution, -O3 -g
XPASS: gcc.c-torture/execute/ieee/980619-1.c execution, -Os
FAIL: gcc.dg/990213-2.c (test for excess errors)
FAIL: gcc.dg/991214-1.c (test for excess errors)
FAIL: gcc.dg/cast-qual-1.c discarding `const' warning (test for bogus messages, line 11)
FAIL: gcc.dg/cast-qual-1.c discarding `const' warning (test for warnings, line 17)
FAIL: gcc.dg/special/weak-1.c execution test
=== gcc Summary ===
# of expected passes 8989
# of unexpected failures 21
# of unexpected successes 7
# of expected failures 32
# of unsupported tests 15
/home/ronis/Project/notar/objdir/gcc/xgcc version 2.96 20000111 (experimental)
=== g++ tests ===
Running target unix
FAIL: g++.dg/special/conpr-1.C execution test
FAIL: g++.dg/special/conpr-2.C execution test
FAIL: g++.dg/special/conpr-3.C execution test
FAIL: g++.dg/special/conpr-3.C execution test
FAIL: g++.eh/spec2.C Execution test
FAIL: g++.eh/spec3.C Execution test
FAIL: g++.eh/spec4.C Execution test
FAIL: g++.ext/initp1.C Execution test
FAIL: g++.mike/dyncast1.C Execution test
FAIL: g++.mike/dyncast2.C Execution test
FAIL: g++.mike/eh33.C Execution test
FAIL: g++.mike/eh50.C Execution test
FAIL: g++.mike/eh51.C Execution test
=== g++ Summary ===
# of expected passes 5674
# of unexpected failures 13
# of expected failures 97
# of untested testcases 8
/home/ronis/Project/notar/objdir/gcc/testsuite/../xgcc version 2.96 20000111 (experimental)
=== g77 tests ===
Running target unix
=== g77 Summary ===
# of expected passes 664
=== objc tests ===
Running target unix
=== objc Summary ===
# of expected passes 38
/home/ronis/Project/notar/objdir/gcc/xgcc version 2.96 20000111 (experimental)
=== libio tests ===
Running target unix
=== libio Summary ===
# of expected passes 40
=== libstdc++ tests ===
Running target unix
=== libstdc++ Summary ===
# of expected passes 30
Compiler version: 2.96 20000111 (experimental)
Platform: i586-pc-linux-gnu
configure flags: --with-gcc-version-trigger=/home/ronis/Project/notar/egcs/gcc/version.c --host=i586-pc-linux-gnu --with-gnu-as --prefix=/usr --enable-shared --with-gnu-ld --norecursion
BOOT_CFLAGS=-O3 -march=pentium -funroll-loops -fomit-frame-pointer -fstrict-aliasing
More information about the Gcc-testresults
mailing list