Results for haifa-enabled 2.96 20000110 (experimental) testsuite on mips-sgi-irix6.5

Billinghurst, David (RTD) David.Billinghurst@riotinto.com.au
Wed Jan 12 06:08:00 GMT 2000


Native configuration is mips-sgi-irix6.5

		=== objc tests ===


Running target unix

		=== objc Summary ===

# of expected passes		38
/exd4/billingd/obj/egcs-20000110-parallel/gcc/xgcc version 2.96 20000110
(experimental)

		=== gcc tests ===


Running target unix
FAIL: gcc.c-torture/compile/991229-3.c,  -O3 -fomit-frame-pointer
-funroll-loops  
FAIL: gcc.c-torture/compile/991229-3.c,  -O3 -fomit-frame-pointer
-funroll-all-loops -finline-functions  
FAIL: gcc.c-torture/compile/20000105-1.c,  -O1  
FAIL: gcc.c-torture/compile/930506-2.c,  -O3 -g  
FAIL: gcc.c-torture/compile/920415-1.c,  -O3 -g  
FAIL: gcc.c-torture/execute/920415-1.c compilation,  -O3 -g 
FAIL: gcc.c-torture/execute/920612-2.c compilation,  -O3 -g 
FAIL: gcc.c-torture/execute/920721-4.c compilation,  -O3 -g 
FAIL: gcc.c-torture/execute/921017-1.c compilation,  -O3 -g 
FAIL: gcc.c-torture/execute/921215-1.c compilation,  -O3 -g 
FAIL: gcc.c-torture/execute/931002-1.c compilation,  -O3 -g 
FAIL: gcc.c-torture/execute/991202-3.c execution,  -O0 
FAIL: gcc.c-torture/execute/991202-3.c execution,  -O1 
FAIL: gcc.c-torture/execute/991202-3.c execution,  -O2 
FAIL: gcc.c-torture/execute/991202-3.c execution,  -O3 -fomit-frame-pointer 
FAIL: gcc.c-torture/execute/991202-3.c execution,  -O3 -g 
FAIL: gcc.c-torture/execute/991202-3.c execution,  -Os 
FAIL: gcc.c-torture/execute/991221-1.c execution,  -O1 
FAIL: gcc.c-torture/execute/991221-1.c execution,  -O2 
FAIL: gcc.c-torture/execute/991221-1.c execution,  -O3 -fomit-frame-pointer 
FAIL: gcc.c-torture/execute/991221-1.c execution,  -O3 -g 
FAIL: gcc.c-torture/execute/991221-1.c execution,  -Os 
FAIL: gcc.c-torture/execute/nestfunc-1.c compilation,  -O3 -g 
XPASS: gcc.c-torture/execute/memcheck/blkarg.c execution,  -O0 
XPASS: gcc.c-torture/execute/memcheck/blkarg.c execution,  -O1 
XPASS: gcc.c-torture/execute/memcheck/blkarg.c execution,  -O2 
XPASS: gcc.c-torture/execute/memcheck/blkarg.c execution,  -Os 
FAIL: gcc.dg/cast-qual-1.c discarding `const' warning (test for bogus
messages, line 11)
FAIL: gcc.dg/cast-qual-1.c discarding `const' warning (test for warnings,
line 17)
FAIL: alias-1.c
FAIL: wkali-1.c
FAIL: wkali-2b.o

		=== gcc Summary ===

# of expected passes		8945
# of unexpected failures	28
# of unexpected successes	4
# of expected failures		28
# of unresolved testcases	7
# of unsupported tests		32
/exd4/billingd/obj/egcs-20000110-parallel/gcc/xgcc version 2.96 20000110
(experimental)

		=== g77 tests ===


Running target unix

		=== g77 Summary ===

# of expected passes		654
		=== g++ tests ===


Running target unix
FAIL: g++.dg/special/conpr-1.C execution test
FAIL: g++.dg/special/conpr-2.C execution test
FAIL: g++.dg/special/conpr-3.C execution test
FAIL: g++.dg/special/conpr-3.C execution test
FAIL: g++.ext/initp1.C  Execution test
FAIL: g++.other/new3.C  Execution test

		=== g++ Summary ===

# of expected passes		5659
# of unexpected failures	6
# of expected failures		101
# of untested testcases		18
/exd4/billingd/obj/egcs-20000110-parallel/gcc/testsuite/../xgcc version 2.96
20000110 (experimental)

		=== libstdc++ tests ===


Running target unix

		=== libstdc++ Summary ===

# of expected passes		30
		=== libio tests ===


Running target unix

		=== libio Summary ===

# of expected passes		40

Compiler version: haifa-enabled 2.96 20000110 (experimental) 
Platform: mips-sgi-irix6.5
configure flags:
--with-gcc-version-trigger=/exd4/billingd/src/egcs-20000110/gcc/version.c
--host=mips-sgi-irix6.5 --enable-shared --enable-haifa --enable-pthreads
--prefix=/exd4/billingd/tmp/egcs-20000110 --norecursion



More information about the Gcc-testresults mailing list