Results for 2.96 20000110 (experimental) testsuite on sparc-sun-solaris2.5

Alexandre Oliva oliva@lsd.ic.unicamp.br
Tue Jan 11 15:33:00 GMT 2000


Native configuration is sparc-sun-solaris2.5

		=== g++ tests ===


Running target unix
FAIL: g++.dg/special/conpr-1.C execution test
FAIL: g++.dg/special/conpr-2.C execution test
FAIL: g++.dg/special/conpr-3.C execution test
FAIL: g++.dg/special/conpr-3.C execution test
FAIL: g++.ext/initp1.C  Execution test
FAIL: g++.other/vaarg3.C promote (test for errors, line 26)

		=== g++ Summary ===

# of expected passes		5666
# of unexpected failures	6
# of expected failures		97
# of untested testcases		16
/tmp/egcs/gcc/testsuite/../xgcc version 2.96 20000110 (experimental)

		=== g77 tests ===


Running target unix

		=== g77 Summary ===

# of expected passes		654
		=== gcc tests ===


Running target unix
FAIL: gcc.c-torture/compile/991229-3.c,  -O3 -fomit-frame-pointer -funroll-loops  
FAIL: gcc.c-torture/compile/991229-3.c,  -O3 -fomit-frame-pointer -funroll-all-loops -finline-functions  
FAIL: gcc.c-torture/compile/20000105-1.c,  -O1  
FAIL: gcc.c-torture/execute/980205.c execution,  -O0 
FAIL: gcc.c-torture/execute/991202-3.c execution,  -O0 
FAIL: gcc.c-torture/execute/991202-3.c execution,  -O1 
FAIL: gcc.c-torture/execute/991202-3.c execution,  -O2 
FAIL: gcc.c-torture/execute/991202-3.c execution,  -O3 -fomit-frame-pointer 
FAIL: gcc.c-torture/execute/991202-3.c execution,  -O3 -g 
FAIL: gcc.c-torture/execute/991202-3.c execution,  -Os 
FAIL: gcc.c-torture/execute/991221-1.c execution,  -O1 
FAIL: gcc.c-torture/execute/991221-1.c execution,  -O2 
FAIL: gcc.c-torture/execute/991221-1.c execution,  -O3 -fomit-frame-pointer 
FAIL: gcc.c-torture/execute/991221-1.c execution,  -O3 -g 
FAIL: gcc.c-torture/execute/991221-1.c execution,  -Os 
FAIL: gcc.dg/cast-qual-1.c discarding `const' warning (test for bogus messages, line 11)
FAIL: gcc.dg/cast-qual-1.c discarding `const' warning (test for warnings, line 17)
FAIL: gcc.dg/ultrasp1.c (test for excess errors)

		=== gcc Summary ===

# of expected passes		8965
# of unexpected failures	18
# of expected failures		32
# of unsupported tests		32
/tmp/egcs/gcc/xgcc version 2.96 20000110 (experimental)

		=== libg++ tests ===


Running target unix

		=== libg++ Summary ===

# of expected passes		72
		=== libio tests ===


Running target unix
FAIL: tFile.cc execution 
FAIL: tFile.cc execution -b0
FAIL: tFile.cc execution -b3
FAIL: tfformat.c execution 

		=== libio Summary ===

# of expected passes		33
# of unexpected failures	4
# of expected failures		4
		=== libstdc++ tests ===


Running target unix

		=== libstdc++ Summary ===

# of expected passes		30
		=== objc tests ===


Running target unix
FAIL: objc/execute/bf-1.m compilation,  -O 
FAIL: objc/execute/bf-10.m compilation,  -O 
FAIL: objc/execute/bf-11.m compilation,  -O 
FAIL: objc/execute/bf-12.m compilation,  -O 
FAIL: objc/execute/bf-13.m compilation,  -O 
FAIL: objc/execute/bf-14.m compilation,  -O 
FAIL: objc/execute/bf-15.m compilation,  -O 
FAIL: objc/execute/bf-16.m compilation,  -O 
FAIL: objc/execute/bf-17.m compilation,  -O 
FAIL: objc/execute/bf-18.m compilation,  -O 
FAIL: objc/execute/bf-19.m compilation,  -O 
FAIL: objc/execute/bf-2.m compilation,  -O 
FAIL: objc/execute/bf-3.m compilation,  -O 
FAIL: objc/execute/bf-4.m compilation,  -O 
FAIL: objc/execute/bf-5.m compilation,  -O 
FAIL: objc/execute/bf-6.m compilation,  -O 
FAIL: objc/execute/bf-7.m compilation,  -O 
FAIL: objc/execute/bf-8.m compilation,  -O 
FAIL: objc/execute/bf-9.m compilation,  -O 

		=== objc Summary ===

# of unexpected failures	19
# of untested testcases		19
/tmp/egcs/gcc/xgcc version 2.96 20000110 (experimental)


Compiler version: 2.96 20000110 (experimental) 
Platform: sparc-sun-solaris2.5

BOOT_CFLAGS: -g -O9 -W -Wall

Counting all warnings,
there are 165 warnings in stage3 of this bootstrap.

Number of warnings per file:
     16	/home/phd/oliva/src/egcs/gcc/cp/search.c
     14	/home/phd/oliva/src/egcs/gcc/f/global.c
     12	/home/phd/oliva/src/egcs/gcc/java/lex.c
     10	/home/phd/oliva/src/egcs/gcc/f/storag.c
      8	/home/phd/oliva/src/egcs/gcc/f/lex.c
      8	/home/phd/oliva/src/egcs/gcc/f/equiv.c
      6	/home/phd/oliva/src/egcs/gcc/f/expr.c
      6	/home/phd/oliva/src/egcs/gcc/cp/class.c
      6	/home/phd/oliva/src/egcs/gcc/bitmap.c
      6	./parse.y
      5	/home/phd/oliva/src/egcs/gcc/final.c
      5	/home/phd/oliva/src/egcs/gcc/expr.c
      5	/home/phd/oliva/src/egcs/gcc/cp/decl.c
      4	cexp.y
      4	/home/phd/oliva/src/egcs/gcc/f/ste.c
      4	/home/phd/oliva/src/egcs/gcc/combine.c
      3	insn-output.c
      3	/home/phd/oliva/src/egcs/gcc/config/sparc/sparc.c
      3	/home/phd/oliva/src/egcs/gcc/cccp.c
      3	/home/phd/oliva/src/egcs/gcc/c-typeck.c
      2	str-ot.j
      2	str-1t.j
      2	/home/phd/oliva/src/egcs/gcc/reload1.c
      2	/home/phd/oliva/src/egcs/gcc/fold-const.c
      2	/home/phd/oliva/src/egcs/gcc/f/symbol.c
      2	/home/phd/oliva/src/egcs/gcc/f/std.c
      2	/home/phd/oliva/src/egcs/gcc/f/com.c
      2	/home/phd/oliva/src/egcs/gcc/f/bad.c
      1	str-op.j
      1	str-nq.j
      1	str-io.j
      1	str-fo.j
      1	str-2t.j
      1	/home/phd/oliva/src/egcs/gcc/varasm.c
      1	/home/phd/oliva/src/egcs/gcc/unroll.c
      1	/home/phd/oliva/src/egcs/gcc/stor-layout.c
      1	/home/phd/oliva/src/egcs/gcc/reload.c
      1	/home/phd/oliva/src/egcs/gcc/optabs.c
      1	/home/phd/oliva/src/egcs/gcc/ggc-page.c
      1	/home/phd/oliva/src/egcs/gcc/gcov-io.h
      1	/home/phd/oliva/src/egcs/gcc/gcc.c
      1	/home/phd/oliva/src/egcs/gcc/cppinit.c
      1	/home/phd/oliva/src/egcs/gcc/cp/tree.c
      1	/home/phd/oliva/src/egcs/gcc/cp/pt.c
      1	/home/phd/oliva/src/egcs/gcc/cp/error.c
      1	/home/phd/oliva/src/egcs/gcc/collect2.c

Number of warning types:
     57	Use of ANSI string concatenation
     41	signed and unsigned type in conditional expression
     16	comparison between signed and unsigned
     14	format not a string literal, argument types not checked
     14	`long' switch expression not converted to `int' in ANSI C
     12	variable `???' might be clobbered by `longjmp' or `vfork'
      3	control reaches end of non-void function
      3	`???' might be used uninitialized in this function
      1	unused parameter `???'
      1	passing arg ??? of `???' discards qualifiers from pointer target type
      1	implicit declaration of function `???'
      1	assignment discards qualifiers from pointer target type
      1	`???' defined but not used


More information about the Gcc-testresults mailing list