Results for 2.96 20000110 (experimental) testsuite on alpha-dec-osf4.0e
Brown, Rodney
rodneybrown@pmsc.com
Tue Jan 11 05:35:00 GMT 2000
Title: Results for 2.96 20000110 (experimental) testsuite on alpha-dec-osf4.0e
Native configuration is alpha-dec-osf4.0e
ÃÂ ÃÂ ÃÂ ÃÂ ÃÂ ÃÂ ÃÂ ÃÂ ÃÂ ÃÂ ÃÂ ÃÂ ÃÂ ÃÂ === libio tests ===
Running target unix
ÃÂ ÃÂ ÃÂ ÃÂ ÃÂ ÃÂ ÃÂ ÃÂ ÃÂ ÃÂ ÃÂ ÃÂ ÃÂ ÃÂ === libio Summary ===
# of expected passesÃÂ ÃÂ ÃÂ ÃÂ ÃÂ ÃÂ ÃÂ ÃÂ ÃÂ ÃÂ 40
ÃÂ ÃÂ ÃÂ ÃÂ ÃÂ ÃÂ ÃÂ ÃÂ ÃÂ ÃÂ ÃÂ ÃÂ ÃÂ ÃÂ === libstdc++ tests ===
Running target unix
FAIL: tstring.cc -O execution
ÃÂ ÃÂ ÃÂ ÃÂ ÃÂ ÃÂ ÃÂ ÃÂ ÃÂ ÃÂ ÃÂ ÃÂ ÃÂ ÃÂ === libstdc++ Summary ===
# of expected passesÃÂ ÃÂ ÃÂ ÃÂ ÃÂ ÃÂ ÃÂ ÃÂ ÃÂ ÃÂ 28
# of unexpected failuresÃÂ ÃÂ ÃÂ ÃÂ ÃÂ ÃÂ ÃÂ 1
# of expected failuresÃÂ ÃÂ ÃÂ ÃÂ ÃÂ ÃÂ ÃÂ ÃÂ 1
ÃÂ ÃÂ ÃÂ ÃÂ ÃÂ ÃÂ ÃÂ ÃÂ ÃÂ ÃÂ ÃÂ ÃÂ ÃÂ ÃÂ === gcc tests ===
Running target unix
FAIL: gcc.c-torture/compile/20000105-1.c,ÃÂ -O1ÃÂ
FAIL: gcc.c-torture/execute/930529-1.c execution,ÃÂ -O3 -fomit-frame-pointer
FAIL: gcc.c-torture/execute/930529-1.c execution,ÃÂ -O3 -fomit-frame-pointer -funroll-loops
FAIL: gcc.c-torture/execute/930529-1.c execution,ÃÂ -O3 -fomit-frame-pointer -funroll-all-loops -finline-functions
FAIL: gcc.c-torture/execute/930529-1.c execution,ÃÂ -O3 -g
FAIL: gcc.c-torture/execute/990811-1.c compilation,ÃÂ -O3 -fomit-frame-pointer
FAIL: gcc.c-torture/execute/990811-1.c compilation,ÃÂ -O3 -fomit-frame-pointer -funroll-loops
FAIL: gcc.c-torture/execute/990811-1.c compilation,ÃÂ -O3 -fomit-frame-pointer -funroll-all-loops -finline-functions
FAIL: gcc.c-torture/execute/990811-1.c compilation,ÃÂ -O3 -g
FAIL: gcc.c-torture/execute/991202-3.c execution,ÃÂ -O0
FAIL: gcc.c-torture/execute/991202-3.c execution,ÃÂ -O1
FAIL: gcc.c-torture/execute/991202-3.c execution,ÃÂ -O2
FAIL: gcc.c-torture/execute/991202-3.c execution,ÃÂ -O3 -fomit-frame-pointer
FAIL: gcc.c-torture/execute/991202-3.c execution,ÃÂ -O3 -g
FAIL: gcc.c-torture/execute/991202-3.c execution,ÃÂ -Os
FAIL: gcc.c-torture/execute/ieee/fp-cmp-2.c execution,ÃÂ -O0
FAIL: gcc.c-torture/execute/ieee/fp-cmp-2.c execution,ÃÂ -O1
FAIL: gcc.c-torture/execute/ieee/fp-cmp-2.c execution,ÃÂ -O2
FAIL: gcc.c-torture/execute/ieee/fp-cmp-2.c execution,ÃÂ -O3 -fomit-frame-pointer
FAIL: gcc.c-torture/execute/ieee/fp-cmp-2.c execution,ÃÂ -O3 -fomit-frame-pointer -funroll-loops
FAIL: gcc.c-torture/execute/ieee/fp-cmp-2.c execution,ÃÂ -O3 -fomit-frame-pointer -funroll-all-loops -finline-functions
FAIL: gcc.c-torture/execute/ieee/fp-cmp-2.c execution,ÃÂ -O3 -g
FAIL: gcc.c-torture/execute/ieee/fp-cmp-2.c execution,ÃÂ -Os
FAIL: gcc.c-torture/execute/ieee/mzero2.c execution,ÃÂ -O0
FAIL: gcc.c-torture/execute/ieee/mzero2.c execution,ÃÂ -O1
FAIL: gcc.c-torture/execute/ieee/mzero2.c execution,ÃÂ -O2
FAIL: gcc.c-torture/execute/ieee/mzero2.c execution,ÃÂ -O3 -fomit-frame-pointer
FAIL: gcc.c-torture/execute/ieee/mzero2.c execution,ÃÂ -O3 -g
FAIL: gcc.c-torture/execute/ieee/mzero2.c execution,ÃÂ -Os
XPASS: gcc.c-torture/execute/memcheck/blkarg.c execution,ÃÂ -O0
XPASS: gcc.c-torture/execute/memcheck/blkarg.c execution,ÃÂ -O1
XPASS: gcc.c-torture/execute/memcheck/blkarg.c execution,ÃÂ -O2
XPASS: gcc.c-torture/execute/memcheck/blkarg.c execution,ÃÂ -Os
FAIL: gcc.dg/cast-qual-1.c discarding \`const' warning (test for bogus messages, line 11)
FAIL: gcc.dg/cast-qual-1.c discarding \`const' warning (test for warnings, line 17)
ÃÂ ÃÂ ÃÂ ÃÂ ÃÂ ÃÂ ÃÂ ÃÂ ÃÂ ÃÂ ÃÂ ÃÂ ÃÂ ÃÂ === gcc Summary ===
# of expected passesÃÂ ÃÂ ÃÂ ÃÂ ÃÂ ÃÂ ÃÂ ÃÂ ÃÂ ÃÂ 8940
# of unexpected failuresÃÂ ÃÂ ÃÂ ÃÂ ÃÂ ÃÂ ÃÂ 31
# of unexpected successesÃÂ ÃÂ ÃÂ ÃÂ ÃÂ ÃÂ 4
# of expected failuresÃÂ ÃÂ ÃÂ ÃÂ ÃÂ ÃÂ ÃÂ ÃÂ 28
# of unresolved testcasesÃÂ ÃÂ ÃÂ ÃÂ ÃÂ ÃÂ 7
# of unsupported testsÃÂ ÃÂ ÃÂ ÃÂ ÃÂ ÃÂ ÃÂ ÃÂ 33
/user/rand/rdb/src/egcs-20000110.obj/gcc/xgcc version 2.96 20000110 (experimental)
ÃÂ ÃÂ ÃÂ ÃÂ ÃÂ ÃÂ ÃÂ ÃÂ ÃÂ ÃÂ ÃÂ ÃÂ ÃÂ ÃÂ === g++ tests ===
Running target unix
FAIL: g++.ext/attrib5.C (test for excess errors)
FAIL: g++.jason/thunk2.C (test for excess errors)
FAIL: g++.oliva/template7.C caused compiler crash
FAIL: g++.oliva/thunk1.C (test for excess errors)
FAIL: g++.other/syntax1.C (test for excess errors)
FAIL: g++.other/syntax2.C (test for excess errors)
FAIL: g++.pt/static6.C (test for excess errors)
ÃÂ ÃÂ ÃÂ ÃÂ ÃÂ ÃÂ ÃÂ ÃÂ ÃÂ ÃÂ ÃÂ ÃÂ ÃÂ ÃÂ === g++ Summary ===
# of expected passesÃÂ ÃÂ ÃÂ ÃÂ ÃÂ ÃÂ ÃÂ ÃÂ ÃÂ ÃÂ 5659
# of unexpected failuresÃÂ ÃÂ ÃÂ ÃÂ ÃÂ ÃÂ ÃÂ 7
# of expected failuresÃÂ ÃÂ ÃÂ ÃÂ ÃÂ ÃÂ ÃÂ ÃÂ 99
# of untested testcases ÃÂ ÃÂ ÃÂ ÃÂ ÃÂ ÃÂ ÃÂ 18
/user/rand/rdb/src/egcs-20000110.obj/gcc/testsuite/../xgcc version 2.96 20000110 (experimental)
ÃÂ ÃÂ ÃÂ ÃÂ ÃÂ ÃÂ ÃÂ ÃÂ ÃÂ ÃÂ ÃÂ ÃÂ ÃÂ ÃÂ === g77 tests ===
Running target unix
ÃÂ ÃÂ ÃÂ ÃÂ ÃÂ ÃÂ ÃÂ ÃÂ ÃÂ ÃÂ ÃÂ ÃÂ ÃÂ ÃÂ === g77 Summary ===
# of expected passesÃÂ ÃÂ ÃÂ ÃÂ ÃÂ ÃÂ ÃÂ ÃÂ ÃÂ ÃÂ 654
ÃÂ ÃÂ ÃÂ ÃÂ ÃÂ ÃÂ ÃÂ ÃÂ ÃÂ ÃÂ ÃÂ ÃÂ ÃÂ ÃÂ === objc tests ===
Running target unix
FAIL: objc/execute/bf-10.m execution,ÃÂ -O
FAIL: objc/execute/bf-16.m execution,ÃÂ -O
FAIL: objc/execute/bf-17.m execution,ÃÂ -O
ÃÂ ÃÂ ÃÂ ÃÂ ÃÂ ÃÂ ÃÂ ÃÂ ÃÂ ÃÂ ÃÂ ÃÂ ÃÂ ÃÂ === objc Summary ===
# of expected passesÃÂ ÃÂ ÃÂ ÃÂ ÃÂ ÃÂ ÃÂ ÃÂ ÃÂ ÃÂ 35
# of unexpected failuresÃÂ ÃÂ ÃÂ ÃÂ ÃÂ ÃÂ ÃÂ 3
/user/rand/rdb/src/egcs-20000110.obj/gcc/xgcc version 2.96 20000110 (experimental)
Compiler version: 2.96 20000110 (experimental)
Platform: alpha-dec-osf4.0e
configure flags: --with-gcc-version-trigger=/user/rand/rdb/src/egcs-20000110/gcc/version.c --host=alpha-dec-osf4.0e --norecursion
Counting all warnings,
there are 176 warnings in stage3 of this bootstrap.
Number of warnings per file:
ÃÂ 16 ../../../egcs-20000110/gcc/cp/search.c
ÃÂ 14 ../../../egcs-20000110/gcc/f/global.c
ÃÂ 12 ../../../egcs-20000110/gcc/java/lex.c
ÃÂ 10 ../../../egcs-20000110/gcc/f/storag.c
ÃÂ ÃÂ 8 ../../egcs-20000110/gcc/mips-tfile.c
ÃÂ ÃÂ 8 ../../../egcs-20000110/gcc/f/lex.c
ÃÂ ÃÂ 8 ../../../egcs-20000110/gcc/f/equiv.c
ÃÂ ÃÂ 6 ./parse.y
ÃÂ ÃÂ 6 ../../egcs-20000110/gcc/bitmap.c
ÃÂ ÃÂ 6 ../../../egcs-20000110/gcc/f/expr.c
ÃÂ ÃÂ 6 ../../../egcs-20000110/gcc/cp/class.c
ÃÂ ÃÂ 5 ../../egcs-20000110/gcc/final.c
ÃÂ ÃÂ 5 ../../egcs-20000110/gcc/expr.c
ÃÂ ÃÂ 5 ../../egcs-20000110/gcc/config/alpha/alpha.c
ÃÂ ÃÂ 5 ../../egcs-20000110/gcc/combine.c
ÃÂ ÃÂ 5 ../../../egcs-20000110/gcc/cp/decl.c
ÃÂ ÃÂ 4 cexp.y
ÃÂ ÃÂ 4 ../../../egcs-20000110/gcc/f/ste.c
ÃÂ ÃÂ 3 ../../egcs-20000110/gcc/cccp.c
ÃÂ ÃÂ 3 ../../egcs-20000110/gcc/c-typeck.c
ÃÂ ÃÂ 2 str-ot.j
ÃÂ ÃÂ 2 str-1t.j
ÃÂ ÃÂ 2 insn-recog.c
ÃÂ ÃÂ 2 ../../egcs-20000110/gcc/varasm.c
ÃÂ ÃÂ 2 ../../egcs-20000110/gcc/fold-const.c
ÃÂ ÃÂ 2 ../../../egcs-20000110/gcc/f/symbol.c
ÃÂ ÃÂ 2 ../../../egcs-20000110/gcc/f/std.c
ÃÂ ÃÂ 2 ../../../egcs-20000110/gcc/f/com.c
ÃÂ ÃÂ 2 ../../../egcs-20000110/gcc/f/bad.c
ÃÂ ÃÂ 1 str-op.j
ÃÂ ÃÂ 1 str-nq.j
ÃÂ ÃÂ 1 str-io.j
ÃÂ ÃÂ 1 str-fo.j
ÃÂ ÃÂ 1 str-2t.j
ÃÂ ÃÂ 1 include/ldfcn.h
ÃÂ ÃÂ 1 ../../egcs-20000110/gcc/unroll.c
ÃÂ ÃÂ 1 ../../egcs-20000110/gcc/stor-layout.c
ÃÂ ÃÂ 1 ../../egcs-20000110/gcc/reload1.c
ÃÂ ÃÂ 1 ../../egcs-20000110/gcc/reload.c
ÃÂ ÃÂ 1 ../../egcs-20000110/gcc/optabs.c
ÃÂ ÃÂ 1 ../../egcs-20000110/gcc/ggc-page.c
ÃÂ ÃÂ 1 ../../egcs-20000110/gcc/gcov-io.h
ÃÂ ÃÂ 1 ../../egcs-20000110/gcc/gcc.c
ÃÂ ÃÂ 1 ../../egcs-20000110/gcc/cppinit.c
ÃÂ ÃÂ 1 ../../egcs-20000110/gcc/collect2.c
ÃÂ ÃÂ 1 ../../../egcs-20000110/gcc/cp/tree.c
ÃÂ ÃÂ 1 ../../../egcs-20000110/gcc/cp/pt.c
ÃÂ ÃÂ 1 ../../../egcs-20000110/gcc/cp/error.c
Number of warning types:
ÃÂ 57 Use of ANSI string concatenation
ÃÂ 43 signed and unsigned type in conditional expression
ÃÂ 20 comparison between signed and unsigned
ÃÂ 19 \`long' switch expression not converted to \`int' in ANSI C
ÃÂ 14 format not a string literal, argument types not checked
ÃÂ 12 variable \`???' might be clobbered by \`longjmp' or \`vfork'
ÃÂ ÃÂ 4 \`???' might be used uninitialized in this function
ÃÂ ÃÂ 1 passing arg ??? of \`???' from incompatible pointer type
ÃÂ ÃÂ 1 passing arg ??? of \`???' discards qualifiers from pointer target type
ÃÂ ÃÂ 1 missing initializer
ÃÂ ÃÂ 1 macro arg \`???' would be stringified with -traditional.
ÃÂ ÃÂ 1 assignment discards qualifiers from pointer target type
ÃÂ ÃÂ 1 \`???' defined but not used
ÃÂ ÃÂ 1 (near initialization for \`???')
More information about the Gcc-testresults
mailing list