Results for 2.96 20000109 (experimental) testsuite on i686-pc-linux-gnu
Kaveh R. Ghazi
ghazi@caip.rutgers.edu
Mon Jan 10 08:19:00 GMT 2000
Native configuration is i686-pc-linux-gnu
=== libio tests ===
Running target unix
=== libio Summary ===
# of expected passes 40
=== libstdc++ tests ===
Running target unix
=== libstdc++ Summary ===
# of expected passes 30
=== gcc tests ===
Running target unix
FAIL: gcc.c-torture/compile/labels-2.c, -O2
FAIL: gcc.c-torture/compile/labels-2.c, -O3 -fomit-frame-pointer
FAIL: gcc.c-torture/compile/labels-2.c, -O3 -g
FAIL: gcc.c-torture/compile/labels-2.c, -Os
FAIL: gcc.c-torture/compile/20000105-1.c, -O1
FAIL: gcc.c-torture/execute/991202-3.c execution, -O0
FAIL: gcc.c-torture/execute/991202-3.c execution, -O1
FAIL: gcc.c-torture/execute/991202-3.c execution, -O2
FAIL: gcc.c-torture/execute/991202-3.c execution, -O3 -fomit-frame-pointer
FAIL: gcc.c-torture/execute/991202-3.c execution, -O3 -g
FAIL: gcc.c-torture/execute/991202-3.c execution, -Os
FAIL: gcc.c-torture/execute/991221-1.c execution, -O1
FAIL: gcc.c-torture/execute/991221-1.c execution, -O2
FAIL: gcc.c-torture/execute/991221-1.c execution, -O3 -fomit-frame-pointer
FAIL: gcc.c-torture/execute/991221-1.c execution, -O3 -g
FAIL: gcc.c-torture/execute/991221-1.c execution, -Os
XPASS: gcc.c-torture/execute/ieee/980619-1.c execution, -O1
XPASS: gcc.c-torture/execute/ieee/980619-1.c execution, -O2
XPASS: gcc.c-torture/execute/ieee/980619-1.c execution, -O3 -fomit-frame-pointer
XPASS: gcc.c-torture/execute/ieee/980619-1.c execution, -O3 -fomit-frame-pointer -funroll-loops
XPASS: gcc.c-torture/execute/ieee/980619-1.c execution, -O3 -fomit-frame-pointer -funroll-all-loops -finline-functions
XPASS: gcc.c-torture/execute/ieee/980619-1.c execution, -O3 -g
XPASS: gcc.c-torture/execute/ieee/980619-1.c execution, -Os
FAIL: gcc.dg/990213-2.c (test for excess errors)
FAIL: gcc.dg/991214-1.c (test for excess errors)
FAIL: gcc.dg/cast-qual-1.c discarding `const' warning (test for bogus messages, line 11)
FAIL: gcc.dg/cast-qual-1.c discarding `const' warning (test for warnings, line 17)
FAIL: gcc.dg/special/weak-1.c execution test
=== gcc Summary ===
# of expected passes 8989
# of unexpected failures 21
# of unexpected successes 7
# of expected failures 32
# of unsupported tests 15
/home/ghazi/gcc-testing/build/gcc/xgcc version 2.96 20000109 (experimental)
=== g++ tests ===
Running target unix
FAIL: g++.dg/special/conpr-1.C execution test
FAIL: g++.dg/special/conpr-2.C execution test
FAIL: g++.dg/special/conpr-3.C execution test
FAIL: g++.dg/special/conpr-3.C execution test
FAIL: g++.ext/initp1.C Execution test
=== g++ Summary ===
# of expected passes 5678
# of unexpected failures 5
# of expected failures 98
# of untested testcases 8
/home/ghazi/gcc-testing/build/gcc/testsuite/../xgcc version 2.96 20000109 (experimental)
=== g77 tests ===
Running target unix
=== g77 Summary ===
# of expected passes 654
=== objc tests ===
Running target unix
=== objc Summary ===
# of expected passes 38
/home/ghazi/gcc-testing/build/gcc/xgcc version 2.96 20000109 (experimental)
Compiler version: 2.96 20000109 (experimental)
Platform: i686-pc-linux-gnu
configure flags: --with-gcc-version-trigger=/home/ghazi/gcc-testing/egcs-CVS20000109/gcc/version.c --host=i686-pc-linux-gnu --verbose --norecursion
More information about the Gcc-testresults
mailing list