Results for 2.96 20000107 (experimental) testsuite on i586-pc-linux-gnulibc1

mrs@wrs.com mrs@wrs.com
Fri Jan 7 21:46:00 GMT 2000


Native configuration is i586-pc-linux-gnulibc1

		=== gcc tests ===


Running target unix
FAIL: gcc.c-torture/compile/labels-2.c,  -O2  
FAIL: gcc.c-torture/compile/labels-2.c,  -O3 -fomit-frame-pointer  
FAIL: gcc.c-torture/compile/labels-2.c,  -O3 -g  
FAIL: gcc.c-torture/compile/labels-2.c,  -Os  
FAIL: gcc.c-torture/compile/20000105-1.c,  -O1  
FAIL: gcc.c-torture/execute/991202-3.c execution,  -O0 
FAIL: gcc.c-torture/execute/991202-3.c execution,  -O1 
FAIL: gcc.c-torture/execute/991202-3.c execution,  -O2 
FAIL: gcc.c-torture/execute/991202-3.c execution,  -O3 -fomit-frame-pointer 
FAIL: gcc.c-torture/execute/991202-3.c execution,  -O3 -g 
FAIL: gcc.c-torture/execute/991202-3.c execution,  -Os 
FAIL: gcc.c-torture/execute/991221-1.c execution,  -O1 
FAIL: gcc.c-torture/execute/991221-1.c execution,  -O2 
FAIL: gcc.c-torture/execute/991221-1.c execution,  -O3 -fomit-frame-pointer 
FAIL: gcc.c-torture/execute/991221-1.c execution,  -O3 -g 
FAIL: gcc.c-torture/execute/991221-1.c execution,  -Os 
FAIL: gcc.dg/990213-2.c (test for excess errors)
FAIL: gcc.dg/991214-1.c (test for excess errors)
FAIL: gcc.dg/cast-qual-1.c discarding `const' warning (test for bogus messages, line 11)
FAIL: gcc.dg/cast-qual-1.c discarding `const' warning (test for warnings, line 17)
FAIL: gcc.dg/special/weak-1.c execution test

		=== gcc Summary ===

# of expected passes		8994
# of unexpected failures	21
# of expected failures		32
# of unsupported tests		15
/mnt3/home/mrs/net/egcs-x86/gcc/xgcc version 2.96 20000107 (experimental)

		=== g++ tests ===


Running target unix
FAIL: g++.dg/special/conpr-1.C execution test
FAIL: g++.dg/special/conpr-2.C execution test
FAIL: g++.dg/special/conpr-3.C execution test
FAIL: g++.dg/special/conpr-3.C execution test
FAIL: g++.ext/initp1.C  Execution test

		=== g++ Summary ===

# of expected passes		5679
# of unexpected failures	5
# of expected failures		97
# of untested testcases		8
/mnt3/home/mrs/net/egcs-x86/gcc/testsuite/../xgcc version 2.96 20000107 (experimental)

		=== g77 tests ===


Running target unix

		=== g77 Summary ===

# of expected passes		654
		=== objc tests ===


Running target unix

		=== objc Summary ===

# of expected passes		38
/mnt3/home/mrs/net/egcs-x86/gcc/xgcc version 2.96 20000107 (experimental)

		=== libio tests ===


Running target unix

		=== libio Summary ===

# of expected passes		40
		=== libstdc++ tests ===


Running target unix

		=== libstdc++ Summary ===

# of expected passes		30

Compiler version: 2.96 20000107 (experimental) 
Platform: i586-pc-linux-gnulibc1
configure flags: --with-gcc-version-trigger=/mnt3/home/mrs/net/egcs/gcc/version.c --host=i586-pc-linux-gnulibc1 --with-gnu-as --with-gnu-ld --prefix=/usr/local/egcs-990614 --norecursion


More information about the Gcc-testresults mailing list