Results for 2.96 20000103 (experimental) testsuite on alphaev56-dec-osf4.0d

Alexandre Oliva oliva@lsd.ic.unicamp.br
Tue Jan 4 23:19:00 GMT 2000


Native configuration is alphaev56-dec-osf4.0d

		=== g++ tests ===


Running target unix
FAIL: g++.ext/attrib5.C (test for excess errors)
FAIL: g++.jason/thunk2.C (test for excess errors)
FAIL: g++.oliva/template7.C caused compiler crash
FAIL: g++.oliva/thunk1.C (test for excess errors)
FAIL: g++.other/syntax1.C (test for excess errors)
FAIL: g++.other/syntax2.C (test for excess errors)
FAIL: g++.pt/static3.C (test for excess errors)
FAIL: g++.pt/static6.C (test for excess errors)

		=== g++ Summary ===

# of expected passes		5648
# of unexpected failures	8
# of expected failures		98
# of untested testcases		18
/usr/local/tmp/egcs/gcc/testsuite/../xgcc version 2.96 20000103 (experimental)

		=== g77 tests ===


Running target unix
FAIL: g77.f-torture/execute/labug1.f compilation,  -O0 

		=== g77 Summary ===

# of expected passes		652
# of unexpected failures	1
# of untested testcases		1
		=== gcc tests ===


Running target unix
FAIL: gcc.c-torture/compile/920501-4.c,  -O0  
FAIL: gcc.c-torture/compile/920723-1.c,  -O0  
FAIL: gcc.c-torture/execute/921113-1.c compilation,  -O0 
FAIL: gcc.c-torture/execute/921208-2.c compilation,  -O0 
FAIL: gcc.c-torture/execute/930106-1.c execution,  -O0 
FAIL: gcc.c-torture/execute/930529-1.c execution,  -O3 -fomit-frame-pointer 
FAIL: gcc.c-torture/execute/930529-1.c execution,  -O3 -fomit-frame-pointer -funroll-loops 
FAIL: gcc.c-torture/execute/930529-1.c execution,  -O3 -fomit-frame-pointer -funroll-all-loops -finline-functions 
FAIL: gcc.c-torture/execute/930529-1.c execution,  -O3 -g 
FAIL: gcc.c-torture/execute/991202-3.c execution,  -O0 
FAIL: gcc.c-torture/execute/991202-3.c execution,  -O1 
FAIL: gcc.c-torture/execute/991202-3.c execution,  -O2 
FAIL: gcc.c-torture/execute/991202-3.c execution,  -O3 -fomit-frame-pointer 
FAIL: gcc.c-torture/execute/991202-3.c execution,  -O3 -g 
FAIL: gcc.c-torture/execute/991202-3.c execution,  -Os 
FAIL: gcc.c-torture/execute/packed-1.c execution,  -O0 
FAIL: gcc.c-torture/execute/ieee/fp-cmp-2.c execution,  -O0 
FAIL: gcc.c-torture/execute/ieee/fp-cmp-2.c execution,  -O1 
FAIL: gcc.c-torture/execute/ieee/fp-cmp-2.c execution,  -O2 
FAIL: gcc.c-torture/execute/ieee/fp-cmp-2.c execution,  -O3 -fomit-frame-pointer 
FAIL: gcc.c-torture/execute/ieee/fp-cmp-2.c execution,  -O3 -fomit-frame-pointer -funroll-loops 
FAIL: gcc.c-torture/execute/ieee/fp-cmp-2.c execution,  -O3 -fomit-frame-pointer -funroll-all-loops -finline-functions 
FAIL: gcc.c-torture/execute/ieee/fp-cmp-2.c execution,  -O3 -g 
FAIL: gcc.c-torture/execute/ieee/fp-cmp-2.c execution,  -Os 
FAIL: gcc.c-torture/execute/ieee/mzero2.c execution,  -O0 
FAIL: gcc.c-torture/execute/ieee/mzero2.c execution,  -O1 
FAIL: gcc.c-torture/execute/ieee/mzero2.c execution,  -O2 
FAIL: gcc.c-torture/execute/ieee/mzero2.c execution,  -O3 -fomit-frame-pointer 
FAIL: gcc.c-torture/execute/ieee/mzero2.c execution,  -O3 -g 
FAIL: gcc.c-torture/execute/ieee/mzero2.c execution,  -Os 
XPASS: gcc.c-torture/execute/memcheck/blkarg.c execution,  -O0 
XPASS: gcc.c-torture/execute/memcheck/blkarg.c execution,  -O1 
XPASS: gcc.c-torture/execute/memcheck/blkarg.c execution,  -O2 
XPASS: gcc.c-torture/execute/memcheck/blkarg.c execution,  -Os 
FAIL: gcc.dg/cast-qual-1.c discarding `const' warning (test for bogus messages, line 11)
FAIL: gcc.dg/cast-qual-1.c discarding `const' warning (test for warnings, line 17)
FAIL: gcc.dg/compare1.c comparison between signed and unsigned (test for bogus messages, line 25)
FAIL: gcc.dg/special/weak-1.c (test for excess errors)
FAIL: gcc.dg/special/weak-2.c (test for excess errors)
FAIL: wkali-2a.o

		=== gcc Summary ===

# of expected passes		8921
# of unexpected failures	36
# of unexpected successes	4
# of expected failures		28
# of unresolved testcases	2
# of unsupported tests		33
/usr/local/tmp/egcs/gcc/xgcc version 2.96 20000103 (experimental)

		=== libg++ tests ===


Running target unix

		=== libg++ Summary ===

# of expected passes		72
		=== libio tests ===


Running target unix

		=== libio Summary ===

# of expected passes		40
		=== libstdc++ tests ===


Running target unix
FAIL: tstring.cc -O execution

		=== libstdc++ Summary ===

# of expected passes		28
# of unexpected failures	1
# of expected failures		1
		=== objc tests ===


Running target unix
FAIL: objc/execute/bf-10.m execution,  -O 
FAIL: objc/execute/bf-16.m execution,  -O 
FAIL: objc/execute/bf-17.m execution,  -O 

		=== objc Summary ===

# of expected passes		35
# of unexpected failures	3
/usr/local/tmp/egcs/gcc/xgcc version 2.96 20000103 (experimental)


Compiler version: 2.96 20000103 (experimental) 
Platform: alphaev56-dec-osf4.0d

BOOT_CFLAGS: -g -O9 -W -Wall

Counting all warnings,
there are 163 warnings in stage3 of this bootstrap.

Number of warnings per file:
     14	/home/msc/oliva/src/egcs/gcc/f/global.c
     12	/home/msc/oliva/src/egcs/gcc/java/lex.c
     10	/home/msc/oliva/src/egcs/gcc/f/storag.c
      8	/home/msc/oliva/src/egcs/gcc/f/lex.c
      8	/home/msc/oliva/src/egcs/gcc/f/equiv.c
      7	./parse.y
      5	/home/msc/oliva/src/egcs/gcc/reload.c
      5	/home/msc/oliva/src/egcs/gcc/final.c
      5	/home/msc/oliva/src/egcs/gcc/f/expr.c
      5	/home/msc/oliva/src/egcs/gcc/config/alpha/alpha.c
      4	cexp.y
      4	/home/msc/oliva/src/egcs/gcc/varasm.c
      4	/home/msc/oliva/src/egcs/gcc/sdbout.c
      4	/home/msc/oliva/src/egcs/gcc/regmove.c
      4	/home/msc/oliva/src/egcs/gcc/f/ste.c
      4	/home/msc/oliva/src/egcs/gcc/expr.c
      3	/home/msc/oliva/src/egcs/gcc/reload1.c
      3	/home/msc/oliva/src/egcs/gcc/genopinit.c
      3	/home/msc/oliva/src/egcs/gcc/gcc.c
      3	/home/msc/oliva/src/egcs/gcc/cccp.c
      3	/home/msc/oliva/src/egcs/gcc/c-typeck.c
      2	str-ot.j
      2	str-1t.j
      2	insn-recog.c
      2	/home/msc/oliva/src/egcs/gcc/unroll.c
      2	/home/msc/oliva/src/egcs/gcc/optabs.c
      2	/home/msc/oliva/src/egcs/gcc/mips-tfile.c
      2	/home/msc/oliva/src/egcs/gcc/loop.c
      2	/home/msc/oliva/src/egcs/gcc/function.c
      2	/home/msc/oliva/src/egcs/gcc/fold-const.c
      2	/home/msc/oliva/src/egcs/gcc/f/symbol.c
      2	/home/msc/oliva/src/egcs/gcc/f/std.c
      2	/home/msc/oliva/src/egcs/gcc/f/com.c
      2	/home/msc/oliva/src/egcs/gcc/f/bad.c
      1	str-op.j
      1	str-nq.j
      1	str-io.j
      1	str-fo.j
      1	str-2t.j
      1	include/ldfcn.h
      1	/home/msc/oliva/src/egcs/gcc/toplev.c
      1	/home/msc/oliva/src/egcs/gcc/stupid.c
      1	/home/msc/oliva/src/egcs/gcc/stor-layout.c
      1	/home/msc/oliva/src/egcs/gcc/scan-decls.c
      1	/home/msc/oliva/src/egcs/gcc/local-alloc.c
      1	/home/msc/oliva/src/egcs/gcc/ggc-page.c
      1	/home/msc/oliva/src/egcs/gcc/gcov-io.h
      1	/home/msc/oliva/src/egcs/gcc/cppinit.c
      1	/home/msc/oliva/src/egcs/gcc/cp/tree.c
      1	/home/msc/oliva/src/egcs/gcc/cp/error.c
      1	/home/msc/oliva/src/egcs/gcc/cp/decl.c
      1	/home/msc/oliva/src/egcs/gcc/collect2.c
      1	/home/msc/oliva/src/egcs/gcc/calls.c

Number of warning types:
     57	Use of ANSI string concatenation
     26	`???' might be used uninitialized in this function
     21	comparison between signed and unsigned
     19	`long' switch expression not converted to `int' in ANSI C
     14	format not a string literal, argument types not checked
     12	variable `???' might be clobbered by `longjmp' or `vfork'
      5	unused parameter `???'
      1	unused variable `???'
      1	passing arg ??? of `???' from incompatible pointer type
      1	passing arg ??? of `???' discards qualifiers from pointer target type
      1	missing initializer
      1	macro arg `???' would be stringified with -traditional.
      1	assignment from incompatible pointer type
      1	assignment discards qualifiers from pointer target type
      1	`???' defined but not used
      1	(near initialization for `???')


More information about the Gcc-testresults mailing list