Results for 2.96 20000103 (experimental) testsuite on alpha-dec-osf4.0e
Brown, Rodney
rodneybrown@pmsc.com
Mon Jan 3 23:26:00 GMT 2000
Title: Results for 2.96 20000103 (experimental) testsuite on alpha-dec-osf4.0e
Native configuration is alpha-dec-osf4.0e
ÃÂ ÃÂ ÃÂ ÃÂ ÃÂ ÃÂ ÃÂ ÃÂ ÃÂ ÃÂ ÃÂ ÃÂ ÃÂ ÃÂ === libio tests ===
Running target unix
ÃÂ ÃÂ ÃÂ ÃÂ ÃÂ ÃÂ ÃÂ ÃÂ ÃÂ ÃÂ ÃÂ ÃÂ ÃÂ ÃÂ === libio Summary ===
# of expected passesÃÂ ÃÂ ÃÂ ÃÂ ÃÂ ÃÂ ÃÂ ÃÂ ÃÂ ÃÂ 40
ÃÂ ÃÂ ÃÂ ÃÂ ÃÂ ÃÂ ÃÂ ÃÂ ÃÂ ÃÂ ÃÂ ÃÂ ÃÂ ÃÂ === libstdc++ tests ===
Running target unix
FAIL: tstring.cc -O execution
ÃÂ ÃÂ ÃÂ ÃÂ ÃÂ ÃÂ ÃÂ ÃÂ ÃÂ ÃÂ ÃÂ ÃÂ ÃÂ ÃÂ === libstdc++ Summary ===
# of expected passesÃÂ ÃÂ ÃÂ ÃÂ ÃÂ ÃÂ ÃÂ ÃÂ ÃÂ ÃÂ 28
# of unexpected failuresÃÂ ÃÂ ÃÂ ÃÂ ÃÂ ÃÂ ÃÂ 1
# of expected failuresÃÂ ÃÂ ÃÂ ÃÂ ÃÂ ÃÂ ÃÂ ÃÂ 1
ÃÂ ÃÂ ÃÂ ÃÂ ÃÂ ÃÂ ÃÂ ÃÂ ÃÂ ÃÂ ÃÂ ÃÂ ÃÂ ÃÂ === gcc tests ===
Running target unix
FAIL: gcc.c-torture/compile/920501-4.c,ÃÂ -O0ÃÂ
FAIL: gcc.c-torture/compile/920723-1.c,ÃÂ -O0ÃÂ
FAIL: gcc.c-torture/execute/921113-1.c compilation,ÃÂ -O0
FAIL: gcc.c-torture/execute/921208-2.c compilation,ÃÂ -O0
FAIL: gcc.c-torture/execute/930106-1.c execution,ÃÂ -O0
FAIL: gcc.c-torture/execute/930529-1.c execution,ÃÂ -O3 -fomit-frame-pointer
FAIL: gcc.c-torture/execute/930529-1.c execution,ÃÂ -O3 -fomit-frame-pointer -funroll-loops
FAIL: gcc.c-torture/execute/930529-1.c execution,ÃÂ -O3 -fomit-frame-pointer -funroll-all-loops -finline-functions
FAIL: gcc.c-torture/execute/930529-1.c execution,ÃÂ -O3 -g
FAIL: gcc.c-torture/execute/990811-1.c compilation,ÃÂ -O3 -fomit-frame-pointer
FAIL: gcc.c-torture/execute/990811-1.c compilation,ÃÂ -O3 -fomit-frame-pointer -funroll-loops
FAIL: gcc.c-torture/execute/990811-1.c compilation,ÃÂ -O3 -fomit-frame-pointer -funroll-all-loops -finline-functions
FAIL: gcc.c-torture/execute/990811-1.c compilation,ÃÂ -O3 -g
FAIL: gcc.c-torture/execute/991202-3.c execution,ÃÂ -O0
FAIL: gcc.c-torture/execute/991202-3.c execution,ÃÂ -O1
FAIL: gcc.c-torture/execute/991202-3.c execution,ÃÂ -O2
FAIL: gcc.c-torture/execute/991202-3.c execution,ÃÂ -O3 -fomit-frame-pointer
FAIL: gcc.c-torture/execute/991202-3.c execution,ÃÂ -O3 -g
FAIL: gcc.c-torture/execute/991202-3.c execution,ÃÂ -Os
FAIL: gcc.c-torture/execute/packed-1.c execution,ÃÂ -O0
FAIL: gcc.c-torture/execute/ieee/fp-cmp-2.c execution,ÃÂ -O0
FAIL: gcc.c-torture/execute/ieee/fp-cmp-2.c execution,ÃÂ -O1
FAIL: gcc.c-torture/execute/ieee/fp-cmp-2.c execution,ÃÂ -O2
FAIL: gcc.c-torture/execute/ieee/fp-cmp-2.c execution,ÃÂ -O3 -fomit-frame-pointer
FAIL: gcc.c-torture/execute/ieee/fp-cmp-2.c execution,ÃÂ -O3 -fomit-frame-pointer -funroll-loops
FAIL: gcc.c-torture/execute/ieee/fp-cmp-2.c execution,ÃÂ -O3 -fomit-frame-pointer -funroll-all-loops -finline-functions
FAIL: gcc.c-torture/execute/ieee/fp-cmp-2.c execution,ÃÂ -O3 -g
FAIL: gcc.c-torture/execute/ieee/fp-cmp-2.c execution,ÃÂ -Os
FAIL: gcc.c-torture/execute/ieee/mzero2.c execution,ÃÂ -O0
FAIL: gcc.c-torture/execute/ieee/mzero2.c execution,ÃÂ -O1
FAIL: gcc.c-torture/execute/ieee/mzero2.c execution,ÃÂ -O2
FAIL: gcc.c-torture/execute/ieee/mzero2.c execution,ÃÂ -O3 -fomit-frame-pointer
FAIL: gcc.c-torture/execute/ieee/mzero2.c execution,ÃÂ -O3 -g
FAIL: gcc.c-torture/execute/ieee/mzero2.c execution,ÃÂ -Os
XPASS: gcc.c-torture/execute/memcheck/blkarg.c execution,ÃÂ -O0
XPASS: gcc.c-torture/execute/memcheck/blkarg.c execution,ÃÂ -O1
XPASS: gcc.c-torture/execute/memcheck/blkarg.c execution,ÃÂ -O2
XPASS: gcc.c-torture/execute/memcheck/blkarg.c execution,ÃÂ -Os
FAIL: gcc.dg/cast-qual-1.c discarding \`const' warning (test for bogus messages, line 11)
FAIL: gcc.dg/cast-qual-1.c discarding \`const' warning (test for warnings, line 17)
FAIL: gcc.dg/compare1.c comparison between signed and unsigned (test for bogus messages, line 25)
ÃÂ ÃÂ ÃÂ ÃÂ ÃÂ ÃÂ ÃÂ ÃÂ ÃÂ ÃÂ ÃÂ ÃÂ ÃÂ ÃÂ === gcc Summary ===
# of expected passesÃÂ ÃÂ ÃÂ ÃÂ ÃÂ ÃÂ ÃÂ ÃÂ ÃÂ ÃÂ 8913
# of unexpected failuresÃÂ ÃÂ ÃÂ ÃÂ ÃÂ ÃÂ ÃÂ 37
# of unexpected successesÃÂ ÃÂ ÃÂ ÃÂ ÃÂ ÃÂ 4
# of expected failuresÃÂ ÃÂ ÃÂ ÃÂ ÃÂ ÃÂ ÃÂ ÃÂ 28
# of unresolved testcasesÃÂ ÃÂ ÃÂ ÃÂ ÃÂ ÃÂ 9
# of unsupported testsÃÂ ÃÂ ÃÂ ÃÂ ÃÂ ÃÂ ÃÂ ÃÂ 33
/user/rand/rdb/src/egcs-20000103.obj/gcc/xgcc version 2.96 20000103 (experimental)
ÃÂ ÃÂ ÃÂ ÃÂ ÃÂ ÃÂ ÃÂ ÃÂ ÃÂ ÃÂ ÃÂ ÃÂ ÃÂ ÃÂ === g++ tests ===
Running target unix
FAIL: g++.ext/attrib5.C (test for excess errors)
FAIL: g++.jason/thunk2.C (test for excess errors)
FAIL: g++.mike/p4068.C caused compiler crash
FAIL: g++.oliva/template7.C caused compiler crash
FAIL: g++.oliva/thunk1.C (test for excess errors)
FAIL: g++.other/syntax1.C (test for excess errors)
FAIL: g++.other/syntax2.C (test for excess errors)
FAIL: g++.pt/static6.C (test for excess errors)
ÃÂ ÃÂ ÃÂ ÃÂ ÃÂ ÃÂ ÃÂ ÃÂ ÃÂ ÃÂ ÃÂ ÃÂ ÃÂ ÃÂ === g++ Summary ===
# of expected passesÃÂ ÃÂ ÃÂ ÃÂ ÃÂ ÃÂ ÃÂ ÃÂ ÃÂ ÃÂ 5646
# of unexpected failuresÃÂ ÃÂ ÃÂ ÃÂ ÃÂ ÃÂ ÃÂ 8
# of expected failuresÃÂ ÃÂ ÃÂ ÃÂ ÃÂ ÃÂ ÃÂ ÃÂ 99
# of untested testcases ÃÂ ÃÂ ÃÂ ÃÂ ÃÂ ÃÂ ÃÂ 18
/user/rand/rdb/src/egcs-20000103.obj/gcc/testsuite/../xgcc version 2.96 20000103 (experimental)
ÃÂ ÃÂ ÃÂ ÃÂ ÃÂ ÃÂ ÃÂ ÃÂ ÃÂ ÃÂ ÃÂ ÃÂ ÃÂ ÃÂ === g77 tests ===
Running target unix
FAIL: g77.f-torture/execute/labug1.f compilation,ÃÂ -O0
ÃÂ ÃÂ ÃÂ ÃÂ ÃÂ ÃÂ ÃÂ ÃÂ ÃÂ ÃÂ ÃÂ ÃÂ ÃÂ ÃÂ === g77 Summary ===
# of expected passesÃÂ ÃÂ ÃÂ ÃÂ ÃÂ ÃÂ ÃÂ ÃÂ ÃÂ ÃÂ 652
# of unexpected failuresÃÂ ÃÂ ÃÂ ÃÂ ÃÂ ÃÂ ÃÂ 1
# of untested testcases ÃÂ ÃÂ ÃÂ ÃÂ ÃÂ ÃÂ ÃÂ 1
ÃÂ ÃÂ ÃÂ ÃÂ ÃÂ ÃÂ ÃÂ ÃÂ ÃÂ ÃÂ ÃÂ ÃÂ ÃÂ ÃÂ === objc tests ===
Running target unix
FAIL: objc/execute/bf-10.m execution,ÃÂ -O
FAIL: objc/execute/bf-16.m execution,ÃÂ -O
FAIL: objc/execute/bf-17.m execution,ÃÂ -O
ÃÂ ÃÂ ÃÂ ÃÂ ÃÂ ÃÂ ÃÂ ÃÂ ÃÂ ÃÂ ÃÂ ÃÂ ÃÂ ÃÂ === objc Summary ===
# of expected passesÃÂ ÃÂ ÃÂ ÃÂ ÃÂ ÃÂ ÃÂ ÃÂ ÃÂ ÃÂ 35
# of unexpected failuresÃÂ ÃÂ ÃÂ ÃÂ ÃÂ ÃÂ ÃÂ 3
/user/rand/rdb/src/egcs-20000103.obj/gcc/xgcc version 2.96 20000103 (experimental)
Compiler version: 2.96 20000103 (experimental)
Platform: alpha-dec-osf4.0e
configure flags: --with-gcc-version-trigger=/user/rand/rdb/src/egcs-20000103/gcc/version.c --host=alpha-dec-osf4.0e --norecursion
Counting all warnings,
there are 166 warnings in stage3 of this bootstrap.
Number of warnings per file:
ÃÂ 14 ../../../egcs-20000103/gcc/f/global.c
ÃÂ 12 ../../../egcs-20000103/gcc/java/lex.c
ÃÂ 10 ../../../egcs-20000103/gcc/f/storag.c
ÃÂ ÃÂ 8 ../../../egcs-20000103/gcc/f/lex.c
ÃÂ ÃÂ 8 ../../../egcs-20000103/gcc/f/equiv.c
ÃÂ ÃÂ 7 ./parse.y
ÃÂ ÃÂ 5 ../../egcs-20000103/gcc/reload.c
ÃÂ ÃÂ 5 ../../egcs-20000103/gcc/mips-tfile.c
ÃÂ ÃÂ 5 ../../egcs-20000103/gcc/final.c
ÃÂ ÃÂ 5 ../../egcs-20000103/gcc/config/alpha/alpha.c
ÃÂ ÃÂ 5 ../../../egcs-20000103/gcc/f/expr.c
ÃÂ ÃÂ 4 cexp.y
ÃÂ ÃÂ 4 ../../egcs-20000103/gcc/varasm.c
ÃÂ ÃÂ 4 ../../egcs-20000103/gcc/sdbout.c
ÃÂ ÃÂ 4 ../../egcs-20000103/gcc/regmove.c
ÃÂ ÃÂ 4 ../../egcs-20000103/gcc/expr.c
ÃÂ ÃÂ 4 ../../../egcs-20000103/gcc/f/ste.c
ÃÂ ÃÂ 3 ../../egcs-20000103/gcc/reload1.c
ÃÂ ÃÂ 3 ../../egcs-20000103/gcc/genopinit.c
ÃÂ ÃÂ 3 ../../egcs-20000103/gcc/gcc.c
ÃÂ ÃÂ 3 ../../egcs-20000103/gcc/cccp.c
ÃÂ ÃÂ 3 ../../egcs-20000103/gcc/c-typeck.c
ÃÂ ÃÂ 2 str-ot.j
ÃÂ ÃÂ 2 str-1t.j
ÃÂ ÃÂ 2 insn-recog.c
ÃÂ ÃÂ 2 ../../egcs-20000103/gcc/unroll.c
ÃÂ ÃÂ 2 ../../egcs-20000103/gcc/optabs.c
ÃÂ ÃÂ 2 ../../egcs-20000103/gcc/loop.c
ÃÂ ÃÂ 2 ../../egcs-20000103/gcc/function.c
ÃÂ ÃÂ 2 ../../egcs-20000103/gcc/fold-const.c
ÃÂ ÃÂ 2 ../../../egcs-20000103/gcc/f/symbol.c
ÃÂ ÃÂ 2 ../../../egcs-20000103/gcc/f/std.c
ÃÂ ÃÂ 2 ../../../egcs-20000103/gcc/f/com.c
ÃÂ ÃÂ 2 ../../../egcs-20000103/gcc/f/bad.c
ÃÂ ÃÂ 1 str-op.j
ÃÂ ÃÂ 1 str-nq.j
ÃÂ ÃÂ 1 str-io.j
ÃÂ ÃÂ 1 str-fo.j
ÃÂ ÃÂ 1 str-2t.j
ÃÂ ÃÂ 1 include/ldfcn.h
ÃÂ ÃÂ 1 ../../egcs-20000103/gcc/toplev.c
ÃÂ ÃÂ 1 ../../egcs-20000103/gcc/stupid.c
ÃÂ ÃÂ 1 ../../egcs-20000103/gcc/stor-layout.c
ÃÂ ÃÂ 1 ../../egcs-20000103/gcc/scan-decls.c
ÃÂ ÃÂ 1 ../../egcs-20000103/gcc/local-alloc.c
ÃÂ ÃÂ 1 ../../egcs-20000103/gcc/ggc-page.c
ÃÂ ÃÂ 1 ../../egcs-20000103/gcc/gcov-io.h
ÃÂ ÃÂ 1 ../../egcs-20000103/gcc/cppinit.c
ÃÂ ÃÂ 1 ../../egcs-20000103/gcc/collect2.c
ÃÂ ÃÂ 1 ../../egcs-20000103/gcc/calls.c
ÃÂ ÃÂ 1 ../../../egcs-20000103/gcc/cp/tree.c
ÃÂ ÃÂ 1 ../../../egcs-20000103/gcc/cp/error.c
ÃÂ ÃÂ 1 ../../../egcs-20000103/gcc/cp/decl.c
Number of warning types:
ÃÂ 57 Use of ANSI string concatenation
ÃÂ 26 \`???' might be used uninitialized in this function
ÃÂ 24 comparison between signed and unsigned
ÃÂ 19 \`long' switch expression not converted to \`int' in ANSI C
ÃÂ 14 format not a string literal, argument types not checked
ÃÂ 12 variable \`???' might be clobbered by \`longjmp' or \`vfork'
ÃÂ ÃÂ 5 unused parameter \`???'
ÃÂ ÃÂ 1 unused variable \`???'
ÃÂ ÃÂ 1 passing arg ??? of \`???' from incompatible pointer type
ÃÂ ÃÂ 1 passing arg ??? of \`???' discards qualifiers from pointer target type
ÃÂ ÃÂ 1 missing initializer
ÃÂ ÃÂ 1 macro arg \`???' would be stringified with -traditional.
ÃÂ ÃÂ 1 assignment from incompatible pointer type
ÃÂ ÃÂ 1 assignment discards qualifiers from pointer target type
ÃÂ ÃÂ 1 \`???' defined but not used
ÃÂ ÃÂ 1 (near initialization for \`???')
More information about the Gcc-testresults
mailing list