Results for haifa-enabled 2.96 19991228 (experimental) testsuite on mips-sgi-irix6.5/-mabi=64

Billinghurst, David (RTD) David.Billinghurst@riotinto.com.au
Mon Jan 3 15:37:00 GMT 2000


Native configuration is mips-sgi-irix6.5

		=== objc tests ===


Running target unix/-mabi=64
FAIL: objc/execute/bf-10.m execution,  -O 
FAIL: objc/execute/bf-16.m execution,  -O 
FAIL: objc/execute/bf-17.m execution,  -O 

		=== objc Summary ===

# of expected passes		35
# of unexpected failures	3
/usr/local/imports/BuildTree.irix/egcs-19991228/gcc/xgcc version 2.96
19991228 (experimental)

		=== gcc tests ===


Running target unix/-mabi=64
FAIL: gcc.c-torture/compile/930506-2.c,  -O3 -g  
FAIL: gcc.c-torture/compile/920415-1.c,  -O3 -g  
FAIL: gcc.c-torture/execute/920415-1.c compilation,  -O3 -g 
FAIL: gcc.c-torture/execute/920612-2.c compilation,  -O3 -g 
FAIL: gcc.c-torture/execute/920721-4.c compilation,  -O3 -g 
FAIL: gcc.c-torture/execute/921017-1.c compilation,  -O3 -g 
FAIL: gcc.c-torture/execute/921215-1.c compilation,  -O3 -g 
FAIL: gcc.c-torture/execute/931002-1.c compilation,  -O3 -g 
FAIL: gcc.c-torture/execute/991014-1.c compilation,  -O0 
FAIL: gcc.c-torture/execute/991014-1.c compilation,  -O1 
FAIL: gcc.c-torture/execute/991014-1.c compilation,  -O2 
FAIL: gcc.c-torture/execute/991014-1.c compilation,  -O3
-fomit-frame-pointer 
FAIL: gcc.c-torture/execute/991014-1.c compilation,  -O3 -g 
FAIL: gcc.c-torture/execute/991014-1.c compilation,  -Os 
FAIL: gcc.c-torture/execute/991202-3.c execution,  -O0 
FAIL: gcc.c-torture/execute/991202-3.c execution,  -O1 
FAIL: gcc.c-torture/execute/991202-3.c execution,  -O2 
FAIL: gcc.c-torture/execute/991202-3.c execution,  -O3 -fomit-frame-pointer 
FAIL: gcc.c-torture/execute/991202-3.c execution,  -O3 -g 
FAIL: gcc.c-torture/execute/991202-3.c execution,  -Os 
FAIL: gcc.c-torture/execute/nestfunc-1.c compilation,  -O3 -g 
XPASS: gcc.c-torture/execute/memcheck/blkarg.c execution,  -O0 
XPASS: gcc.c-torture/execute/memcheck/blkarg.c execution,  -O1 
XPASS: gcc.c-torture/execute/memcheck/blkarg.c execution,  -O2 
XPASS: gcc.c-torture/execute/memcheck/blkarg.c execution,  -Os 
FAIL: gcc.dg/cast-qual-1.c discarding `const' warning (test for bogus
messages, line 11)
FAIL: gcc.dg/cast-qual-1.c discarding `const' warning (test for warnings,
line 17)
FAIL: gcc.dg/compare1.c comparison between signed and unsigned (test for
bogus messages, line 25)
FAIL: alias-1.c
FAIL: wkali-1.c
FAIL: wkali-2b.o

		=== gcc Summary ===

# of expected passes		8895
# of unexpected failures	27
# of unexpected successes	4
# of expected failures		28
# of unresolved testcases	13
# of unsupported tests		31
/usr/local/imports/BuildTree.irix/egcs-19991228/gcc/xgcc version 2.96
19991228 (experimental)

		=== g77 tests ===


Running target unix/-mabi=64
FAIL: g77.f-torture/compile/980419-2.f,  -O0  
FAIL: g77.f-torture/compile/980419-2.f,  -O1  
FAIL: g77.f-torture/compile/980419-2.f,  -O2  
FAIL: g77.f-torture/compile/980419-2.f,  -O2 -fomit-frame-pointer
-finline-functions  
FAIL: g77.f-torture/compile/980419-2.f,  -O2 -fomit-frame-pointer
-finline-functions -funroll-loops  
FAIL: g77.f-torture/compile/980419-2.f,  -O2 -fomit-frame-pointer
-finline-functions -funroll-all-loops  
FAIL: g77.f-torture/compile/980419-2.f,  -Os  
FAIL: g77.f-torture/execute/970816-3.f execution,  -O0 
FAIL: g77.f-torture/execute/970816-3.f execution,  -O1 
FAIL: g77.f-torture/execute/970816-3.f execution,  -O2 
FAIL: g77.f-torture/execute/970816-3.f execution,  -O2 -fomit-frame-pointer
-finline-functions 
FAIL: g77.f-torture/execute/970816-3.f execution,  -Os 
FAIL: g77.f-torture/execute/971102-1.f execution,  -O0 
FAIL: g77.f-torture/execute/971102-1.f execution,  -O1 
FAIL: g77.f-torture/execute/971102-1.f execution,  -O2 
FAIL: g77.f-torture/execute/971102-1.f execution,  -O2 -fomit-frame-pointer
-finline-functions 
FAIL: g77.f-torture/execute/971102-1.f execution,  -O2 -fomit-frame-pointer
-finline-functions -funroll-loops 
FAIL: g77.f-torture/execute/971102-1.f execution,  -O2 -fomit-frame-pointer
-finline-functions -funroll-all-loops 
FAIL: g77.f-torture/execute/971102-1.f execution,  -Os 
FAIL: g77.f-torture/execute/io0.f execution,  -O0 
FAIL: g77.f-torture/execute/io0.f execution,  -O1 
FAIL: g77.f-torture/execute/io0.f execution,  -O2 
FAIL: g77.f-torture/execute/io0.f execution,  -O2 -fomit-frame-pointer
-finline-functions 
FAIL: g77.f-torture/execute/io0.f execution,  -Os 
FAIL: g77.f-torture/execute/io1.f compilation,  -O0 
FAIL: g77.f-torture/execute/io1.f execution,  -O1 
FAIL: g77.f-torture/execute/io1.f execution,  -O2 
FAIL: g77.f-torture/execute/io1.f execution,  -O2 -fomit-frame-pointer
-finline-functions 
FAIL: g77.f-torture/execute/io1.f execution,  -Os 
FAIL: g77.f-torture/execute/u77-test.f compilation,  -O0 
FAIL: g77.f-torture/execute/u77-test.f compilation,  -O1 
FAIL: g77.f-torture/execute/u77-test.f compilation,  -O2 
FAIL: g77.f-torture/execute/u77-test.f compilation,  -O2
-fomit-frame-pointer -finline-functions 
FAIL: g77.f-torture/execute/u77-test.f compilation,  -O2
-fomit-frame-pointer -finline-functions -funroll-loops 
FAIL: g77.f-torture/execute/u77-test.f compilation,  -O2
-fomit-frame-pointer -finline-functions -funroll-all-loops 
FAIL: g77.f-torture/execute/u77-test.f compilation,  -Os 

		=== g77 Summary ===

# of expected passes		610
# of unexpected failures	36
# of untested testcases		8
		=== g++ tests ===


Running target unix/-mabi=64
FAIL: g++.dg/special/conpr-1.C execution test
FAIL: g++.dg/special/conpr-2.C execution test
FAIL: g++.dg/special/conpr-3.C execution test
FAIL: g++.dg/special/conpr-3.C execution test
FAIL: g++.ext/initp1.C  Execution test

		=== g++ Summary ===

# of expected passes		5645
# of unexpected failures	5
# of expected failures		101
# of untested testcases		18
/usr/local/imports/BuildTree.irix/egcs-19991228/gcc/testsuite/../xgcc
version 2.96 19991228 (experimental)

		=== libstdc++ tests ===


Running target unix/-mabi=64
FAIL: tstring.cc -O execution

		=== libstdc++ Summary ===

# of expected passes		28
# of unexpected failures	1
# of expected failures		1
		=== libio tests ===


Running target unix/-mabi=64

		=== libio Summary ===

# of expected passes		40

Compiler version: haifa-enabled 2.96 19991228 (experimental) 
Platform: mips-sgi-irix6.5
configure flags:
--with-gcc-version-trigger=/usr/local/imports/egcs-19991228/gcc/version.c
--host=mips-sgi-irix6.5 --enable-shared --enable-haifa --enable-pthreads
--prefix=/tmp/egcs-19991228 --norecursion



More information about the Gcc-testresults mailing list