Results for 2.96 20000227 (experimental) testsuite on sparc-sun-solaris2.6
Theodore Papadopoulo
Theodore.Papadopoulo@sophia.inria.fr
Sun Feb 27 20:39:00 GMT 2000
Native configuration is sparc-sun-solaris2.6
=== gcc tests ===
Running target unix
FAIL: gcc.c-torture/compile/990801-1.c, -O2
FAIL: gcc.c-torture/compile/990801-1.c, -O3 -fomit-frame-pointer
FAIL: gcc.c-torture/compile/990801-1.c, -O3 -fomit-frame-pointer -funroll-loops
FAIL: gcc.c-torture/compile/990801-1.c, -O3 -fomit-frame-pointer -funroll-all-loops -finline-functions
FAIL: gcc.c-torture/compile/990801-1.c, -O3 -g
FAIL: gcc.c-torture/compile/990801-1.c, -Os
FAIL: gcc.c-torture/compile/920501-7.c, -O1
FAIL: gcc.c-torture/compile/920501-7.c, -O2
FAIL: gcc.c-torture/compile/920501-7.c, -O3 -fomit-frame-pointer
FAIL: gcc.c-torture/compile/920501-7.c, -O3 -g
FAIL: gcc.c-torture/compile/920501-7.c, -Os
FAIL: gcc.c-torture/compile/950816-1.c, -O1
FAIL: gcc.c-torture/compile/950816-1.c, -O2
FAIL: gcc.c-torture/compile/950816-1.c, -O3 -fomit-frame-pointer
FAIL: gcc.c-torture/compile/950816-1.c, -O3 -g
FAIL: gcc.c-torture/compile/950816-1.c, -Os
FAIL: gcc.c-torture/compile/20000105-1.c, -O0
FAIL: gcc.c-torture/compile/20000105-1.c, -O1
FAIL: gcc.c-torture/compile/991229-3.c, -O3 -fomit-frame-pointer -funroll-loops
FAIL: gcc.c-torture/compile/991229-3.c, -O3 -fomit-frame-pointer -funroll-all-loops -finline-functions
FAIL: gcc.c-torture/compile/cpp-1.c, -O0
FAIL: gcc.c-torture/compile/cpp-1.c, -O1
FAIL: gcc.c-torture/compile/cpp-1.c, -O2
FAIL: gcc.c-torture/compile/cpp-1.c, -O3 -fomit-frame-pointer
FAIL: gcc.c-torture/compile/cpp-1.c, -O3 -g
FAIL: gcc.c-torture/compile/cpp-1.c, -Os
FAIL: gcc.c-torture/execute/20000225-1.c execution, -O2
FAIL: gcc.c-torture/execute/20000225-1.c execution, -O3 -fomit-frame-pointer
FAIL: gcc.c-torture/execute/20000225-1.c execution, -O3 -fomit-frame-pointer -funroll-loops
FAIL: gcc.c-torture/execute/20000225-1.c execution, -O3 -fomit-frame-pointer -funroll-all-loops -finline-functions
FAIL: gcc.c-torture/execute/20000225-1.c execution, -O3 -g
FAIL: gcc.c-torture/execute/20000225-1.c execution, -Os
FAIL: gcc.c-torture/execute/920908-2.c compilation, -O3 -fomit-frame-pointer
FAIL: gcc.c-torture/execute/920908-2.c compilation, -O3 -g
FAIL: gcc.c-torture/execute/930621-1.c compilation, -O3 -fomit-frame-pointer
FAIL: gcc.c-torture/execute/930621-1.c compilation, -O3 -g
FAIL: gcc.c-torture/execute/960608-1.c compilation, -O3 -fomit-frame-pointer
FAIL: gcc.c-torture/execute/960608-1.c compilation, -O3 -g
FAIL: gcc.c-torture/execute/980205.c execution, -O0
FAIL: gcc.c-torture/execute/991202-3.c execution, -O0
FAIL: gcc.c-torture/execute/991202-3.c execution, -O1
FAIL: gcc.c-torture/execute/991202-3.c execution, -O2
FAIL: gcc.c-torture/execute/991202-3.c execution, -O3 -fomit-frame-pointer
FAIL: gcc.c-torture/execute/991202-3.c execution, -O3 -g
FAIL: gcc.c-torture/execute/991202-3.c execution, -Os
FAIL: gcc.c-torture/execute/991221-1.c execution, -O1
FAIL: gcc.c-torture/execute/991221-1.c execution, -O2
FAIL: gcc.c-torture/execute/991221-1.c execution, -O3 -fomit-frame-pointer
FAIL: gcc.c-torture/execute/991221-1.c execution, -O3 -g
FAIL: gcc.c-torture/execute/991221-1.c execution, -Os
FAIL: gcc.c-torture/execute/arith-rand.c compilation, -O3 -fomit-frame-pointer
FAIL: gcc.c-torture/execute/arith-rand.c compilation, -O3 -fomit-frame-pointer -funroll-loops
FAIL: gcc.c-torture/execute/arith-rand.c compilation, -O3 -fomit-frame-pointer -funroll-all-loops -finline-functions
FAIL: gcc.c-torture/execute/arith-rand.c compilation, -O3 -g
FAIL: gcc.c-torture/execute/bf-sign-1.c compilation, -O1
FAIL: gcc.c-torture/execute/va-arg-12.c execution, -O0
FAIL: gcc.c-torture/execute/va-arg-12.c execution, -O1
FAIL: gcc.c-torture/execute/ieee/fp-cmp-1.c execution, -O1
FAIL: gcc.c-torture/execute/ieee/fp-cmp-1.c execution, -O2
FAIL: gcc.c-torture/execute/ieee/fp-cmp-1.c execution, -O3 -fomit-frame-pointer
FAIL: gcc.c-torture/execute/ieee/fp-cmp-1.c execution, -O3 -fomit-frame-pointer -funroll-loops
FAIL: gcc.c-torture/execute/ieee/fp-cmp-1.c execution, -O3 -fomit-frame-pointer -funroll-all-loops -finline-functions
FAIL: gcc.c-torture/execute/ieee/fp-cmp-1.c execution, -O3 -g
FAIL: gcc.c-torture/execute/ieee/fp-cmp-1.c execution, -Os
FAIL: gcc.c-torture/execute/ieee/fp-cmp-2.c execution, -O1
FAIL: gcc.c-torture/execute/ieee/fp-cmp-2.c execution, -O2
FAIL: gcc.c-torture/execute/ieee/fp-cmp-2.c execution, -O3 -fomit-frame-pointer
FAIL: gcc.c-torture/execute/ieee/fp-cmp-2.c execution, -O3 -fomit-frame-pointer -funroll-loops
FAIL: gcc.c-torture/execute/ieee/fp-cmp-2.c execution, -O3 -fomit-frame-pointer -funroll-all-loops -finline-functions
FAIL: gcc.c-torture/execute/ieee/fp-cmp-2.c execution, -O3 -g
FAIL: gcc.c-torture/execute/ieee/fp-cmp-2.c execution, -Os
FAIL: gcc.c-torture/unsorted/logic.c, -O1
FAIL: gcc.dg/cpp-if2.c wide charconst recognition (test for bogus messages, line 9)
FAIL: gcc.dg/ultrasp1.c (test for excess errors)
=== gcc Summary ===
# of expected passes 9166
# of unexpected failures 74
# of expected failures 31
# of unresolved testcases 11
# of unsupported tests 31
/1/egcs/egcs-solaris/gcc/xgcc version 2.96 20000227 (experimental)
=== g++ tests ===
Running target unix
FAIL: g++.mike/net34.C (test for excess errors)
XPASS: g++.oliva/template7.C - conversion from int to non-scalar - (test for bogus messages, line 11)
FAIL: g++.other/defarg4.C (test for excess errors)
FAIL: g++.other/vaarg3.C promote (test for errors, line 26)
FAIL: g++.pt/memtemp89.C Q::X not a template (test for errors, line 13)
FAIL: g++.pt/memtemp89.C instantiated from here (test for errors, line 15)
FAIL: g++.pt/ttp33.C caused compiler crash
FAIL: g++.robertl/eb73.C caused compiler crash
=== g++ Summary ===
# of expected passes 5718
# of unexpected failures 7
# of unexpected successes 1
# of expected failures 91
# of untested testcases 16
/1/egcs/egcs-solaris/gcc/testsuite/../g++ version 2.96 20000227 (experimental)
=== g77 tests ===
Running target unix
FAIL: g77.f-torture/execute/970625-2.f compilation, -O1
FAIL: g77.f-torture/execute/970625-2.f compilation, -O2
FAIL: g77.f-torture/execute/970625-2.f compilation, -O2 -fomit-frame-pointer -finline-functions
FAIL: g77.f-torture/execute/970625-2.f compilation, -O2 -fomit-frame-pointer -finline-functions -funroll-loops
FAIL: g77.f-torture/execute/970625-2.f compilation, -O2 -fomit-frame-pointer -finline-functions -funroll-all-loops
FAIL: g77.f-torture/execute/970625-2.f compilation, -Os
=== g77 Summary ===
# of expected passes 652
# of unexpected failures 6
# of untested testcases 6
=== objc tests ===
Running target unix
FAIL: objc/execute/bf-1.m compilation, -O
FAIL: objc/execute/bf-10.m compilation, -O
FAIL: objc/execute/bf-11.m compilation, -O
FAIL: objc/execute/bf-12.m compilation, -O
FAIL: objc/execute/bf-13.m compilation, -O
FAIL: objc/execute/bf-14.m compilation, -O
FAIL: objc/execute/bf-15.m compilation, -O
FAIL: objc/execute/bf-16.m compilation, -O
FAIL: objc/execute/bf-17.m compilation, -O
FAIL: objc/execute/bf-18.m compilation, -O
FAIL: objc/execute/bf-19.m compilation, -O
FAIL: objc/execute/bf-2.m compilation, -O
FAIL: objc/execute/bf-3.m compilation, -O
FAIL: objc/execute/bf-4.m compilation, -O
FAIL: objc/execute/bf-5.m compilation, -O
FAIL: objc/execute/bf-6.m compilation, -O
FAIL: objc/execute/bf-7.m compilation, -O
FAIL: objc/execute/bf-8.m compilation, -O
FAIL: objc/execute/bf-9.m compilation, -O
=== objc Summary ===
# of unexpected failures 19
# of untested testcases 19
/1/egcs/egcs-solaris/gcc/xgcc version 2.96 20000227 (experimental)
Compiler version: 2.96 20000227 (experimental)
Platform: sparc-sun-solaris2.6
configure flags: --with-gcc-version-trigger=/1/egcs/egcs/gcc/version.c --host=sparc-sun-solaris2.6 --srcdir=../egcs --prefix=/net/home/robotvis/gnu/egcs --enable-threads=posix --with-gnu-as --with-gnu-ld --with-as=/net/home/robotvis/gnu/binutils/bin/as --with-ld=/net/home/robotvis/gnu/binutils/bin/ld --norecursion
Counting all warnings,
there are 0 warnings in stage3 of this bootstrap.
Number of warnings per file:
Number of warning types:
More information about the Gcc-testresults
mailing list