Results for 2.96 20000221 (experimental) testsuite on sparc-unknown-linux-gnu

Alexandre Oliva oliva@lsd.ic.unicamp.br
Tue Feb 22 19:20:00 GMT 2000


Native configuration is sparc-unknown-linux-gnu

		=== g++ tests ===


Running target unix
FAIL: g++.oliva/template7.C caused compiler crash
FAIL: g++.pt/memtemp89.C (test for excess errors)

		=== g++ Summary ===

# of expected passes		5706
# of unexpected failures	2
# of expected failures		94
# of untested testcases		17
/tmp/egcs/gcc/testsuite/../g++ version 2.96 20000221 (experimental)

		=== g77 tests ===


Running target unix

		=== g77 Summary ===

# of expected passes		664
		=== gcc tests ===


Running target unix
FAIL: gcc.c-torture/compile/991229-3.c,  -O3 -fomit-frame-pointer -funroll-loops  
FAIL: gcc.c-torture/compile/991229-3.c,  -O3 -fomit-frame-pointer -funroll-all-loops -finline-functions  
FAIL: gcc.c-torture/compile/20000105-1.c,  -O0  
FAIL: gcc.c-torture/compile/20000105-1.c,  -O1  
FAIL: gcc.c-torture/execute/980205.c execution,  -O0 
FAIL: gcc.c-torture/execute/991202-3.c execution,  -O0 
FAIL: gcc.c-torture/execute/991202-3.c execution,  -O1 
FAIL: gcc.c-torture/execute/991202-3.c execution,  -O2 
FAIL: gcc.c-torture/execute/991202-3.c execution,  -O3 -fomit-frame-pointer 
FAIL: gcc.c-torture/execute/991202-3.c execution,  -O3 -g 
FAIL: gcc.c-torture/execute/991202-3.c execution,  -Os 
FAIL: gcc.c-torture/execute/991221-1.c execution,  -O1 
FAIL: gcc.c-torture/execute/991221-1.c execution,  -O2 
FAIL: gcc.c-torture/execute/991221-1.c execution,  -O3 -fomit-frame-pointer 
FAIL: gcc.c-torture/execute/991221-1.c execution,  -O3 -g 
FAIL: gcc.c-torture/execute/991221-1.c execution,  -Os 
FAIL: gcc.c-torture/execute/ieee/fp-cmp-1.c execution,  -O1 
FAIL: gcc.c-torture/execute/ieee/fp-cmp-1.c execution,  -O2 
FAIL: gcc.c-torture/execute/ieee/fp-cmp-1.c execution,  -O3 -fomit-frame-pointer 
FAIL: gcc.c-torture/execute/ieee/fp-cmp-1.c execution,  -O3 -fomit-frame-pointer -funroll-loops 
FAIL: gcc.c-torture/execute/ieee/fp-cmp-1.c execution,  -O3 -fomit-frame-pointer -funroll-all-loops -finline-functions 
FAIL: gcc.c-torture/execute/ieee/fp-cmp-1.c execution,  -O3 -g 
FAIL: gcc.c-torture/execute/ieee/fp-cmp-1.c execution,  -Os 
FAIL: gcc.c-torture/execute/ieee/fp-cmp-2.c execution,  -O1 
FAIL: gcc.c-torture/execute/ieee/fp-cmp-2.c execution,  -O2 
FAIL: gcc.c-torture/execute/ieee/fp-cmp-2.c execution,  -O3 -fomit-frame-pointer 
FAIL: gcc.c-torture/execute/ieee/fp-cmp-2.c execution,  -O3 -fomit-frame-pointer -funroll-loops 
FAIL: gcc.c-torture/execute/ieee/fp-cmp-2.c execution,  -O3 -fomit-frame-pointer -funroll-all-loops -finline-functions 
FAIL: gcc.c-torture/execute/ieee/fp-cmp-2.c execution,  -O3 -g 
FAIL: gcc.c-torture/execute/ieee/fp-cmp-2.c execution,  -Os 
FAIL: gcc.c-torture/execute/ieee/fp-cmp-3.c execution,  -O1 
FAIL: gcc.c-torture/execute/ieee/fp-cmp-3.c execution,  -O2 
FAIL: gcc.c-torture/execute/ieee/fp-cmp-3.c execution,  -O3 -fomit-frame-pointer 
FAIL: gcc.c-torture/execute/ieee/fp-cmp-3.c execution,  -O3 -fomit-frame-pointer -funroll-loops 
FAIL: gcc.c-torture/execute/ieee/fp-cmp-3.c execution,  -O3 -fomit-frame-pointer -funroll-all-loops -finline-functions 
FAIL: gcc.c-torture/execute/ieee/fp-cmp-3.c execution,  -O3 -g 
FAIL: gcc.c-torture/execute/ieee/fp-cmp-3.c execution,  -Os 

		=== gcc Summary ===

# of expected passes		9133
# of unexpected failures	37
# of expected failures		31
# of unsupported tests		31
/tmp/egcs/gcc/xgcc version 2.96 20000221 (experimental)

		=== libio tests ===


Running target unix

		=== libio Summary ===

# of expected passes		40
		=== libstdc++ tests ===


Running target unix

		=== libstdc++ Summary ===

# of expected passes		30
		=== objc tests ===


Running target unix
FAIL: objc/execute/bf-1.m compilation,  -O 
FAIL: objc/execute/bf-10.m compilation,  -O 
FAIL: objc/execute/bf-11.m compilation,  -O 
FAIL: objc/execute/bf-12.m compilation,  -O 
FAIL: objc/execute/bf-13.m compilation,  -O 
FAIL: objc/execute/bf-14.m compilation,  -O 
FAIL: objc/execute/bf-15.m compilation,  -O 
FAIL: objc/execute/bf-16.m compilation,  -O 
FAIL: objc/execute/bf-17.m compilation,  -O 
FAIL: objc/execute/bf-18.m compilation,  -O 
FAIL: objc/execute/bf-19.m compilation,  -O 
FAIL: objc/execute/bf-2.m compilation,  -O 
FAIL: objc/execute/bf-3.m compilation,  -O 
FAIL: objc/execute/bf-4.m compilation,  -O 
FAIL: objc/execute/bf-5.m compilation,  -O 
FAIL: objc/execute/bf-6.m compilation,  -O 
FAIL: objc/execute/bf-7.m compilation,  -O 
FAIL: objc/execute/bf-8.m compilation,  -O 
FAIL: objc/execute/bf-9.m compilation,  -O 

		=== objc Summary ===

# of unexpected failures	19
# of untested testcases		19
/tmp/egcs/gcc/xgcc version 2.96 20000221 (experimental)


Compiler version: 2.96 20000221 (experimental) 
Platform: sparc-unknown-linux-gnu

BOOT_CFLAGS: -g -O9 -W -Wall

Counting all warnings,
there are 52 warnings in stage3 of this bootstrap.

Number of warnings per file:
     14	/home/lsd/oliva/src/egcs/libiberty/pexecute.c
     12	cc1plus
     12	/home/lsd/oliva/src/egcs/gcc/libgcc2.c
      8	/home/lsd/oliva/src/egcs/libiberty/floatformat.c
      4	/home/lsd/oliva/src/egcs/libg++/src/AllocRing.cc
      1	/home/lsd/oliva/src/egcs/libobjc/encoding.c
      1	/home/lsd/oliva/src/egcs/gcc/java/gjavah.c

Number of warning types:
     12	Use of ANSI string concatenation
     12	Ignoring command line option '-Wtraditional'
      8	variable `???' might be clobbered by `longjmp' or `vfork'
      8	comparison between signed and unsigned
      4	unused parameter `???'
      4	`???' is not a pointer-to-object type
      3	`???' might be used uninitialized in this function
      1	static declaration for `???' follows non-static


More information about the Gcc-testresults mailing list