Results for 2.96 20000221 (experimental) testsuite on i386-pc-solaris2.7
Alexandre Oliva
oliva@lsd.ic.unicamp.br
Tue Feb 22 19:18:00 GMT 2000
Native configuration is i386-pc-solaris2.7
=== g++ tests ===
Running target unix
FAIL: g++.eh/crash3.C caused compiler crash
FAIL: g++.oliva/template7.C caused compiler crash
FAIL: g++.other/new3.C Execution test
FAIL: g++.other/vaarg3.C promote (test for errors, line 26)
FAIL: g++.pt/memtemp89.C (test for excess errors)
=== g++ Summary ===
# of expected passes 5708
# of unexpected failures 5
# of expected failures 93
# of untested testcases 14
/tmp/egcs/gcc/testsuite/../g++ version 2.96 20000221 (experimental)
=== g77 tests ===
Running target unix
=== g77 Summary ===
# of expected passes 664
=== gcc tests ===
Running target unix
FAIL: gcc.c-torture/compile/20000105-1.c, -O0
FAIL: gcc.c-torture/compile/20000105-1.c, -O1
FAIL: gcc.c-torture/execute/991202-3.c execution, -O0
FAIL: gcc.c-torture/execute/991202-3.c execution, -O1
FAIL: gcc.c-torture/execute/991202-3.c execution, -O2
FAIL: gcc.c-torture/execute/991202-3.c execution, -O3 -fomit-frame-pointer
FAIL: gcc.c-torture/execute/991202-3.c execution, -O3 -g
FAIL: gcc.c-torture/execute/991202-3.c execution, -Os
FAIL: gcc.c-torture/execute/991221-1.c execution, -O1
FAIL: gcc.c-torture/execute/991221-1.c execution, -O2
FAIL: gcc.c-torture/execute/991221-1.c execution, -O3 -fomit-frame-pointer
FAIL: gcc.c-torture/execute/991221-1.c execution, -O3 -g
FAIL: gcc.c-torture/execute/991221-1.c execution, -Os
XPASS: gcc.c-torture/execute/ieee/980619-1.c execution, -O1
XPASS: gcc.c-torture/execute/ieee/980619-1.c execution, -O2
XPASS: gcc.c-torture/execute/ieee/980619-1.c execution, -O3 -fomit-frame-pointer
XPASS: gcc.c-torture/execute/ieee/980619-1.c execution, -O3 -fomit-frame-pointer -funroll-loops
XPASS: gcc.c-torture/execute/ieee/980619-1.c execution, -O3 -fomit-frame-pointer -funroll-all-loops -finline-functions
XPASS: gcc.c-torture/execute/ieee/980619-1.c execution, -O3 -g
XPASS: gcc.c-torture/execute/ieee/980619-1.c execution, -Os
FAIL: gcc.c-torture/execute/ieee/fp-cmp-4.c compilation, -O0
FAIL: gcc.c-torture/execute/ieee/fp-cmp-4.c compilation, -O1
FAIL: gcc.c-torture/execute/ieee/fp-cmp-4.c compilation, -O2
FAIL: gcc.c-torture/execute/ieee/fp-cmp-4.c compilation, -O3 -fomit-frame-pointer
FAIL: gcc.c-torture/execute/ieee/fp-cmp-4.c compilation, -O3 -fomit-frame-pointer -funroll-loops
FAIL: gcc.c-torture/execute/ieee/fp-cmp-4.c compilation, -O3 -fomit-frame-pointer -funroll-all-loops -finline-functions
FAIL: gcc.c-torture/execute/ieee/fp-cmp-4.c compilation, -O3 -g
FAIL: gcc.c-torture/execute/ieee/fp-cmp-4.c compilation, -Os
FAIL: gcc.dg/991209-1.c (test for excess errors)
FAIL: gcc.dg/991214-1.c (test for excess errors)
=== gcc Summary ===
# of expected passes 9167
# of unexpected failures 23
# of unexpected successes 7
# of expected failures 31
# of unresolved testcases 8
# of unsupported tests 13
/tmp/egcs/gcc/xgcc version 2.96 20000221 (experimental)
=== libg++ tests ===
Running target unix
=== libg++ Summary ===
# of expected passes 72
=== libio tests ===
Running target unix
=== libio Summary ===
# of expected passes 40
=== libstdc++ tests ===
Running target unix
=== libstdc++ Summary ===
# of expected passes 30
=== objc tests ===
Running target unix
FAIL: objc/execute/bf-1.m compilation, -O
FAIL: objc/execute/bf-10.m compilation, -O
FAIL: objc/execute/bf-11.m compilation, -O
FAIL: objc/execute/bf-12.m compilation, -O
FAIL: objc/execute/bf-13.m compilation, -O
FAIL: objc/execute/bf-14.m compilation, -O
FAIL: objc/execute/bf-15.m compilation, -O
FAIL: objc/execute/bf-16.m compilation, -O
FAIL: objc/execute/bf-17.m compilation, -O
FAIL: objc/execute/bf-18.m compilation, -O
FAIL: objc/execute/bf-19.m compilation, -O
FAIL: objc/execute/bf-2.m compilation, -O
FAIL: objc/execute/bf-3.m compilation, -O
FAIL: objc/execute/bf-4.m compilation, -O
FAIL: objc/execute/bf-5.m compilation, -O
FAIL: objc/execute/bf-6.m compilation, -O
FAIL: objc/execute/bf-7.m compilation, -O
FAIL: objc/execute/bf-8.m compilation, -O
FAIL: objc/execute/bf-9.m compilation, -O
=== objc Summary ===
# of unexpected failures 19
# of untested testcases 19
/tmp/egcs/gcc/xgcc version 2.96 20000221 (experimental)
Compiler version: 2.96 20000221 (experimental)
Platform: i386-pc-solaris2.7
BOOT_CFLAGS: -g -O9 -W -Wall
Counting all warnings,
there are 198 warnings in stage3 of this bootstrap.
Number of warnings per file:
29 /home/phd/oliva/src/egcs/gcc/config/i386/gmon-sol2.c
18 /home/phd/oliva/src/egcs/gcc/dwarfout.c
14 /home/phd/oliva/src/egcs/libiberty/pexecute.c
14 /home/phd/oliva/src/egcs/gcc/f/global.c
10 /home/phd/oliva/src/egcs/gcc/f/storag.c
8 /usr/include/limits.h
8 /tmp/egcs/gcc/include/float.h
8 /home/phd/oliva/src/egcs/libiberty/floatformat.c
8 /home/phd/oliva/src/egcs/gcc/f/lex.c
8 /home/phd/oliva/src/egcs/gcc/f/equiv.c
7 /home/phd/oliva/src/egcs/gcc/varasm.c
6 /home/phd/oliva/src/egcs/gcc/f/expr.c
5 /home/phd/oliva/src/egcs/gcc/java/jcf-write.c
5 /home/phd/oliva/src/egcs/gcc/dwarf2out.c
4 /home/phd/oliva/src/egcs/librx/rx.c
4 /home/phd/oliva/src/egcs/libiberty/setenv.c
4 /home/phd/oliva/src/egcs/libiberty/getopt.c
4 /home/phd/oliva/src/egcs/libg++/src/AllocRing.cc
4 /home/phd/oliva/src/egcs/gcc/stor-layout.c
4 /home/phd/oliva/src/egcs/gcc/f/ste.c
3 /home/phd/oliva/src/egcs/gcc/crtstuff.c
2 str-ot.j
2 str-1t.j
2 insn-emit.c
2 /home/phd/oliva/src/egcs/gcc/f/symbol.c
2 /home/phd/oliva/src/egcs/gcc/f/std.c
2 /home/phd/oliva/src/egcs/gcc/f/com.c
2 /home/phd/oliva/src/egcs/gcc/f/bad.c
1 str-op.j
1 str-nq.j
1 str-io.j
1 str-fo.j
1 str-2t.j
1 /home/phd/oliva/src/egcs/gcc/java/gjavah.c
1 /home/phd/oliva/src/egcs/gcc/fold-const.c
1 /home/phd/oliva/src/egcs/gcc/cp/class.c
1 /home/phd/oliva/src/egcs/gcc/c-decl.c
Number of warning types:
55 Use of ANSI string concatenation
36 comparison between signed and unsigned
14 `long' switch expression not converted to `int' in ANSI C
13 `???' might be used uninitialized in this function
8 variable `???' might be clobbered by `longjmp' or `vfork'
8 unused parameter `???'
8 this is the location of the previous definition
8 implicit declaration of function `???'
8 `???' redefined
6 function `???' was previously declared within a block
6 `return' with no value, in function returning non-void
6 ??? format, ??? arg (arg ???)
4 return-type defaults to `int'
4 comparison of distinct pointer types lacks a cast
4 `???' is not a pointer-to-object type
3 signed and unsigned type in conditional expression
3 control reaches end of non-void function
2 suggest explicit braces to avoid ambiguous `else'
1 type defaults to `int' in declaration of `???'
1 `???' defined but not used
More information about the Gcc-testresults
mailing list