Results for 2.96 20000215 (experimental) testsuite on i586-pc-linux-gnu
Andris Pavenis
andris@hal.astr.lu.lv
Wed Feb 16 01:10:00 GMT 2000
Source: gcc mainline from CVS (last updated 2000 Feb 16 03:04 +0200)
System: Linux kernel 2.2.15pre7
glibc-2.1.2
binutils-2.9.1.0.25
Native configuration is i586-pc-linux-gnu
=== libio tests ===
Running target unix
=== libio Summary ===
# of expected passes 40
=== libstdc++ tests ===
Running target unix
=== libstdc++ Summary ===
# of expected passes 30
=== gcc tests ===
Running target unix
FAIL: gcc.c-torture/compile/labels-2.c, -O2
FAIL: gcc.c-torture/compile/labels-2.c, -O3 -fomit-frame-pointer
FAIL: gcc.c-torture/compile/labels-2.c, -O3 -g
FAIL: gcc.c-torture/compile/20000105-1.c, -O0
FAIL: gcc.c-torture/compile/20000105-1.c, -O1
FAIL: gcc.c-torture/execute/991202-3.c execution, -O0
FAIL: gcc.c-torture/execute/991202-3.c execution, -O1
FAIL: gcc.c-torture/execute/991202-3.c execution, -O2
FAIL: gcc.c-torture/execute/991202-3.c execution, -O3 -fomit-frame-pointer
FAIL: gcc.c-torture/execute/991202-3.c execution, -O3 -g
FAIL: gcc.c-torture/execute/991202-3.c execution, -Os
FAIL: gcc.c-torture/execute/991221-1.c execution, -O1
FAIL: gcc.c-torture/execute/991221-1.c execution, -O2
FAIL: gcc.c-torture/execute/991221-1.c execution, -O3 -fomit-frame-pointer
FAIL: gcc.c-torture/execute/991221-1.c execution, -O3 -g
FAIL: gcc.c-torture/execute/991221-1.c execution, -Os
XPASS: gcc.c-torture/execute/ieee/980619-1.c execution, -O1
XPASS: gcc.c-torture/execute/ieee/980619-1.c execution, -O2
XPASS: gcc.c-torture/execute/ieee/980619-1.c execution, -O3 -fomit-frame-pointer
XPASS: gcc.c-torture/execute/ieee/980619-1.c execution, -O3 -fomit-frame-pointer -funroll-loops
XPASS: gcc.c-torture/execute/ieee/980619-1.c execution, -O3 -fomit-frame-pointer -funroll-all-loops -finline-functions
XPASS: gcc.c-torture/execute/ieee/980619-1.c execution, -O3 -g
XPASS: gcc.c-torture/execute/ieee/980619-1.c execution, -Os
FAIL: gcc.c-torture/execute/ieee/fp-cmp-4.c compilation, -O0
FAIL: gcc.c-torture/execute/ieee/fp-cmp-4.c compilation, -O1
FAIL: gcc.c-torture/execute/ieee/fp-cmp-4.c compilation, -O2
FAIL: gcc.c-torture/execute/ieee/fp-cmp-4.c compilation, -O3 -fomit-frame-pointer
FAIL: gcc.c-torture/execute/ieee/fp-cmp-4.c compilation, -O3 -fomit-frame-pointer -funroll-loops
FAIL: gcc.c-torture/execute/ieee/fp-cmp-4.c compilation, -O3 -fomit-frame-pointer -funroll-all-loops -finline-functions
FAIL: gcc.c-torture/execute/ieee/fp-cmp-4.c compilation, -O3 -g
FAIL: gcc.c-torture/execute/ieee/fp-cmp-4.c compilation, -Os
FAIL: gcc.dg/991214-1.c (test for excess errors)
FAIL: gcc.dg/special/weak-1.c execution test
=== gcc Summary ===
# of expected passes 9143
# of unexpected failures 26
# of unexpected successes 7
# of expected failures 31
# of unresolved testcases 8
# of unsupported tests 15
/disk2/cvs/egcs-curr/build/build.lnx/gcc/xgcc version 2.96 20000215 (experimental)
=== g++ tests ===
Running target unix
FAIL: g++.dg/special/conpr-1.C execution test
FAIL: g++.dg/special/conpr-2.C execution test
FAIL: g++.dg/special/conpr-3.C execution test
FAIL: g++.dg/special/conpr-3.C execution test
FAIL: g++.eh/crash3.C caused compiler crash
FAIL: g++.ext/initp1.C Execution test
=== g++ Summary ===
# of expected passes 5711
# of unexpected failures 6
# of expected failures 96
# of untested testcases 8
/disk2/cvs/egcs-curr/build/build.lnx/gcc/testsuite/../g++ version 2.96 20000215 (experimental)
=== g77 tests ===
Running target unix
=== g77 Summary ===
# of expected passes 664
=== objc tests ===
Running target unix
FAIL: objc/execute/bf-1.m compilation, -O
FAIL: objc/execute/bf-10.m compilation, -O
FAIL: objc/execute/bf-11.m compilation, -O
FAIL: objc/execute/bf-12.m compilation, -O
FAIL: objc/execute/bf-13.m compilation, -O
FAIL: objc/execute/bf-14.m compilation, -O
FAIL: objc/execute/bf-15.m compilation, -O
FAIL: objc/execute/bf-16.m compilation, -O
FAIL: objc/execute/bf-17.m compilation, -O
FAIL: objc/execute/bf-18.m compilation, -O
FAIL: objc/execute/bf-19.m compilation, -O
FAIL: objc/execute/bf-2.m compilation, -O
FAIL: objc/execute/bf-3.m compilation, -O
FAIL: objc/execute/bf-4.m compilation, -O
FAIL: objc/execute/bf-5.m compilation, -O
FAIL: objc/execute/bf-6.m compilation, -O
FAIL: objc/execute/bf-7.m compilation, -O
FAIL: objc/execute/bf-8.m compilation, -O
FAIL: objc/execute/bf-9.m compilation, -O
=== objc Summary ===
# of unexpected failures 19
# of untested testcases 19
/disk2/cvs/egcs-curr/build/build.lnx/gcc/xgcc version 2.96 20000215 (experimental)
Compiler version: 2.96 20000215 (experimental)
Platform: i586-pc-linux-gnu
configure flags: --with-gcc-version-trigger=/disk2/cvs/egcs-curr/build/egcs-20000216/gcc/version.c --host=i586-pc-linux-gnu --prefix=/usr --enable-shared --with-gnu-ld --enable-threads --verbose --norecursion
Counting all warnings,
there are 119 warnings in stage3 of this bootstrap.
Number of warnings per file:
14 ../../../egcs-20000216/gcc/f/global.c
12 ../../../egcs-20000216/gcc/java/lex.c
10 ../../../egcs-20000216/gcc/f/storag.c
8 ../../egcs-20000216/gcc/lcm.c
8 ../../../egcs-20000216/gcc/f/lex.c
8 ../../../egcs-20000216/gcc/f/equiv.c
6 ../../egcs-20000216/gcc/bitmap.c
6 ../../../egcs-20000216/gcc/f/expr.c
4 ../../egcs-20000216/gcc/stor-layout.c
4 ../../../egcs-20000216/gcc/f/target.c
4 ../../../egcs-20000216/gcc/f/ste.c
3 ../../../egcs-20000216/gcc/f/com.c
2 str-ot.j
2 str-1t.j
2 insn-emit.c
2 ../../egcs-20000216/gcc/flow.c
2 ../../../egcs-20000216/gcc/f/symbol.c
2 ../../../egcs-20000216/gcc/f/std.c
2 ../../../egcs-20000216/gcc/f/bad.c
1 str-op.j
1 str-nq.j
1 str-io.j
1 str-fo.j
1 str-2t.j
1 ../../egcs-20000216/gcc/varasm.c
1 ../../egcs-20000216/gcc/unroll.c
1 ../../egcs-20000216/gcc/sbitmap.c
1 ../../egcs-20000216/gcc/reload.c
1 ../../egcs-20000216/gcc/optabs.c
1 ../../egcs-20000216/gcc/gcov-io.h
1 ../../egcs-20000216/gcc/function.c
1 ../../egcs-20000216/gcc/fold-const.c
1 ../../egcs-20000216/gcc/dwarf2out.c
1 ../../egcs-20000216/gcc/cppinit.c
1 ../../../egcs-20000216/gcc/java/gjavah.c
1 ../../../egcs-20000216/gcc/f/malloc.c
1 ../../../egcs-20000216/gcc/cp/class.c
Number of warning types:
52 Use of ANSI string concatenation
20 `long' switch expression not converted to `int' in ANSI C
12 variable `???' might be clobbered by `longjmp' or `vfork'
9 signed and unsigned type in conditional expression
9 `???' defined but not used
8 comparison between signed and unsigned
7 `???' might be used uninitialized in this function
1 passing arg ??? of `???' discards qualifiers from pointer target type
1 assignment discards qualifiers from pointer target type
More information about the Gcc-testresults
mailing list