Results for 2.96 20000214 (experimental) testsuite on i586-sco-sysv5uw7.1.0
Rodney Brown
rdb@localhost
Tue Feb 15 13:55:00 GMT 2000
Native configuration is i586-sco-sysv5uw7.1.0
=== libio tests ===
Running target unix
=== libio Summary ===
# of expected passes 40
=== libstdc++ tests ===
Running target unix
=== libstdc++ Summary ===
# of expected passes 30
=== gcc tests ===
Running target unix
FAIL: gcc.c-torture/compile/labels-2.c, -O2
FAIL: gcc.c-torture/compile/labels-2.c, -O3 -fomit-frame-pointer
FAIL: gcc.c-torture/compile/labels-2.c, -O3 -g
FAIL: gcc.c-torture/compile/20000105-1.c, -O0
FAIL: gcc.c-torture/compile/20000105-1.c, -O1
FAIL: gcc.c-torture/execute/991202-3.c execution, -O0
FAIL: gcc.c-torture/execute/991202-3.c execution, -O1
FAIL: gcc.c-torture/execute/991202-3.c execution, -O2
FAIL: gcc.c-torture/execute/991202-3.c execution, -O3 -fomit-frame-pointer
FAIL: gcc.c-torture/execute/991202-3.c execution, -O3 -g
FAIL: gcc.c-torture/execute/991202-3.c execution, -Os
FAIL: gcc.c-torture/execute/991221-1.c execution, -O1
FAIL: gcc.c-torture/execute/991221-1.c execution, -O2
FAIL: gcc.c-torture/execute/991221-1.c execution, -O3 -fomit-frame-pointer
FAIL: gcc.c-torture/execute/991221-1.c execution, -O3 -g
FAIL: gcc.c-torture/execute/991221-1.c execution, -Os
FAIL: gcc.c-torture/execute/ieee/fp-cmp-4.c compilation, -O0
FAIL: gcc.c-torture/execute/ieee/fp-cmp-4.c compilation, -O1
FAIL: gcc.c-torture/execute/ieee/fp-cmp-4.c compilation, -O2
FAIL: gcc.c-torture/execute/ieee/fp-cmp-4.c compilation, -O3 -fomit-frame-pointer
FAIL: gcc.c-torture/execute/ieee/fp-cmp-4.c compilation, -O3 -fomit-frame-pointer -funroll-loops
FAIL: gcc.c-torture/execute/ieee/fp-cmp-4.c compilation, -O3 -fomit-frame-pointer -funroll-all-loops -finline-functions
FAIL: gcc.c-torture/execute/ieee/fp-cmp-4.c compilation, -O3 -g
FAIL: gcc.c-torture/execute/ieee/fp-cmp-4.c compilation, -Os
FAIL: gcc.c-torture/special/eeprof-1.c compilation, -O0
FAIL: gcc.c-torture/special/eeprof-1.c compilation, -O1
FAIL: gcc.c-torture/special/eeprof-1.c compilation, -O2
FAIL: gcc.c-torture/special/eeprof-1.c compilation, -O3 -fomit-frame-pointer
FAIL: gcc.c-torture/special/eeprof-1.c compilation, -O3 -g
FAIL: gcc.c-torture/special/eeprof-1.c compilation, -Os
FAIL: gcc.dg/991214-1.c (test for excess errors)
=== gcc Summary ===
# of expected passes 9120
# of unexpected failures 31
# of expected failures 25
# of unresolved testcases 17
# of unsupported tests 14
/devel/src/egcs-20000214.obj/gcc/xgcc version 2.96 20000214 (experimental)
=== g++ tests ===
Running target unix
FAIL: g++.dg/special/conpr-1.C execution test
FAIL: g++.dg/special/conpr-2.C execution test
FAIL: g++.dg/special/conpr-3.C execution test
FAIL: g++.dg/special/conpr-3.C execution test
FAIL: g++.brendan/code-gen5.C (test for excess errors)
FAIL: g++.bugs/900407_02.C (test for excess errors)
FAIL: g++.eh/spec2.C Execution test
FAIL: g++.eh/spec3.C Execution test
FAIL: g++.ext/initp1.C Execution test
FAIL: g++.law/profile1.C (test for excess errors)
FAIL: g++.mike/dyncast1.C Execution test
FAIL: g++.mike/dyncast2.C Execution test
FAIL: g++.mike/eh33.C Execution test
FAIL: g++.mike/eh50.C Execution test
FAIL: g++.mike/eh51.C Execution test
FAIL: g++.other/ptrmem6.C (test for excess errors)
FAIL: g++.pt/crash44.C (test for excess errors)
XPASS: g++.pt/decl2.C ICE - (test for errors, line 8)
FAIL: g++.pt/memtemp64.C (test for excess errors)
FAIL: g++.pt/static10.C ANSI C++ forbids in-class initialization of non-const static member `x' (test for errors, line 15)
=== g++ Summary ===
# of expected passes 5696
# of unexpected failures 19
# of unexpected successes 1
# of expected failures 93
# of untested testcases 14
/devel/src/egcs-20000214.obj/gcc/testsuite/../g++ version 2.96 20000214 (experimental)
=== g77 tests ===
Running target unix
=== g77 Summary ===
# of expected passes 664
=== objc tests ===
Running target unix
FAIL: objc/execute/bf-1.m compilation, -O
FAIL: objc/execute/bf-10.m compilation, -O
FAIL: objc/execute/bf-11.m compilation, -O
FAIL: objc/execute/bf-12.m compilation, -O
FAIL: objc/execute/bf-13.m compilation, -O
FAIL: objc/execute/bf-14.m compilation, -O
FAIL: objc/execute/bf-15.m compilation, -O
FAIL: objc/execute/bf-16.m compilation, -O
FAIL: objc/execute/bf-17.m compilation, -O
FAIL: objc/execute/bf-18.m compilation, -O
FAIL: objc/execute/bf-19.m compilation, -O
FAIL: objc/execute/bf-2.m compilation, -O
FAIL: objc/execute/bf-3.m compilation, -O
FAIL: objc/execute/bf-4.m compilation, -O
FAIL: objc/execute/bf-5.m compilation, -O
FAIL: objc/execute/bf-6.m compilation, -O
FAIL: objc/execute/bf-7.m compilation, -O
FAIL: objc/execute/bf-8.m compilation, -O
FAIL: objc/execute/bf-9.m compilation, -O
=== objc Summary ===
# of unexpected failures 19
# of untested testcases 19
/devel/src/egcs-20000214.obj/gcc/xgcc version 2.96 20000214 (experimental)
Compiler version: 2.96 20000214 (experimental)
Platform: i586-sco-sysv5uw7.1.0
configure flags: --with-gcc-version-trigger=/devel/src/egcs-20000214/gcc/version.c --host=i586-sco-sysv5uw7.1.0 --norecursion
Counting all warnings,
there are 1302 warnings in stage3 of this bootstrap.
Number of warnings per file:
888 include/sys/stat.h
233 include/stdlib.h
18 ../../egcs-20000214/gcc/dwarfout.c
14 ../../../egcs-20000214/gcc/f/global.c
12 ../../../egcs-20000214/gcc/java/lex.c
10 ../../../egcs-20000214/gcc/f/storag.c
8 /devel/src/egcs-20000214.obj/gcc/include/stdlib.h
8 ../include/sys/stat.h
8 ../../egcs-20000214/gcc/varasm.c
8 ../../../egcs-20000214/gcc/f/lex.c
8 ../../../egcs-20000214/gcc/f/equiv.c
7 ../../../egcs-20000214/libiberty/pexecute.c
6 ../../egcs-20000214/gcc/bitmap.c
6 ../../../egcs-20000214/gcc/f/expr.c
5 /devel/src/egcs-20000214.obj/gcc/include/sys/stat.h
5 ../../egcs-20000214/gcc/dwarf2out.c
4 include/stdio.h
4 ../../egcs-20000214/gcc/stor-layout.c
4 ../../../egcs-20000214/libiberty/floatformat.c
4 ../../../egcs-20000214/gcc/f/ste.c
3 /usr/include/unistd.h
2 str-ot.j
2 str-1t.j
2 insn-emit.c
2 ../include/stdlib.h
2 ../../egcs-20000214/gcc/flow.c
2 ../../../egcs-20000214/libiberty/setenv.c
2 ../../../egcs-20000214/libiberty/getopt.c
2 ../../../egcs-20000214/gcc/f/symbol.c
2 ../../../egcs-20000214/gcc/f/std.c
2 ../../../egcs-20000214/gcc/f/com.c
2 ../../../egcs-20000214/gcc/f/bad.c
1 str-op.j
1 str-nq.j
1 str-io.j
1 str-fo.j
1 str-2t.j
1 /usr/include/sys/file.h
1 /usr/include/dirent.h
1 ../../egcs-20000214/gcc/unroll.c
1 ../../egcs-20000214/gcc/sbitmap.c
1 ../../egcs-20000214/gcc/reload.c
1 ../../egcs-20000214/gcc/optabs.c
1 ../../egcs-20000214/gcc/gcov-io.h
1 ../../egcs-20000214/gcc/function.c
1 ../../egcs-20000214/gcc/fold-const.c
1 ../../egcs-20000214/gcc/cppinit.c
1 ../../../egcs-20000214/gcc/java/gjavah.c
1 ../../../egcs-20000214/gcc/cp/class.c
Number of warning types:
1149 `???' defined but not used
52 Use of ANSI string concatenation
35 comparison between signed and unsigned
16 variable `???' might be clobbered by `longjmp' or `vfork'
14 `long' switch expression not converted to `int' in ANSI C
9 signed and unsigned type in conditional expression
9 `???' might be used uninitialized in this function
6 ??? format, ??? arg (arg ???)
4 unused parameter `???'
4 ignoring pragma:
1 suggest explicit braces to avoid ambiguous `else'
1 passing arg ??? of `???' discards qualifiers from pointer target type
1 assignment discards qualifiers from pointer target type
1 `???' within comment
More information about the Gcc-testresults
mailing list