Results for 2.96 20000214 (experimental) testsuite on alphaev6-unknown-linux-gnu
Alexandre Oliva
oliva@lsd.ic.unicamp.br
Tue Feb 15 08:07:00 GMT 2000
Native configuration is alphaev6-unknown-linux-gnu
=== g++ tests ===
Running target unix
FAIL: g++.oliva/template7.C caused compiler crash
=== g++ Summary ===
# of expected passes 5700
# of unexpected failures 1
# of expected failures 95
# of untested testcases 18
/tmp/egcs/gcc/testsuite/../g++ version 2.96 20000214 (experimental)
=== g77 tests ===
Running target unix
=== g77 Summary ===
# of expected passes 664
=== gcc tests ===
Running target unix
FAIL: gcc.c-torture/compile/20000105-1.c, -O0
FAIL: gcc.c-torture/compile/20000105-1.c, -O1
FAIL: gcc.c-torture/execute/930529-1.c execution, -O3 -fomit-frame-pointer
FAIL: gcc.c-torture/execute/930529-1.c execution, -O3 -fomit-frame-pointer -funroll-loops
FAIL: gcc.c-torture/execute/930529-1.c execution, -O3 -fomit-frame-pointer -funroll-all-loops -finline-functions
FAIL: gcc.c-torture/execute/930529-1.c execution, -O3 -g
FAIL: gcc.c-torture/execute/991202-3.c execution, -O0
FAIL: gcc.c-torture/execute/991202-3.c execution, -O1
FAIL: gcc.c-torture/execute/991202-3.c execution, -O2
FAIL: gcc.c-torture/execute/991202-3.c execution, -O3 -fomit-frame-pointer
FAIL: gcc.c-torture/execute/991202-3.c execution, -O3 -g
FAIL: gcc.c-torture/execute/991202-3.c execution, -Os
FAIL: gcc.c-torture/execute/ieee/fp-cmp-2.c execution, -O0
FAIL: gcc.c-torture/execute/ieee/fp-cmp-2.c execution, -O1
FAIL: gcc.c-torture/execute/ieee/fp-cmp-2.c execution, -O2
FAIL: gcc.c-torture/execute/ieee/fp-cmp-2.c execution, -O3 -fomit-frame-pointer
FAIL: gcc.c-torture/execute/ieee/fp-cmp-2.c execution, -O3 -fomit-frame-pointer -funroll-loops
FAIL: gcc.c-torture/execute/ieee/fp-cmp-2.c execution, -O3 -fomit-frame-pointer -funroll-all-loops -finline-functions
FAIL: gcc.c-torture/execute/ieee/fp-cmp-2.c execution, -O3 -g
FAIL: gcc.c-torture/execute/ieee/fp-cmp-2.c execution, -Os
FAIL: gcc.c-torture/execute/ieee/fp-cmp-4.c execution, -O0
FAIL: gcc.c-torture/execute/ieee/fp-cmp-4.c execution, -O1
FAIL: gcc.c-torture/execute/ieee/fp-cmp-4.c execution, -O2
FAIL: gcc.c-torture/execute/ieee/fp-cmp-4.c execution, -O3 -fomit-frame-pointer
FAIL: gcc.c-torture/execute/ieee/fp-cmp-4.c execution, -O3 -fomit-frame-pointer -funroll-loops
FAIL: gcc.c-torture/execute/ieee/fp-cmp-4.c execution, -O3 -fomit-frame-pointer -funroll-all-loops -finline-functions
FAIL: gcc.c-torture/execute/ieee/fp-cmp-4.c execution, -O3 -g
FAIL: gcc.c-torture/execute/ieee/fp-cmp-4.c execution, -Os
FAIL: gcc.c-torture/execute/ieee/mzero2.c execution, -O0
FAIL: gcc.c-torture/execute/ieee/mzero2.c execution, -O1
FAIL: gcc.c-torture/execute/ieee/mzero2.c execution, -O2
FAIL: gcc.c-torture/execute/ieee/mzero2.c execution, -O3 -fomit-frame-pointer
FAIL: gcc.c-torture/execute/ieee/mzero2.c execution, -O3 -g
FAIL: gcc.c-torture/execute/ieee/mzero2.c execution, -Os
XPASS: gcc.c-torture/execute/memcheck/blkarg.c execution, -O0
XPASS: gcc.c-torture/execute/memcheck/blkarg.c execution, -O1
XPASS: gcc.c-torture/execute/memcheck/blkarg.c execution, -O2
XPASS: gcc.c-torture/execute/memcheck/blkarg.c execution, -Os
=== gcc Summary ===
# of expected passes 9118
# of unexpected failures 34
# of unexpected successes 4
# of expected failures 27
# of unsupported tests 31
/tmp/egcs/gcc/xgcc version 2.96 20000214 (experimental)
=== libg++ tests ===
Running target unix
=== libg++ Summary ===
# of expected passes 72
=== libio tests ===
Running target unix
=== libio Summary ===
# of expected passes 40
=== libstdc++ tests ===
Running target unix
=== libstdc++ Summary ===
# of expected passes 30
=== objc tests ===
Running target unix
FAIL: objc/execute/bf-1.m compilation, -O
FAIL: objc/execute/bf-10.m compilation, -O
FAIL: objc/execute/bf-11.m compilation, -O
FAIL: objc/execute/bf-12.m compilation, -O
FAIL: objc/execute/bf-13.m compilation, -O
FAIL: objc/execute/bf-14.m compilation, -O
FAIL: objc/execute/bf-15.m compilation, -O
FAIL: objc/execute/bf-16.m compilation, -O
FAIL: objc/execute/bf-17.m compilation, -O
FAIL: objc/execute/bf-18.m compilation, -O
FAIL: objc/execute/bf-19.m compilation, -O
FAIL: objc/execute/bf-2.m compilation, -O
FAIL: objc/execute/bf-3.m compilation, -O
FAIL: objc/execute/bf-4.m compilation, -O
FAIL: objc/execute/bf-5.m compilation, -O
FAIL: objc/execute/bf-6.m compilation, -O
FAIL: objc/execute/bf-7.m compilation, -O
FAIL: objc/execute/bf-8.m compilation, -O
FAIL: objc/execute/bf-9.m compilation, -O
=== objc Summary ===
# of unexpected failures 19
# of untested testcases 19
/tmp/egcs/gcc/xgcc version 2.96 20000214 (experimental)
Compiler version: 2.96 20000214 (experimental)
Platform: alphaev6-unknown-linux-gnu
BOOT_CFLAGS: -g -O9 -W -Wall
Counting all warnings,
there are 199 warnings in stage3 of this bootstrap.
Number of warnings per file:
28 /home/phd/oliva/src/egcs/libiberty/pexecute.c
14 /home/phd/oliva/src/egcs/gcc/f/global.c
12 /home/phd/oliva/src/egcs/libiberty/floatformat.c
12 /home/phd/oliva/src/egcs/gcc/java/lex.c
10 /home/phd/oliva/src/egcs/gcc/f/storag.c
8 /home/phd/oliva/src/egcs/libg++/src/AllocRing.cc
8 /home/phd/oliva/src/egcs/gcc/f/lex.c
8 /home/phd/oliva/src/egcs/gcc/f/equiv.c
6 /home/phd/oliva/src/egcs/gcc/f/expr.c
6 /home/phd/oliva/src/egcs/gcc/config/alpha/alpha.c
6 /home/phd/oliva/src/egcs/gcc/bitmap.c
4 /home/phd/oliva/src/egcs/libobjc/selector.c
4 /home/phd/oliva/src/egcs/libobjc/objects.c
4 /home/phd/oliva/src/egcs/libobjc/archive.c
4 /home/phd/oliva/src/egcs/libiberty/xmemdup.c
4 /home/phd/oliva/src/egcs/libiberty/hashtab.c
4 /home/phd/oliva/src/egcs/libchill/waitbuffer.c
4 /home/phd/oliva/src/egcs/libchill/sendbuffer.c
4 /home/phd/oliva/src/egcs/libchill/delaycase.c
4 /home/phd/oliva/src/egcs/libchill/concatstr.c
4 /home/phd/oliva/src/egcs/gcc/f/ste.c
2 str-ot.j
2 str-1t.j
2 insn-recog.c
2 /home/phd/oliva/src/egcs/libchill/printevent.c
2 /home/phd/oliva/src/egcs/libchill/printbuffer.c
2 /home/phd/oliva/src/egcs/libchill/memmove.c
2 /home/phd/oliva/src/egcs/gcc/flow.c
2 /home/phd/oliva/src/egcs/gcc/f/symbol.c
2 /home/phd/oliva/src/egcs/gcc/f/std.c
2 /home/phd/oliva/src/egcs/gcc/f/com.c
2 /home/phd/oliva/src/egcs/gcc/f/bad.c
1 str-op.j
1 str-nq.j
1 str-io.j
1 str-fo.j
1 str-2t.j
1 /home/phd/oliva/src/egcs/gcc/varasm.c
1 /home/phd/oliva/src/egcs/gcc/unroll.c
1 /home/phd/oliva/src/egcs/gcc/sbitmap.c
1 /home/phd/oliva/src/egcs/gcc/reload1.c
1 /home/phd/oliva/src/egcs/gcc/reload.c
1 /home/phd/oliva/src/egcs/gcc/optabs.c
1 /home/phd/oliva/src/egcs/gcc/java/gjavah.c
1 /home/phd/oliva/src/egcs/gcc/gcc.c
1 /home/phd/oliva/src/egcs/gcc/function.c
1 /home/phd/oliva/src/egcs/gcc/fold-const.c
1 /home/phd/oliva/src/egcs/gcc/final.c
1 /home/phd/oliva/src/egcs/gcc/expmed.c
1 /home/phd/oliva/src/egcs/gcc/cppinit.c
1 /home/phd/oliva/src/egcs/gcc/cp/class.c
Number of warning types:
53 Use of ANSI string concatenation
42 type mismatch in implicit declaration for built-in function `???'
28 variable `???' might be clobbered by `longjmp' or `vfork'
19 `long' switch expression not converted to `int' in ANSI C
18 comparison between signed and unsigned
11 `???' might be used uninitialized in this function
8 unused parameter `???'
8 `???' is not a pointer-to-object type
7 signed and unsigned type in conditional expression
2 passing arg ??? of `???' discards qualifiers from pointer target type
1 passing arg ??? of `???' from incompatible pointer type
1 implicit declaration of function `???'
1 assignment discards qualifiers from pointer target type
More information about the Gcc-testresults
mailing list