Results for 2.96 20000210 testsuite on i586-pc-cygwin32
Timothy C Prince
tprince@myrealbox.com
Fri Feb 11 14:56:00 GMT 2000
Native configuration is i586-pc-cygwin32
=== g++ tests ===
Running target unix
FAIL: g++.dg/special/conpr-1.C (test for excess errors)
FAIL: conpr-2a.o
FAIL: conpr-3a.o
FAIL: g++.eh/fntry1.C Execution test
FAIL: g++.eh/vbase1.C Execution test
FAIL: g++.ext/initp1.C caused compiler crash
XPASS: g++.jason/template18.C (test for excess errors)
XPASS: g++.jason/template18.C Execution test
FAIL: g++.jason/thunk2.C (test for excess errors)
FAIL: g++.mike/eh16.C Execution test
FAIL: g++.mike/eh17.C Execution test
FAIL: g++.mike/eh30.C (test for excess errors)
FAIL: g++.mike/p4750.C (test for excess errors)
FAIL: g++.mike/p8785.C private (test for errors, line 6)
FAIL: g++.mike/p8785.C (test for errors, line 11)
FAIL: g++.mike/p8785.C (test for errors, line 14)
XPASS: g++.oliva/ext1.C Execution test
XPASS: g++.oliva/thunk1.C Execution test
XPASS: g++.other/init5.C Execution test
FAIL: g++.pt/friend32.C caused compiler crash
FAIL: g++.robertl/eb106.C (test for excess errors)
FAIL: g++.robertl/eb73.C (test for excess errors)
=== g++ Summary ===
# of expected passes 5686
# of unexpected failures 17
# of unexpected successes 5
# of expected failures 91
# of untested testcases 14
e:/gnu/egcs/cw/gcc/testsuite/../g++ version 2.96 20000210
(experimental)
=== g77 tests ===
Running target unix
=== g77 Summary ===
# of expected passes 664
=== gcc tests ===
Running target unix
FAIL: gcc.c-torture/compile/20000105-1.c, -O0
FAIL: gcc.c-torture/compile/20000105-1.c, -O1
FAIL: gcc.c-torture/compile/labels-2.c, -O2
FAIL: gcc.c-torture/compile/labels-2.c, -O3
-fomit-frame-pointer
FAIL: gcc.c-torture/compile/labels-2.c, -O3 -g
XPASS: gcc.c-torture/execute/ieee/980619-1.c execution, -O1
XPASS: gcc.c-torture/execute/ieee/980619-1.c execution, -O2
XPASS: gcc.c-torture/execute/ieee/980619-1.c execution, -O3
-fomit-frame-pointer
XPASS: gcc.c-torture/execute/ieee/980619-1.c execution, -O3
-fomit-frame-pointer -funroll-loops
XPASS: gcc.c-torture/execute/ieee/980619-1.c execution, -O3
-fomit-frame-pointer -funroll-all-loops -finline-functions
XPASS: gcc.c-torture/execute/ieee/980619-1.c execution, -O3
-g
XPASS: gcc.c-torture/execute/ieee/980619-1.c execution, -Os
FAIL: gcc.c-torture/execute/ieee/fp-cmp-4.c compilation,
-O0
FAIL: gcc.c-torture/execute/ieee/fp-cmp-4.c compilation,
-O1
FAIL: gcc.c-torture/execute/ieee/fp-cmp-4.c compilation,
-O2
FAIL: gcc.c-torture/execute/ieee/fp-cmp-4.c compilation,
-O3 -fomit-frame-pointer
FAIL: gcc.c-torture/execute/ieee/fp-cmp-4.c compilation,
-O3 -fomit-frame-pointer -funroll-loops
FAIL: gcc.c-torture/execute/ieee/fp-cmp-4.c compilation,
-O3 -fomit-frame-pointer -funroll-all-loops
-finline-functions
FAIL: gcc.c-torture/execute/ieee/fp-cmp-4.c compilation,
-O3 -g
FAIL: gcc.c-torture/execute/ieee/fp-cmp-4.c compilation,
-Os
XPASS: gcc.c-torture/execute/memcheck/blkarg.c execution,
-O0
XPASS: gcc.c-torture/execute/memcheck/blkarg.c execution,
-O1
XPASS: gcc.c-torture/execute/memcheck/blkarg.c execution,
-O2
XPASS: gcc.c-torture/execute/memcheck/blkarg.c execution,
-O3 -fomit-frame-pointer
XPASS: gcc.c-torture/execute/memcheck/blkarg.c execution,
-O3 -g
XPASS: gcc.c-torture/execute/memcheck/blkarg.c execution,
-Os
FAIL: gcc.c-torture/special/981006-1.c (test for excess
errors)
FAIL: gcc.dg/990213-2.c (test for excess errors)
FAIL: gcc.dg/990214-1.c (test for excess errors)
FAIL: gcc.dg/991214-1.c (test for excess errors)
FAIL: gcc.dg/cpp-if2.c wide charconst recognition (test for
bogus messages, line 9)
FAIL: gcov failed: spawn failed
=== gcc Summary ===
# of expected passes 9130
# of unexpected failures 19
# of unexpected successes 13
# of expected failures 25
# of unresolved testcases 8
# of unsupported tests 16
e:/gnu/egcs/cw/gcc/xgcc version 2.96 20000210 (experimental)
=== libio tests ===
Running target unix
=== libio Summary ===
# of expected passes 40
=== libstdc++ tests ===
Running target unix
FAIL: tstring.cc -O compilation
=== libstdc++ Summary ===
# of expected passes 27
# of unexpected failures 1
# of expected failures 2
Compiler version: 2.96 20000210 (experimental)
Platform: i586-pc-cygwin32
configure flags:
--with-gcc-version-trigger=/gnu/egcs/gcc/version.c
--prefix=//e/cygnus/cygwin-b20/H-i586-cygwin32
--host=i586-pc-cygwin32 --target=i586-pc-cygwin32
--norecursion
More information about the Gcc-testresults
mailing list