Results for haifa-enabled 2.96 20000207 (experimental) testsuite on i586-pc-linux-gnulibc1

David W. Schuler schuld@apache.btv.ibm.com
Wed Feb 9 04:58:00 GMT 2000


Native configuration is i586-pc-linux-gnulibc1

		=== libio tests ===


Running target unix

		=== libio Summary ===

# of expected passes		40
		=== libstdc++ tests ===


Running target unix

		=== libstdc++ Summary ===

# of expected passes		30
		=== gcc tests ===


Running target unix
FAIL: gcc.c-torture/compile/20000105-1.c,  -O0  
FAIL: gcc.c-torture/compile/20000105-1.c,  -O1  
		=== g++ tests ===


Running target unix
FAIL: g++.dg/special/conpr-1.C execution test
FAIL: g++.dg/special/conpr-2.C execution test
FAIL: g++.dg/special/conpr-3.C execution test
FAIL: g++.dg/special/conpr-3.C execution test
FAIL: g++.bugs/900210_02.C  (test for errors, line 82)
FAIL: g++.bugs/900210_02.C  (test for errors, line 83)
FAIL: g++.bugs/900210_02.C  (test for errors, line 84)
FAIL: g++.bugs/900210_02.C  (test for errors, line 85)
FAIL: g++.bugs/900210_02.C  (test for errors, line 86)
FAIL: g++.bugs/900210_02.C  (test for errors, line 87)
FAIL: g++.bugs/900210_02.C  (test for errors, line 88)
FAIL: g++.bugs/900210_02.C  (test for errors, line 89)
FAIL: g++.bugs/900210_02.C  (test for errors, line 90)
FAIL: g++.bugs/900210_02.C  (test for errors, line 91)
FAIL: g++.bugs/900210_02.C  (test for errors, line 92)
FAIL: g++.bugs/900210_02.C  (test for errors, line 93)
FAIL: g++.bugs/900210_02.C  (test for errors, line 94)
FAIL: g++.bugs/900210_02.C  (test for errors, line 95)
FAIL: g++.bugs/900210_02.C  (test for errors, line 96)
FAIL: g++.bugs/900210_02.C  (test for errors, line 97)
FAIL: g++.bugs/900210_02.C  (test for errors, line 98)
FAIL: g++.bugs/900210_02.C  (test for errors, line 99)
FAIL: g++.bugs/900210_02.C  (test for errors, line 100)
FAIL: g++.bugs/900210_02.C  (test for errors, line 101)
FAIL: g++.bugs/900210_02.C  (test for errors, line 102)
FAIL: g++.bugs/900210_02.C  (test for errors, line 103)
FAIL: g++.bugs/900210_02.C  (test for errors, line 104)
FAIL: g++.bugs/900210_02.C  (test for errors, line 105)
FAIL: g++.bugs/900210_02.C  (test for errors, line 106)
FAIL: g++.bugs/900210_02.C  (test for errors, line 107)
FAIL: g++.bugs/900210_02.C  (test for errors, line 108)
FAIL: g++.bugs/900210_02.C  (test for errors, line 109)
FAIL: g++.ext/initp1.C  Execution test

		=== g++ Summary ===

# of expected passes		3529
# of unexpected failures	33
# of expected failures		34
# of untested testcases		1
/usr/local/src.local/egcs-linux/gcc/testsuite/../g++ version 2.96 20000207 (experimental)

		=== g77 tests ===


Running target unix

		=== g77 Summary ===

# of expected passes		664
		=== objc tests ===


Running target unix
FAIL: objc/execute/bf-1.m compilation,  -O 
FAIL: objc/execute/bf-10.m compilation,  -O 
FAIL: objc/execute/bf-11.m compilation,  -O 
FAIL: objc/execute/bf-12.m compilation,  -O 
FAIL: objc/execute/bf-13.m compilation,  -O 
FAIL: objc/execute/bf-14.m compilation,  -O 
FAIL: objc/execute/bf-15.m compilation,  -O 
FAIL: objc/execute/bf-16.m compilation,  -O 
FAIL: objc/execute/bf-17.m compilation,  -O 
FAIL: objc/execute/bf-18.m compilation,  -O 
FAIL: objc/execute/bf-19.m compilation,  -O 
FAIL: objc/execute/bf-2.m compilation,  -O 
FAIL: objc/execute/bf-3.m compilation,  -O 
FAIL: objc/execute/bf-4.m compilation,  -O 
FAIL: objc/execute/bf-5.m compilation,  -O 
FAIL: objc/execute/bf-6.m compilation,  -O 
FAIL: objc/execute/bf-7.m compilation,  -O 
FAIL: objc/execute/bf-8.m compilation,  -O 
FAIL: objc/execute/bf-9.m compilation,  -O 

		=== objc Summary ===

# of unexpected failures	19
# of untested testcases		19
/usr/local/src.local/egcs-linux/gcc/xgcc version 2.96 20000207 (experimental)


Compiler version: haifa-enabled 2.96 20000207 (experimental) 
Platform: i586-pc-linux-gnulibc1
configure flags: --with-gcc-version-trigger=/usr/local/src.misc/egcs/gcc/version.c --host=i586-pc-linux-gnulibc1 --prefix=/usr/local/egcs --enable-haifa --enable-multilib --norecursion


More information about the Gcc-testresults mailing list