Results for 2.96 20000207 (experimental) testsuite on alpha-dec-osf4.0e
Rodney Brown
rdb@localhost
Tue Feb 8 13:23:00 GMT 2000
Native configuration is alpha-dec-osf4.0e
=== libio tests ===
Running target unix
=== libio Summary ===
# of expected passes 40
=== libstdc++ tests ===
Running target unix
=== libstdc++ Summary ===
# of expected passes 30
=== gcc tests ===
Running target unix
FAIL: gcc.c-torture/compile/20000105-1.c, -O0
FAIL: gcc.c-torture/compile/20000105-1.c, -O1
FAIL: gcc.c-torture/execute/930529-1.c execution, -O3 -fomit-frame-pointer
FAIL: gcc.c-torture/execute/930529-1.c execution, -O3 -fomit-frame-pointer -funroll-loops
FAIL: gcc.c-torture/execute/930529-1.c execution, -O3 -fomit-frame-pointer -funroll-all-loops -finline-functions
FAIL: gcc.c-torture/execute/930529-1.c execution, -O3 -g
FAIL: gcc.c-torture/execute/990811-1.c compilation, -O3 -fomit-frame-pointer
FAIL: gcc.c-torture/execute/990811-1.c compilation, -O3 -fomit-frame-pointer -funroll-loops
FAIL: gcc.c-torture/execute/990811-1.c compilation, -O3 -fomit-frame-pointer -funroll-all-loops -finline-functions
FAIL: gcc.c-torture/execute/990811-1.c compilation, -O3 -g
FAIL: gcc.c-torture/execute/991202-3.c execution, -O0
FAIL: gcc.c-torture/execute/991202-3.c execution, -O1
FAIL: gcc.c-torture/execute/991202-3.c execution, -O2
FAIL: gcc.c-torture/execute/991202-3.c execution, -O3 -fomit-frame-pointer
FAIL: gcc.c-torture/execute/991202-3.c execution, -O3 -g
FAIL: gcc.c-torture/execute/991202-3.c execution, -Os
FAIL: gcc.c-torture/execute/ieee/fp-cmp-2.c execution, -O0
FAIL: gcc.c-torture/execute/ieee/fp-cmp-2.c execution, -O1
FAIL: gcc.c-torture/execute/ieee/fp-cmp-2.c execution, -O2
FAIL: gcc.c-torture/execute/ieee/fp-cmp-2.c execution, -O3 -fomit-frame-pointer
FAIL: gcc.c-torture/execute/ieee/fp-cmp-2.c execution, -O3 -fomit-frame-pointer -funroll-loops
FAIL: gcc.c-torture/execute/ieee/fp-cmp-2.c execution, -O3 -fomit-frame-pointer -funroll-all-loops -finline-functions
FAIL: gcc.c-torture/execute/ieee/fp-cmp-2.c execution, -O3 -g
FAIL: gcc.c-torture/execute/ieee/fp-cmp-2.c execution, -Os
FAIL: gcc.c-torture/execute/ieee/fp-cmp-4.c execution, -O0
FAIL: gcc.c-torture/execute/ieee/fp-cmp-4.c execution, -O1
FAIL: gcc.c-torture/execute/ieee/fp-cmp-4.c execution, -O2
FAIL: gcc.c-torture/execute/ieee/fp-cmp-4.c execution, -O3 -fomit-frame-pointer
FAIL: gcc.c-torture/execute/ieee/fp-cmp-4.c execution, -O3 -fomit-frame-pointer -funroll-loops
FAIL: gcc.c-torture/execute/ieee/fp-cmp-4.c execution, -O3 -fomit-frame-pointer -funroll-all-loops -finline-functions
FAIL: gcc.c-torture/execute/ieee/fp-cmp-4.c execution, -O3 -g
FAIL: gcc.c-torture/execute/ieee/fp-cmp-4.c execution, -Os
FAIL: gcc.c-torture/execute/ieee/mzero2.c execution, -O0
FAIL: gcc.c-torture/execute/ieee/mzero2.c execution, -O1
FAIL: gcc.c-torture/execute/ieee/mzero2.c execution, -O2
FAIL: gcc.c-torture/execute/ieee/mzero2.c execution, -O3 -fomit-frame-pointer
FAIL: gcc.c-torture/execute/ieee/mzero2.c execution, -O3 -g
FAIL: gcc.c-torture/execute/ieee/mzero2.c execution, -Os
XPASS: gcc.c-torture/execute/memcheck/blkarg.c execution, -O0
XPASS: gcc.c-torture/execute/memcheck/blkarg.c execution, -O1
XPASS: gcc.c-torture/execute/memcheck/blkarg.c execution, -O2
XPASS: gcc.c-torture/execute/memcheck/blkarg.c execution, -Os
=== gcc Summary ===
# of expected passes 9069
# of unexpected failures 38
# of unexpected successes 4
# of expected failures 27
# of unresolved testcases 7
# of unsupported tests 34
/user/rand/rdb/src/egcs-20000207.obj/gcc/xgcc version 2.96 20000207 (experimental)
=== g++ tests ===
Running target unix
FAIL: g++.ext/attrib5.C (test for excess errors)
FAIL: g++.jason/thunk2.C (test for excess errors)
FAIL: g++.oliva/template7.C caused compiler crash
FAIL: g++.oliva/thunk1.C (test for excess errors)
FAIL: g++.other/syntax1.C (test for excess errors)
FAIL: g++.other/syntax2.C (test for excess errors)
FAIL: g++.pt/static6.C (test for excess errors)
=== g++ Summary ===
# of expected passes 5684
# of unexpected failures 7
# of expected failures 98
# of untested testcases 18
/user/rand/rdb/src/egcs-20000207.obj/gcc/testsuite/../g++ version 2.96 20000207 (experimental)
=== g77 tests ===
Running target unix
=== g77 Summary ===
# of expected passes 664
=== objc tests ===
Running target unix
FAIL: objc/execute/bf-10.m execution, -O
FAIL: objc/execute/bf-16.m execution, -O
FAIL: objc/execute/bf-17.m execution, -O
=== objc Summary ===
# of expected passes 35
# of unexpected failures 3
/user/rand/rdb/src/egcs-20000207.obj/gcc/xgcc version 2.96 20000207 (experimental)
Compiler version: 2.96 20000207 (experimental)
Platform: alpha-dec-osf4.0e
configure flags: --with-gcc-version-trigger=/user/rand/rdb/src/egcs-20000207/gcc/version.c --host=alpha-dec-osf4.0e --norecursion
Counting all warnings,
there are 134 warnings in stage3 of this bootstrap.
Number of warnings per file:
14 ../../../egcs-20000207/gcc/f/global.c
12 ../../../egcs-20000207/gcc/java/lex.c
10 ../../../egcs-20000207/gcc/f/storag.c
9 ../../egcs-20000207/gcc/expr.c
8 ../../egcs-20000207/gcc/mips-tfile.c
8 ../../../egcs-20000207/gcc/f/lex.c
8 ../../../egcs-20000207/gcc/f/equiv.c
6 ../../egcs-20000207/gcc/config/alpha/alpha.c
6 ../../egcs-20000207/gcc/bitmap.c
6 ../../../egcs-20000207/gcc/f/expr.c
5 ../../egcs-20000207/gcc/combine.c
4 ../../../egcs-20000207/gcc/f/ste.c
2 str-ot.j
2 str-1t.j
2 insn-recog.c
2 ../../egcs-20000207/gcc/varasm.c
2 ../../egcs-20000207/gcc/unroll.c
2 ../../egcs-20000207/gcc/fold-const.c
2 ../../egcs-20000207/gcc/flow.c
2 ../../../egcs-20000207/gcc/f/symbol.c
2 ../../../egcs-20000207/gcc/f/std.c
2 ../../../egcs-20000207/gcc/f/com.c
2 ../../../egcs-20000207/gcc/f/bad.c
1 str-op.j
1 str-nq.j
1 str-io.j
1 str-fo.j
1 str-2t.j
1 /usr/include/ldfcn.h
1 ../../egcs-20000207/gcc/stor-layout.c
1 ../../egcs-20000207/gcc/stmt.c
1 ../../egcs-20000207/gcc/reload1.c
1 ../../egcs-20000207/gcc/reload.c
1 ../../egcs-20000207/gcc/optabs.c
1 ../../egcs-20000207/gcc/integrate.c
1 ../../egcs-20000207/gcc/ggc-page.c
1 ../../egcs-20000207/gcc/gcov-io.h
1 ../../egcs-20000207/gcc/cppinit.c
1 ../../../egcs-20000207/gcc/java/gjavah.c
Number of warning types:
52 Use of ANSI string concatenation
19 `long' switch expression not converted to `int' in ANSI C
18 signed and unsigned type in conditional expression
15 comparison between signed and unsigned
12 variable `???' might be clobbered by `longjmp' or `vfork'
5 `???' might be used uninitialized in this function
4 unused variable `???'
2 passing arg ??? of `???' discards qualifiers from pointer target type
1 unused parameter `???'
1 passing arg ??? of `???' from incompatible pointer type
1 missing initializer
1 macro arg `???' would be stringified with -traditional.
1 assignment discards qualifiers from pointer target type
1 `???' defined but not used
1 (near initialization for `???')
More information about the Gcc-testresults
mailing list