Results for 2.97 20001229 (experimental) testsuite on i586-redhat7-linux-gnu
Manfred Hollstein
manfredh@redhat.com
Sat Dec 30 08:20:00 GMT 2000
Compiler version: 2.97 20001229 (experimental)
Platform: i586-redhat7-linux-gnu
Sources: - gcc mainline from CVS last updated at
2000/12/29 15:10:03 +0100
- libg++-2.8.1.3
- libg++-2.8.1.3-20000312.diff.gz
- libg++-2.8.1.3-20000419.diff.gz
- libg++-2.8.1.3-20000816.diff.gz
- libg++-2.8.1.3-20000907.diff.gz
Patches: None.
Environment: - autoconf-2.13-9
- automake-1.4-8
- binutils-20001229 via anonymous CVS from
anoncvs.cygnus.com
- dejagnu-20000815 via anonymous CVS from
anoncvs.cygnus.com
- Red Hat Linux 7 + recommended updates as of today
- Kernel 2.2.16-22 (compiled by "gcc version
egcs-2.91.66 19990314/Linux (egcs-1.1.2 release)")
- glibc-2.2-9
- glibc-devel-2.2-9
Remarks: None.
configure flags: --host=i586-redhat7-linux-gnu --target=i586-redhat7-linux-gnu --build=i586-redhat7-linux-gnu --srcdir=../gcc-20001229 --prefix=/opt/gnu --exec-prefix=/opt/gnu/H-ia32-linux --with-gnu-as --with-gnu-ld --disable-libstdcxx-v3 --disable-checking --enable-shared --enable-version-specific-runtime-libs --enable-java-gc=boehm --enable-fast-character --enable-threads=posix --with-system-zlib --with-local-prefix=/opt/gnu --disable-new-gxx-abi --enable-nls --verbose
BOOT_CC: gcc version 2.95.3 20001220 (prerelease)
BOOT_CFLAGS: -O2 -march=pentium -fomit-frame-pointer
CFLAGS: -O2 -march=pentium -fomit-frame-pointer
CXXFLAGS: -O2 -march=pentium -fomit-frame-pointer -g
Native configuration is i586-redhat7-linux-gnu
=== libio tests ===
Running target unix
=== libio Summary ===
# of expected passes 40
=== libstdc++ tests ===
Running target unix
=== libstdc++ Summary ===
# of expected passes 30
=== libg++ tests ===
Running target unix
=== libg++ Summary ===
# of expected passes 72
=== gcc tests ===
Running target unix
XPASS: gcc.c-torture/compile/20001222-1.c, -O0
XPASS: gcc.c-torture/compile/20001222-1.c, -O1
XPASS: gcc.c-torture/compile/20001222-1.c, -O2
XPASS: gcc.c-torture/compile/20001222-1.c, -O3 -fomit-frame-pointer
XPASS: gcc.c-torture/compile/20001222-1.c, -O3 -g
XPASS: gcc.c-torture/compile/20001222-1.c, -Os
FAIL: gcc.c-torture/execute/20001009-1.c execution, -O1
FAIL: gcc.c-torture/execute/20001009-1.c execution, -O2
FAIL: gcc.c-torture/execute/20001009-1.c execution, -O3 -fomit-frame-pointer
FAIL: gcc.c-torture/execute/20001009-1.c execution, -O3 -g
FAIL: gcc.c-torture/execute/20001009-1.c execution, -Os
FAIL: gcc.c-torture/execute/20001221-1.c compilation, -O0
FAIL: gcc.c-torture/execute/20001221-1.c compilation, -O1
FAIL: gcc.c-torture/execute/20001221-1.c compilation, -O2
FAIL: gcc.c-torture/execute/20001221-1.c compilation, -O3 -fomit-frame-pointer
FAIL: gcc.c-torture/execute/20001221-1.c compilation, -O3 -g
FAIL: gcc.c-torture/execute/20001221-1.c compilation, -Os
FAIL: gcc.c-torture/execute/960608-1.c execution, -O3 -fomit-frame-pointer
FAIL: gcc.c-torture/execute/960608-1.c execution, -O3 -g
FAIL: gcc.c-torture/execute/loop-2b.c execution, -O2
FAIL: gcc.c-torture/execute/loop-7.c execution, -O2
FAIL: gcc.c-torture/execute/loop-7.c execution, -O3 -fomit-frame-pointer
FAIL: gcc.c-torture/execute/loop-7.c execution, -O3 -fomit-frame-pointer -funroll-loops
FAIL: gcc.c-torture/execute/loop-7.c execution, -O3 -fomit-frame-pointer -funroll-all-loops -finline-functions
FAIL: gcc.c-torture/execute/loop-7.c execution, -O3 -g
FAIL: gcc.c-torture/execute/loop-7.c execution, -Os
FAIL: gcc.dg/20000503-1.c (test for excess errors)
FAIL: gcc.dg/20000724-1.c execution test
FAIL: gcc.dg/20001117-1.c (test for excess errors)
FAIL: gcc.dg/sequence-pt-1.c sequence point warning (test for warnings, line 59)
=== gcc Summary ===
# of expected passes 13456
# of unexpected failures 24
# of unexpected successes 6
# of expected failures 77
# of unresolved testcases 6
# of unsupported tests 21
gcc version 2.97 20001229 (experimental)
=== g++ tests ===
Running target unix
FAIL: g++.bugs/900325_01.C caused compiler crash
FAIL: g++.eh/spec2.C Execution test
FAIL: g++.eh/spec3.C Execution test
FAIL: g++.ext/instantiate1.C not instantiated (test for errors, line 18)
FAIL: g++.ext/instantiate1.C not instantiated (test for errors, line 20)
FAIL: g++.ext/pretty2.C Execution test
FAIL: g++.jason/2371.C (test for excess errors)
FAIL: g++.martin/bitset1.C (test for excess errors)
FAIL: g++.mike/dyncast1.C Execution test
FAIL: g++.mike/dyncast2.C Execution test
FAIL: g++.mike/eh33.C Execution test
FAIL: g++.mike/eh50.C Execution test
FAIL: g++.mike/eh51.C Execution test
FAIL: g++.mike/p6610a.C Execution test
FAIL: g++.other/decl4.C caused compiler crash
FAIL: g++.other/incomplete.C caused compiler crash
FAIL: g++.other/loop2.C caused compiler crash
FAIL: g++.pt/crash61.C caused compiler crash
FAIL: g++.pt/instantiate10.C (test for excess errors)
FAIL: g++.robertl/eb55.C (test for excess errors)
=== g++ Summary ===
# of expected passes 6173
# of unexpected failures 20
# of expected failures 96
# of untested testcases 9
gcc version 2.97 20001229 (experimental)
=== g77 tests ===
Running target unix
XPASS: g77.f-torture/compile/20000629-1.f, -O2 -fomit-frame-pointer -finline-functions -funroll-loops
XPASS: g77.f-torture/compile/20000629-1.f, -O2 -fomit-frame-pointer -finline-functions -funroll-all-loops
FAIL: g77.f-torture/execute/short.f execution, -Os
=== g77 Summary ===
# of expected passes 886
# of unexpected failures 1
# of unexpected successes 2
=== objc tests ===
Running target unix
FAIL: objc/execute/fdecl.m compilation, -O
FAIL: objc/execute/np-1.m compilation, -O
FAIL: objc/execute/np-2.m compilation, -O
FAIL: objc/execute/protocol.m compilation, -O
=== objc Summary ===
# of expected passes 46
# of unexpected failures 4
# of untested testcases 4
gcc version 2.97 20001229 (experimental)
Counting all warnings,
there are 121 warnings in stage3 of this bootstrap.
Number of warnings per file:
28 gcc/combine.c
19 gcc/expr.c
11 gcc/config/i386/i386.c
10 gcc/reg-stack.c
5 gcc/loop.c
5 gcc/cse.c
5 gcc/cp/error.c
4 gcc/java/lex.c
3 gcc/gcc.c
2 hashtab.c
2 gcc/reload1.c
2 gcc/reload.c
2 gcc/libgcc2.c
2 gcc/java/jcf-io.c
2 gcc/function.c
2 gcc/fold-const.c
2 gcc/cp/call.c
2 gcc/alias.c
1 gcc/sched-deps.c
1 gcc/objc/lang-specs.h
1 gcc/java/jvspec.c
1 gcc/java/jcf-parse.c
1 gcc/haifa-sched.c
1 gcc/final.c
1 gcc/f/lang-specs.h
1 gcc/expmed.c
1 gcc/dwarfout.c
1 gcc/dwarf2out.c
1 gcc/cp/lang-specs.h
1 gcc/cp/errfn.c
1 gcc/c-lex.c
Number of warning types:
77 comparison between signed and unsigned
9 `???' might be used uninitialized in this function
7 string length `???' is greater than the minimum length `???' ISO C89 is required to support
6 signed and unsigned type in conditional expression
5 passing arg ??? of `???' from incompatible pointer type
5 initialization from incompatible pointer type
3 unused variable `???'
2 function declaration isn't a prototype
1 unused parameter `???'
1 pointer targets in passing arg ??? of `???' differ in signedness
1 passing arg ??? of `???' discards qualifiers from pointer target type
1 no previous prototype for `???'
1 integer constant is unsigned in ISO C, signed with -traditional
1 function-like macro `strcmp' must be used with arguments in traditional C
1 decimal constant is so large that it is unsigned
More information about the Gcc-testresults
mailing list