Results for 2.97 20001228 (experimental) testsuite on i686-pc-linux-gnu

Kaveh R. Ghazi ghazi@caip.rutgers.edu
Fri Dec 29 13:52:00 GMT 2000


Native configuration is i686-pc-linux-gnu

		=== gcc tests ===


Running target unix/-fPIC
FAIL: gcc.c-torture/compile/20001226-1.c,  -O1  
FAIL: gcc.c-torture/compile/20001226-1.c,  -O2  
FAIL: gcc.c-torture/compile/20001226-1.c,  -O3 -fomit-frame-pointer  
FAIL: gcc.c-torture/compile/20001226-1.c,  -O3 -g  
FAIL: gcc.c-torture/compile/20001226-1.c,  -Os  
FAIL: gcc.c-torture/compile/20000804-1.c,  -O0  
FAIL: gcc.c-torture/execute/20000205-1.c execution,  -O1 
FAIL: gcc.c-torture/execute/20000205-1.c execution,  -O2 
FAIL: gcc.c-torture/execute/20000205-1.c execution,  -O3 -fomit-frame-pointer 
FAIL: gcc.c-torture/execute/20000205-1.c execution,  -O3 -fomit-frame-pointer -funroll-loops 
FAIL: gcc.c-torture/execute/20000205-1.c execution,  -O3 -fomit-frame-pointer -funroll-all-loops -finline-functions 
FAIL: gcc.c-torture/execute/20000205-1.c execution,  -O3 -g 
FAIL: gcc.c-torture/execute/20000205-1.c execution,  -Os 
FAIL: gcc.c-torture/execute/20001009-1.c execution,  -O1 
FAIL: gcc.c-torture/execute/20001009-1.c execution,  -O2 
FAIL: gcc.c-torture/execute/20001009-1.c execution,  -O3 -fomit-frame-pointer 
FAIL: gcc.c-torture/execute/20001009-1.c execution,  -O3 -g 
FAIL: gcc.c-torture/execute/20001009-1.c execution,  -Os 
FAIL: gcc.c-torture/execute/20001221-1.c compilation,  -O0 
FAIL: gcc.c-torture/execute/20001221-1.c compilation,  -O1 
FAIL: gcc.c-torture/execute/20001221-1.c compilation,  -O2 
FAIL: gcc.c-torture/execute/20001221-1.c compilation,  -O3 -fomit-frame-pointer 
FAIL: gcc.c-torture/execute/20001221-1.c compilation,  -O3 -g 
FAIL: gcc.c-torture/execute/20001221-1.c compilation,  -Os 
FAIL: gcc.c-torture/execute/960608-1.c execution,  -O3 -fomit-frame-pointer 
FAIL: gcc.c-torture/execute/960608-1.c execution,  -O3 -g 
FAIL: gcc.c-torture/execute/990127-2.c execution,  -O3 -fomit-frame-pointer 
FAIL: gcc.c-torture/execute/990127-2.c execution,  -O3 -g 
FAIL: gcc.c-torture/execute/conversion.c execution,  -O3 -fomit-frame-pointer 
FAIL: gcc.c-torture/execute/conversion.c execution,  -O3 -g 
FAIL: gcc.c-torture/execute/loop-7.c execution,  -O2 
FAIL: gcc.c-torture/execute/loop-7.c execution,  -O3 -fomit-frame-pointer 
FAIL: gcc.c-torture/execute/loop-7.c execution,  -O3 -fomit-frame-pointer -funroll-loops 
FAIL: gcc.c-torture/execute/loop-7.c execution,  -O3 -fomit-frame-pointer -funroll-all-loops -finline-functions 
FAIL: gcc.c-torture/execute/loop-7.c execution,  -O3 -g 
FAIL: gcc.c-torture/execute/loop-7.c execution,  -Os 
FAIL: gcc.dg/20000503-1.c (test for excess errors)
FAIL: gcc.dg/20000724-1.c execution test
FAIL: gcc.dg/20001117-1.c (test for excess errors)
FAIL: gcc.dg/asm-names.c (test for excess errors)
FAIL: gcc.dg/sequence-pt-1.c sequence point warning (test for warnings, line 59)

		=== gcc Summary for unix/-fPIC ===

# of expected passes		13409
# of unexpected failures	41
# of expected failures		83
# of unresolved testcases	6
# of unsupported tests		22

Running target unix/-fpic
FAIL: gcc.c-torture/compile/20001226-1.c,  -O2  
FAIL: gcc.c-torture/compile/20001226-1.c,  -O3 -fomit-frame-pointer  
FAIL: gcc.c-torture/compile/20001226-1.c,  -O3 -g  
FAIL: gcc.c-torture/compile/20001226-1.c,  -Os  
FAIL: gcc.c-torture/compile/20000804-1.c,  -O0  
FAIL: gcc.c-torture/execute/20000205-1.c execution,  -O1 
FAIL: gcc.c-torture/execute/20000205-1.c execution,  -O2 
FAIL: gcc.c-torture/execute/20000205-1.c execution,  -O3 -fomit-frame-pointer 
FAIL: gcc.c-torture/execute/20000205-1.c execution,  -O3 -fomit-frame-pointer -funroll-loops 
FAIL: gcc.c-torture/execute/20000205-1.c execution,  -O3 -fomit-frame-pointer -funroll-all-loops -finline-functions 
FAIL: gcc.c-torture/execute/20000205-1.c execution,  -O3 -g 
FAIL: gcc.c-torture/execute/20000205-1.c execution,  -Os 
FAIL: gcc.c-torture/execute/20001009-1.c execution,  -O1 
FAIL: gcc.c-torture/execute/20001009-1.c execution,  -O2 
FAIL: gcc.c-torture/execute/20001009-1.c execution,  -O3 -fomit-frame-pointer 
FAIL: gcc.c-torture/execute/20001009-1.c execution,  -O3 -g 
FAIL: gcc.c-torture/execute/20001009-1.c execution,  -Os 
FAIL: gcc.c-torture/execute/20001221-1.c compilation,  -O0 
FAIL: gcc.c-torture/execute/20001221-1.c compilation,  -O1 
FAIL: gcc.c-torture/execute/20001221-1.c compilation,  -O2 
FAIL: gcc.c-torture/execute/20001221-1.c compilation,  -O3 -fomit-frame-pointer 
FAIL: gcc.c-torture/execute/20001221-1.c compilation,  -O3 -g 
FAIL: gcc.c-torture/execute/20001221-1.c compilation,  -Os 
FAIL: gcc.c-torture/execute/960608-1.c execution,  -O3 -fomit-frame-pointer 
FAIL: gcc.c-torture/execute/960608-1.c execution,  -O3 -g 
FAIL: gcc.c-torture/execute/990127-2.c execution,  -O3 -fomit-frame-pointer 
FAIL: gcc.c-torture/execute/990127-2.c execution,  -O3 -g 
FAIL: gcc.c-torture/execute/conversion.c execution,  -O3 -fomit-frame-pointer 
FAIL: gcc.c-torture/execute/conversion.c execution,  -O3 -g 
FAIL: gcc.c-torture/execute/loop-7.c execution,  -O2 
FAIL: gcc.c-torture/execute/loop-7.c execution,  -O3 -fomit-frame-pointer 
FAIL: gcc.c-torture/execute/loop-7.c execution,  -O3 -fomit-frame-pointer -funroll-loops 
FAIL: gcc.c-torture/execute/loop-7.c execution,  -O3 -fomit-frame-pointer -funroll-all-loops -finline-functions 
FAIL: gcc.c-torture/execute/loop-7.c execution,  -O3 -g 
FAIL: gcc.c-torture/execute/loop-7.c execution,  -Os 
FAIL: gcc.dg/20000503-1.c (test for excess errors)
FAIL: gcc.dg/20000724-1.c execution test
FAIL: gcc.dg/20001117-1.c (test for excess errors)
FAIL: gcc.dg/asm-names.c (test for excess errors)
FAIL: gcc.dg/sequence-pt-1.c sequence point warning (test for warnings, line 59)

		=== gcc Summary for unix/-fpic ===

# of expected passes		13410
# of unexpected failures	40
# of expected failures		83
# of unresolved testcases	6
# of unsupported tests		22

Running target unix
FAIL: gcc.c-torture/compile/20001226-1.c,  -O2  
FAIL: gcc.c-torture/compile/20001226-1.c,  -O3 -fomit-frame-pointer  
FAIL: gcc.c-torture/compile/20001226-1.c,  -O3 -g  
FAIL: gcc.c-torture/compile/20001226-1.c,  -Os  
FAIL: gcc.c-torture/execute/20001009-1.c execution,  -O1 
FAIL: gcc.c-torture/execute/20001009-1.c execution,  -O2 
FAIL: gcc.c-torture/execute/20001009-1.c execution,  -O3 -fomit-frame-pointer 
FAIL: gcc.c-torture/execute/20001009-1.c execution,  -O3 -g 
FAIL: gcc.c-torture/execute/20001009-1.c execution,  -Os 
FAIL: gcc.c-torture/execute/20001221-1.c compilation,  -O0 
FAIL: gcc.c-torture/execute/20001221-1.c compilation,  -O1 
FAIL: gcc.c-torture/execute/20001221-1.c compilation,  -O2 
FAIL: gcc.c-torture/execute/20001221-1.c compilation,  -O3 -fomit-frame-pointer 
FAIL: gcc.c-torture/execute/20001221-1.c compilation,  -O3 -g 
FAIL: gcc.c-torture/execute/20001221-1.c compilation,  -Os 
FAIL: gcc.c-torture/execute/960608-1.c execution,  -O3 -fomit-frame-pointer 
FAIL: gcc.c-torture/execute/960608-1.c execution,  -O3 -g 
FAIL: gcc.c-torture/execute/loop-2b.c execution,  -O2 
FAIL: gcc.c-torture/execute/loop-7.c execution,  -O2 
FAIL: gcc.c-torture/execute/loop-7.c execution,  -O3 -fomit-frame-pointer 
FAIL: gcc.c-torture/execute/loop-7.c execution,  -O3 -fomit-frame-pointer -funroll-loops 
FAIL: gcc.c-torture/execute/loop-7.c execution,  -O3 -fomit-frame-pointer -funroll-all-loops -finline-functions 
FAIL: gcc.c-torture/execute/loop-7.c execution,  -O3 -g 
FAIL: gcc.c-torture/execute/loop-7.c execution,  -Os 
FAIL: gcc.dg/20000503-1.c (test for excess errors)
FAIL: gcc.dg/20000724-1.c execution test
FAIL: gcc.dg/20001117-1.c (test for excess errors)
FAIL: gcc.dg/sequence-pt-1.c sequence point warning (test for warnings, line 59)
FAIL: gcc.dg/special/weak-1.c execution test

		=== gcc Summary for unix ===

# of expected passes		13421
# of unexpected failures	29
# of expected failures		83
# of unresolved testcases	6
# of unsupported tests		22

		=== gcc Summary ===

# of expected passes		40240
# of unexpected failures	110
# of expected failures		249
# of unresolved testcases	18
# of unsupported tests		66
/home/ghazi/gcc-testing/build/gcc/xgcc version 2.97 20001228 (experimental)

		=== g++ tests ===


Running target unix/-fPIC
FAIL: g++.dg/vtgc1.C (test for excess errors)
FAIL: g++.dg/special/conpr-1.C execution test
FAIL: g++.dg/special/conpr-2.C execution test
FAIL: g++.dg/special/conpr-3.C execution test
FAIL: g++.dg/special/conpr-3.C execution test
FAIL: g++.ext/initp1.C  Execution test
FAIL: g++.jason/2371.C (test for excess errors)
FAIL: g++.other/crash18.C (test for excess errors)
FAIL: g++.other/crash32.C (test for excess errors)
FAIL: g++.other/loop2.C caused compiler crash
FAIL: g++.pt/asm1.C (test for excess errors)
FAIL: g++.pt/asm2.C (test for excess errors)

		=== g++ Summary for unix/-fPIC ===

# of expected passes		6174
# of unexpected failures	12
# of expected failures		95
# of unresolved testcases	1
# of untested testcases		9

Running target unix/-fpic
FAIL: g++.dg/vtgc1.C (test for excess errors)
FAIL: g++.dg/special/conpr-1.C execution test
FAIL: g++.dg/special/conpr-2.C execution test
FAIL: g++.dg/special/conpr-3.C execution test
FAIL: g++.dg/special/conpr-3.C execution test
FAIL: g++.ext/initp1.C  Execution test
FAIL: g++.jason/2371.C (test for excess errors)
FAIL: g++.other/crash18.C (test for excess errors)
FAIL: g++.other/crash32.C (test for excess errors)
FAIL: g++.other/loop2.C caused compiler crash
FAIL: g++.pt/asm1.C (test for excess errors)
FAIL: g++.pt/asm2.C (test for excess errors)

		=== g++ Summary for unix/-fpic ===

# of expected passes		6174
# of unexpected failures	12
# of expected failures		95
# of unresolved testcases	1
# of untested testcases		9

Running target unix
FAIL: g++.dg/special/conpr-1.C execution test
FAIL: g++.dg/special/conpr-2.C execution test
FAIL: g++.dg/special/conpr-3.C execution test
FAIL: g++.dg/special/conpr-3.C execution test
FAIL: g++.ext/initp1.C  Execution test
FAIL: g++.ext/instantiate1.C not instantiated (test for errors, line 18)
FAIL: g++.ext/instantiate1.C not instantiated (test for errors, line 20)
FAIL: g++.jason/2371.C (test for excess errors)
FAIL: g++.other/crash18.C (test for excess errors)
FAIL: g++.other/crash32.C (test for excess errors)
FAIL: g++.other/loop2.C caused compiler crash

		=== g++ Summary for unix ===

# of expected passes		6190
# of unexpected failures	11
# of expected failures		95
# of untested testcases		9

		=== g++ Summary ===

# of expected passes		18538
# of unexpected failures	35
# of expected failures		285
# of unresolved testcases	2
# of untested testcases		27
/home/ghazi/gcc-testing/build/gcc/testsuite/../g++ version 2.97 20001228 (experimental)

		=== g77 tests ===


Running target unix/-fPIC

		=== g77 Summary for unix/-fPIC ===

# of expected passes		889

Running target unix/-fpic

		=== g77 Summary for unix/-fpic ===

# of expected passes		889

Running target unix
FAIL: g77.f-torture/execute/short.f execution,  -Os 

		=== g77 Summary for unix ===

# of expected passes		888
# of unexpected failures	1

		=== g77 Summary ===

# of expected passes		2666
# of unexpected failures	1
		=== objc tests ===


Running target unix/-fPIC
FAIL: objc/execute/fdecl.m compilation,  -O 
FAIL: objc/execute/np-1.m compilation,  -O 
FAIL: objc/execute/np-2.m compilation,  -O 
FAIL: objc/execute/protocol.m compilation,  -O 

		=== objc Summary for unix/-fPIC ===

# of expected passes		46
# of unexpected failures	4
# of untested testcases		4

Running target unix/-fpic
FAIL: objc/execute/fdecl.m compilation,  -O 
FAIL: objc/execute/np-1.m compilation,  -O 
FAIL: objc/execute/np-2.m compilation,  -O 
FAIL: objc/execute/protocol.m compilation,  -O 

		=== objc Summary for unix/-fpic ===

# of expected passes		46
# of unexpected failures	4
# of untested testcases		4

Running target unix
FAIL: objc/execute/fdecl.m compilation,  -O 
FAIL: objc/execute/np-1.m compilation,  -O 
FAIL: objc/execute/np-2.m compilation,  -O 
FAIL: objc/execute/protocol.m compilation,  -O 

		=== objc Summary for unix ===

# of expected passes		46
# of unexpected failures	4
# of untested testcases		4

		=== objc Summary ===

# of expected passes		138
# of unexpected failures	12
# of untested testcases		12
/home/ghazi/gcc-testing/build/gcc/xgcc version 2.97 20001228 (experimental)


Compiler version: 2.97 20001228 (experimental) 
Platform: i686-pc-linux-gnu
configure flags: --host=i686-pc-linux-gnu --verbose --enable-checking=misc,tree,rtl,gc


More information about the Gcc-testresults mailing list