Results for 2.97 20001218 (experimental) testsuite on sparc-unknown-linux-gnu
Christian Jönsson
c.christian.joensson@telia.com
Sat Dec 23 02:07:00 GMT 2000
This was on an up to date Red Hat Linux 6.2/Sparc system
using kernel-2.2.16-3, binutils-2.9.5.0.22-6 and glibc-2.1.3-21.
cvs source on 2000-12-18 about 18:30 +01:00.
Detailed test results in ./testsuite/20001219-mkcheck.txt
+: pass, -b: build failure, -r: run failure, x: disabled
------------------------------------------------------------------------
static shared test
------------------------------------------------------------------------
+ + 17_intro/header_ciso646.cc
+ + 17_intro/header_fstream.cc
+ + 17_intro/header_iomanip.cc
+ + 17_intro/header_ios.cc
+ + 17_intro/header_iosfwd.cc
+ + 17_intro/header_iostream.cc
+ + 17_intro/header_istream.cc
+ + 17_intro/header_ostream.cc
+ + 17_intro/headers.cc
+ + 17_intro/header_sstream.cc
+ + 17_intro/header_streambuf.cc
+ + 18_support/numeric_limits.cc
+ + 20_util/auto_ptr.cc
+ + 21_strings/append.cc
+ + 21_strings/capacity.cc
+ + 21_strings/char_traits.cc
+ + 21_strings/compare.cc
-r + 21_strings/ctor_copy_dtor.cc
-r + 21_strings/element_access.cc
+ + 21_strings/find.cc
-r + 21_strings/insert.cc
+ + 21_strings/inserters_extractors.cc
+ + 21_strings/invariants.cc
+ + 21_strings/nonmember.cc
+ + 21_strings/operations.cc
+ + 21_strings/replace.cc
+ + 21_strings/rfind.cc
+ + 21_strings/substr.cc
+ + 22_locale/codecvt_char_char.cc
+ + 22_locale/codecvt_unicode_char.cc
+ + 22_locale/codecvt_unicode_wchar_t.cc
+ + 22_locale/codecvt_wchar_t_char.cc
+ + 22_locale/ctor_copy_dtor.cc
-b -b 22_locale/ctype.cc
-r -r 22_locale/ctype_char_members.cc
+ + 22_locale/ctype_wchar_t_members.cc
+ + 22_locale/facet.cc
+ + 22_locale/global_templates.cc
+ + 22_locale/operators.cc
+ + 22_locale/static_members.cc
+ + 23_containers/bitset_ctor.cc
+ + 23_containers/bitset_shift.cc
-b -b 23_containers/map_operators.cc
+ + 23_containers/multiset.cc
-b -b 23_containers/set_operators.cc
+ + 23_containers/vector_capacity.cc
+ + 23_containers/vector_ctor.cc
+ + 23_containers/vector_element_access.cc
+ + 23_containers/vector_modifiers.cc
+ + 24_iterators/istreambuf_iterator.cc
+ + 24_iterators/iterator.cc
+ + 25_algorithms/lower_bound.cc
+ + 25_algorithms/min_max.cc
+ + 26_numerics/binary_closure.cc
+ + 26_numerics/buggy_complex.cc
+ + 26_numerics/c_math.cc
+ + 26_numerics/complex_inserters_extractors.cc
+ + 26_numerics/complex_value.cc
+ + 26_numerics/valarray.cc
+ + 27_io/filebuf.cc
-r -r 27_io/filebuf_members.cc
+ + 27_io/fpos.cc
+ + 27_io/ifstream_members.cc
+ + 27_io/ios_base_callbacks.cc
+ + 27_io/ios_base_members_static.cc
+ + 27_io/ios_ctor.cc
+ + 27_io/ios_manip_basefield.cc
+ + 27_io/ios_manip_fmtflags.cc
+ + 27_io/ios_members.cc
+ + 27_io/istream.cc
-r -r 27_io/istream_extractor_arith.cc
+ + 27_io/istream_extractor_char.cc
+ + 27_io/istream_extractor_other.cc
+ + 27_io/istream_manip.cc
+ + 27_io/istream_seeks.cc
+ + 27_io/istream_sentry.cc
-r -r 27_io/istream_unformatted.cc
+ + 27_io/istringstream_members.cc
+ + 27_io/narrow_stream_objects.cc
+ + 27_io/ofstream_members.cc
+ + 27_io/ostream.cc
-r -r 27_io/ostream_inserter_arith.cc
+ + 27_io/ostream_inserter_char.cc
+ + 27_io/ostream_inserter_other.cc
+ + 27_io/ostream_manip.cc
+ + 27_io/ostream_seeks.cc
+ + 27_io/ostream_unformatted.cc
+ + 27_io/streambuf.cc
+ + 27_io/stringbuf.cc
-r -r 27_io/stringstream.cc
+ + 27_io/wide_stream_objects.cc
+ + ext/headers.cc
testrun == 19075 seconds
Native configuration is sparc-unknown-linux-gnu
=== gcc tests ===
Running target unix/-fPIC
FAIL: gcc.c-torture/compile/20001116-1.c, -O0
FAIL: gcc.c-torture/compile/20001116-1.c, -O1
FAIL: gcc.c-torture/compile/20001116-1.c, -O2
FAIL: gcc.c-torture/compile/20001116-1.c, -O3 -fomit-frame-pointer
FAIL: gcc.c-torture/compile/20001116-1.c, -O3 -g
FAIL: gcc.c-torture/compile/20001116-1.c, -Os
FAIL: gcc.c-torture/compile/20001205-1.c, -O1
FAIL: gcc.c-torture/compile/20001205-1.c, -O2
FAIL: gcc.c-torture/compile/20001205-1.c, -O3 -fomit-frame-pointer
FAIL: gcc.c-torture/compile/20001205-1.c, -O3 -g
FAIL: gcc.c-torture/compile/20001205-1.c, -Os
FAIL: gcc.c-torture/execute/loop-7.c execution, -O2
FAIL: gcc.c-torture/execute/loop-7.c execution, -O3 -fomit-frame-pointer
FAIL: gcc.c-torture/execute/loop-7.c execution, -O3 -fomit-frame-pointer -funroll-loops
FAIL: gcc.c-torture/execute/loop-7.c execution, -O3 -fomit-frame-pointer -funroll-all-loops -finline-functions
FAIL: gcc.c-torture/execute/loop-7.c execution, -O3 -g
FAIL: gcc.c-torture/execute/loop-7.c execution, -Os
FAIL: gcc.dg/20001013-1.c (test for excess errors)
FAIL: gcc.dg/20001117-1.c (test for excess errors)
FAIL: gcc.dg/pack-test-1.c (test for excess errors)
FAIL: gcc.dg/pack-test-2.c (test for errors, line 7)
FAIL: gcc.dg/pack-test-2.c (test for errors, line 14)
FAIL: gcc.dg/pack-test-2.c (test for errors, line 19)
FAIL: gcc.dg/pack-test-2.c (test for excess errors)
FAIL: gcc.dg/sequence-pt-1.c sequence point warning (test for warnings, line 59)
FAIL: gcc.misc-tests/gcov-1.c (test for excess errors)
FAIL: gcc.misc-tests/gcov-1.c execution test
FAIL: gcov-1.c:1:is 4:should be 11
FAIL: gcov-1.c:1:is 5:should be 10
FAIL: gcov-1.c:1:is 7:should be 1
FAIL: gcc.misc-tests/gcov-2.c (test for excess errors) (PRMS 8294)
FAIL: gcc.misc-tests/gcov-2.c execution test (PRMS 8294)
=== gcc Summary for unix/-fPIC ===
# of expected passes 13235
# of unexpected failures 32
# of expected failures 71
# of unsupported tests 45
Running target unix/-fpic
FAIL: gcc.c-torture/compile/20001116-1.c, -O0
FAIL: gcc.c-torture/compile/20001116-1.c, -O1
FAIL: gcc.c-torture/compile/20001116-1.c, -O2
FAIL: gcc.c-torture/compile/20001116-1.c, -O3 -fomit-frame-pointer
FAIL: gcc.c-torture/compile/20001116-1.c, -O3 -g
FAIL: gcc.c-torture/compile/20001116-1.c, -Os
FAIL: gcc.c-torture/compile/20001205-1.c, -O1
FAIL: gcc.c-torture/compile/20001205-1.c, -O2
FAIL: gcc.c-torture/compile/20001205-1.c, -O3 -fomit-frame-pointer
FAIL: gcc.c-torture/compile/20001205-1.c, -O3 -g
FAIL: gcc.c-torture/compile/20001205-1.c, -Os
FAIL: gcc.c-torture/execute/loop-7.c execution, -O2
FAIL: gcc.c-torture/execute/loop-7.c execution, -O3 -fomit-frame-pointer
FAIL: gcc.c-torture/execute/loop-7.c execution, -O3 -fomit-frame-pointer -funroll-loops
FAIL: gcc.c-torture/execute/loop-7.c execution, -O3 -fomit-frame-pointer -funroll-all-loops -finline-functions
FAIL: gcc.c-torture/execute/loop-7.c execution, -O3 -g
FAIL: gcc.c-torture/execute/loop-7.c execution, -Os
FAIL: gcc.dg/20001013-1.c (test for excess errors)
FAIL: gcc.dg/20001117-1.c (test for excess errors)
FAIL: gcc.dg/pack-test-1.c (test for excess errors)
FAIL: gcc.dg/pack-test-2.c (test for errors, line 7)
FAIL: gcc.dg/pack-test-2.c (test for errors, line 14)
FAIL: gcc.dg/pack-test-2.c (test for errors, line 19)
FAIL: gcc.dg/pack-test-2.c (test for excess errors)
FAIL: gcc.dg/sequence-pt-1.c sequence point warning (test for warnings, line 59)
FAIL: gcc.misc-tests/gcov-1.c (test for excess errors)
FAIL: gcc.misc-tests/gcov-1.c execution test
FAIL: gcov-1.c:1:is 4:should be 11
FAIL: gcov-1.c:1:is 5:should be 10
FAIL: gcov-1.c:1:is 7:should be 1
FAIL: gcc.misc-tests/gcov-2.c (test for excess errors) (PRMS 8294)
FAIL: gcc.misc-tests/gcov-2.c execution test (PRMS 8294)
=== gcc Summary for unix/-fpic ===
# of expected passes 13235
# of unexpected failures 32
# of expected failures 71
# of unsupported tests 45
Running target unix
FAIL: gcc.c-torture/compile/20001116-1.c, -O0
FAIL: gcc.c-torture/compile/20001116-1.c, -O1
FAIL: gcc.c-torture/compile/20001116-1.c, -O2
FAIL: gcc.c-torture/compile/20001116-1.c, -O3 -fomit-frame-pointer
FAIL: gcc.c-torture/compile/20001116-1.c, -O3 -g
FAIL: gcc.c-torture/compile/20001116-1.c, -Os
FAIL: gcc.c-torture/compile/20001205-1.c, -O1
FAIL: gcc.c-torture/compile/20001205-1.c, -O2
FAIL: gcc.c-torture/compile/20001205-1.c, -O3 -fomit-frame-pointer
FAIL: gcc.c-torture/compile/20001205-1.c, -O3 -g
FAIL: gcc.c-torture/compile/20001205-1.c, -Os
FAIL: gcc.c-torture/execute/20001130-2.c execution, -O2
FAIL: gcc.c-torture/execute/20001130-2.c execution, -Os
FAIL: gcc.c-torture/execute/loop-7.c execution, -O2
FAIL: gcc.c-torture/execute/loop-7.c execution, -O3 -fomit-frame-pointer
FAIL: gcc.c-torture/execute/loop-7.c execution, -O3 -fomit-frame-pointer -funroll-loops
FAIL: gcc.c-torture/execute/loop-7.c execution, -O3 -fomit-frame-pointer -funroll-all-loops -finline-functions
FAIL: gcc.c-torture/execute/loop-7.c execution, -O3 -g
FAIL: gcc.c-torture/execute/loop-7.c execution, -Os
FAIL: gcc.dg/20001013-1.c (test for excess errors)
FAIL: gcc.dg/20001117-1.c (test for excess errors)
FAIL: gcc.dg/pack-test-1.c (test for excess errors)
FAIL: gcc.dg/pack-test-2.c (test for errors, line 7)
FAIL: gcc.dg/pack-test-2.c (test for errors, line 14)
FAIL: gcc.dg/pack-test-2.c (test for errors, line 19)
FAIL: gcc.dg/pack-test-2.c (test for excess errors)
FAIL: gcc.dg/sequence-pt-1.c sequence point warning (test for warnings, line 59)
=== gcc Summary for unix ===
# of expected passes 13238
# of unexpected failures 27
# of expected failures 71
# of unsupported tests 45
=== gcc Summary ===
# of expected passes 39708
# of unexpected failures 91
# of expected failures 213
# of unsupported tests 135
/usr/local/src/objdir-gcc-2000-12-18-1830+0100/gcc/xgcc version 2.97 20001218 (experimental)
=== g++ tests ===
Running target unix/-fPIC
FAIL: g++.brendan/crash39.C (test for excess errors)
FAIL: g++.jason/2371.C (test for excess errors)
FAIL: g++.law/code-gen5.C (test for excess errors)
FAIL: g++.law/ctors12.C (test for excess errors)
FAIL: g++.law/cvt2.C (test for excess errors)
FAIL: g++.law/profile1.C (test for excess errors)
FAIL: g++.law/profile1.C Execution test
FAIL: g++.mike/eh2.C (test for excess errors)
FAIL: g++.other/crash32.C (test for excess errors)
FAIL: g++.other/loop2.C caused compiler crash
FAIL: g++.pt/static11.C Execution test
FAIL: g++.robertl/eb39.C (test for excess errors)
FAIL: g++.robertl/eb44.C (test for excess errors)
FAIL: g++.robertl/eb66.C (test for excess errors)
FAIL: g++.robertl/eb83.C (test for excess errors)
FAIL: g++.robertl/eb83.C Execution test
FAIL: g++.robertl/eb91.C (test for excess errors)
=== g++ Summary for unix/-fPIC ===
# of expected passes 6143
# of unexpected failures 17
# of expected failures 101
# of untested testcases 18
Running target unix/-fpic
FAIL: g++.brendan/crash39.C (test for excess errors)
FAIL: g++.jason/2371.C (test for excess errors)
FAIL: g++.law/code-gen5.C (test for excess errors)
FAIL: g++.law/ctors12.C (test for excess errors)
FAIL: g++.law/cvt2.C (test for excess errors)
FAIL: g++.law/profile1.C (test for excess errors)
FAIL: g++.law/profile1.C Execution test
FAIL: g++.mike/eh2.C (test for excess errors)
FAIL: g++.other/crash32.C (test for excess errors)
FAIL: g++.other/loop2.C caused compiler crash
FAIL: g++.pt/static11.C Execution test
FAIL: g++.robertl/eb39.C (test for excess errors)
FAIL: g++.robertl/eb44.C (test for excess errors)
FAIL: g++.robertl/eb66.C (test for excess errors)
FAIL: g++.robertl/eb83.C (test for excess errors)
FAIL: g++.robertl/eb83.C Execution test
FAIL: g++.robertl/eb91.C (test for excess errors)
=== g++ Summary for unix/-fpic ===
# of expected passes 6143
# of unexpected failures 17
# of expected failures 101
# of untested testcases 18
Running target unix
FAIL: g++.brendan/crash39.C (test for excess errors)
FAIL: g++.ext/instantiate1.C not instantiated (test for errors, line 18)
FAIL: g++.ext/instantiate1.C not instantiated (test for errors, line 20)
FAIL: g++.jason/2371.C (test for excess errors)
FAIL: g++.law/code-gen5.C (test for excess errors)
FAIL: g++.law/ctors12.C (test for excess errors)
FAIL: g++.law/cvt2.C (test for excess errors)
FAIL: g++.law/profile1.C Execution test
FAIL: g++.mike/eh2.C (test for excess errors)
FAIL: g++.other/crash32.C (test for excess errors)
FAIL: g++.other/loop2.C caused compiler crash
FAIL: g++.pt/static11.C Execution test
FAIL: g++.robertl/eb39.C (test for excess errors)
FAIL: g++.robertl/eb44.C (test for excess errors)
FAIL: g++.robertl/eb66.C (test for excess errors)
FAIL: g++.robertl/eb91.C (test for excess errors)
=== g++ Summary for unix ===
# of expected passes 6144
# of unexpected failures 16
# of expected failures 101
# of untested testcases 18
=== g++ Summary ===
# of expected passes 18430
# of unexpected failures 50
# of expected failures 303
# of untested testcases 54
/usr/local/src/objdir-gcc-2000-12-18-1830+0100/gcc/testsuite/../g++ version 2.97 20001218 (experimental)
=== g77 tests ===
Running target unix/-fPIC
=== g77 Summary for unix/-fPIC ===
# of expected passes 889
Running target unix/-fpic
=== g77 Summary for unix/-fpic ===
# of expected passes 889
Running target unix
=== g77 Summary for unix ===
# of expected passes 889
=== g77 Summary ===
# of expected passes 2667
=== objc tests ===
Running target unix/-fPIC
FAIL: objc/execute/fdecl.m compilation, -O
FAIL: objc/execute/np-1.m compilation, -O
FAIL: objc/execute/np-2.m compilation, -O
FAIL: objc/execute/protocol.m compilation, -O
=== objc Summary for unix/-fPIC ===
# of expected passes 46
# of unexpected failures 4
# of untested testcases 4
Running target unix/-fpic
FAIL: objc/execute/fdecl.m compilation, -O
FAIL: objc/execute/np-1.m compilation, -O
FAIL: objc/execute/np-2.m compilation, -O
FAIL: objc/execute/protocol.m compilation, -O
=== objc Summary for unix/-fpic ===
# of expected passes 46
# of unexpected failures 4
# of untested testcases 4
Running target unix
FAIL: objc/execute/fdecl.m compilation, -O
FAIL: objc/execute/np-1.m compilation, -O
FAIL: objc/execute/np-2.m compilation, -O
FAIL: objc/execute/protocol.m compilation, -O
=== objc Summary for unix ===
# of expected passes 46
# of unexpected failures 4
# of untested testcases 4
=== objc Summary ===
# of expected passes 138
# of unexpected failures 12
# of untested testcases 12
/usr/local/src/objdir-gcc-2000-12-18-1830+0100/gcc/xgcc version 2.97 20001218 (experimental)
=== gcc tests ===
Running target unix/-fPIC
FAIL: gcc.c-torture/compile/20001116-1.c, -O0
FAIL: gcc.c-torture/compile/20001116-1.c, -O1
FAIL: gcc.c-torture/compile/20001116-1.c, -O2
FAIL: gcc.c-torture/compile/20001116-1.c, -O3 -fomit-frame-pointer
FAIL: gcc.c-torture/compile/20001116-1.c, -O3 -g
FAIL: gcc.c-torture/compile/20001116-1.c, -Os
FAIL: gcc.c-torture/compile/20001205-1.c, -O1
FAIL: gcc.c-torture/compile/20001205-1.c, -O2
FAIL: gcc.c-torture/compile/20001205-1.c, -O3 -fomit-frame-pointer
FAIL: gcc.c-torture/compile/20001205-1.c, -O3 -g
FAIL: gcc.c-torture/compile/20001205-1.c, -Os
FAIL: gcc.c-torture/execute/loop-7.c execution, -O2
FAIL: gcc.c-torture/execute/loop-7.c execution, -O3 -fomit-frame-pointer
FAIL: gcc.c-torture/execute/loop-7.c execution, -O3 -fomit-frame-pointer -funroll-loops
FAIL: gcc.c-torture/execute/loop-7.c execution, -O3 -fomit-frame-pointer -funroll-all-loops -finline-functions
FAIL: gcc.c-torture/execute/loop-7.c execution, -O3 -g
FAIL: gcc.c-torture/execute/loop-7.c execution, -Os
FAIL: gcc.dg/20001013-1.c (test for excess errors)
FAIL: gcc.dg/20001117-1.c (test for excess errors)
FAIL: gcc.dg/pack-test-1.c (test for excess errors)
FAIL: gcc.dg/pack-test-2.c (test for errors, line 7)
FAIL: gcc.dg/pack-test-2.c (test for errors, line 14)
FAIL: gcc.dg/pack-test-2.c (test for errors, line 19)
FAIL: gcc.dg/pack-test-2.c (test for excess errors)
FAIL: gcc.dg/sequence-pt-1.c sequence point warning (test for warnings, line 59)
FAIL: gcc.misc-tests/gcov-1.c (test for excess errors)
FAIL: gcc.misc-tests/gcov-1.c execution test
FAIL: gcov-1.c:1:is 4:should be 11
FAIL: gcov-1.c:1:is 5:should be 10
FAIL: gcov-1.c:1:is 7:should be 1
FAIL: gcc.misc-tests/gcov-2.c (test for excess errors) (PRMS 8294)
FAIL: gcc.misc-tests/gcov-2.c execution test (PRMS 8294)
=== gcc Summary for unix/-fPIC ===
# of expected passes 13235
# of unexpected failures 32
# of expected failures 71
# of unsupported tests 45
Running target unix/-fpic
FAIL: gcc.c-torture/compile/20001116-1.c, -O0
FAIL: gcc.c-torture/compile/20001116-1.c, -O1
FAIL: gcc.c-torture/compile/20001116-1.c, -O2
FAIL: gcc.c-torture/compile/20001116-1.c, -O3 -fomit-frame-pointer
FAIL: gcc.c-torture/compile/20001116-1.c, -O3 -g
FAIL: gcc.c-torture/compile/20001116-1.c, -Os
FAIL: gcc.c-torture/compile/20001205-1.c, -O1
FAIL: gcc.c-torture/compile/20001205-1.c, -O2
FAIL: gcc.c-torture/compile/20001205-1.c, -O3 -fomit-frame-pointer
FAIL: gcc.c-torture/compile/20001205-1.c, -O3 -g
FAIL: gcc.c-torture/compile/20001205-1.c, -Os
FAIL: gcc.c-torture/execute/loop-7.c execution, -O2
FAIL: gcc.c-torture/execute/loop-7.c execution, -O3 -fomit-frame-pointer
FAIL: gcc.c-torture/execute/loop-7.c execution, -O3 -fomit-frame-pointer -funroll-loops
FAIL: gcc.c-torture/execute/loop-7.c execution, -O3 -fomit-frame-pointer -funroll-all-loops -finline-functions
FAIL: gcc.c-torture/execute/loop-7.c execution, -O3 -g
FAIL: gcc.c-torture/execute/loop-7.c execution, -Os
FAIL: gcc.dg/20001013-1.c (test for excess errors)
FAIL: gcc.dg/20001117-1.c (test for excess errors)
FAIL: gcc.dg/pack-test-1.c (test for excess errors)
FAIL: gcc.dg/pack-test-2.c (test for errors, line 7)
FAIL: gcc.dg/pack-test-2.c (test for errors, line 14)
FAIL: gcc.dg/pack-test-2.c (test for errors, line 19)
FAIL: gcc.dg/pack-test-2.c (test for excess errors)
FAIL: gcc.dg/sequence-pt-1.c sequence point warning (test for warnings, line 59)
FAIL: gcc.misc-tests/gcov-1.c (test for excess errors)
FAIL: gcc.misc-tests/gcov-1.c execution test
FAIL: gcov-1.c:1:is 4:should be 11
FAIL: gcov-1.c:1:is 5:should be 10
FAIL: gcov-1.c:1:is 7:should be 1
FAIL: gcc.misc-tests/gcov-2.c (test for excess errors) (PRMS 8294)
FAIL: gcc.misc-tests/gcov-2.c execution test (PRMS 8294)
=== gcc Summary for unix/-fpic ===
# of expected passes 13235
# of unexpected failures 32
# of expected failures 71
# of unsupported tests 45
Running target unix
FAIL: gcc.c-torture/c
Compiler version: 2.97 20001218 (experimental)
Platform: sparc-unknown-linux-gnu
configure flags: --host=sparc-unknown-linux-gnu --enable-threads --enable-shared
Counting all warnings,
there are 114 warnings in stage3 of this bootstrap.
Number of warnings per file:
27 gcc/combine.c
15 gcc/expr.c
10 gcc/dwarf2out.c
6 gcc/cse.c
5 gcc/loop.c
5 gcc/cp/error.c
5 gcc/c-common.c
4 gcc/reload.c
4 gcc/config/sparc/sparc.c
3 gcc/reload1.c
3 gcc/gcc.c
2 hashtab.c
2 gcc/java/jcf-io.c
2 gcc/function.c
2 gcc/fold-const.c
2 gcc/cp/call.c
2 gcc/alias.c
1 gcc/sched-vis.c
1 gcc/sched-deps.c
1 gcc/objc/objc-act.c
1 gcc/objc/lang-specs.h
1 gcc/libgcc2.c
1 gcc/java/jvspec.c
1 gcc/java/jcf-parse.c
1 gcc/flow.c
1 gcc/f/lang-specs.h
1 gcc/final.c
1 gcc/expmed.c
1 gcc/dwarfout.c
1 gcc/cp/lang-specs.h
1 gcc/cp/errfn.c
1 gcc/c-lex.c
Number of warning types:
62 comparison between signed and unsigned
12 signed and unsigned type in conditional expression
10 \`???' might be used uninitialized in this function
7 string length \`???' is greater than the minimum length \`???' ISO C89 is required to support
6 ??? format, ??? arg (arg ???)
5 initialization from incompatible pointer type
3 function declaration isn't a prototype
2 unused variable \`???'
1 pointer targets in passing arg ??? of \`???' differ in signedness
1 passing arg ??? of \`???' from incompatible pointer type
1 passing arg ??? of \`???' discards qualifiers from pointer target type
1 integer constant is unsigned in ISO C, signed with -traditional
1 function-like macro \`strcmp' must be used with arguments in traditional C
1 \`???' defined but not used
1 decimal constant is so large that it is unsigned
More information about the Gcc-testresults
mailing list