Results for 2.95.3 20001220 (prerelease) testsuite on i686-pc-cygwin32

R. Kelley Cook Kelley.Cook@home.com
Fri Dec 22 06:12:00 GMT 2000


2.95.2 -> 2.95.3 patches applied to cygwin gcc 2.95.2 distribution

Native configuration is i686-pc-cygwin32

		=== g++ tests ===


Running target unix
FAIL: g++.dg/special/conpr-1.C (test for excess errors)
FAIL: conpr-2a.o
FAIL: conpr-3a.o
FAIL: g++.gb/sig01.C (test for excess errors)
FAIL: g++.gb/sig02.C (test for excess errors)
FAIL: g++.gb/sig03.C (test for excess errors)
FAIL: g++.gb/sig04.C (test for excess errors)
FAIL: g++.gb/sig05.C (test for excess errors)
FAIL: g++.gb/sig06.C (test for excess errors)
FAIL: g++.gb/sig07.C (test for excess errors)
FAIL: g++.gb/sig08.C (test for excess errors)
FAIL: g++.gb/sig09.C (test for excess errors)
FAIL: g++.gb/sig10.C (test for excess errors)
FAIL: g++.gb/sig11.C (test for excess errors)
FAIL: g++.gb/sig12.C (test for excess errors)
FAIL: g++.gb/sig13.C (test for excess errors)
FAIL: g++.gb/sig14.C (test for excess errors)
FAIL: g++.gb/sig15.C (test for excess errors)
FAIL: g++.gb/sig16.C (test for excess errors)
FAIL: g++.gb/sig17.C (test for excess errors)
FAIL: g++.gb/sig18.C (test for excess errors)
FAIL: g++.gb/sig19.C (test for excess errors)
FAIL: g++.gb/sig20.C (test for excess errors)
FAIL: g++.gb/sig21.C (test for excess errors)
FAIL: g++.gb/sig22.C (test for excess errors)
FAIL: g++.gb/sig23.C (test for excess errors)
FAIL: g++.gb/sig24.C (test for excess errors)
FAIL: g++.gb/sig25.C (test for excess errors)
FAIL: g++.gb/sig26.C (test for excess errors)
FAIL: g++.gb/sig27.C (test for excess errors)
FAIL: g++.gb/sig28.C (test for excess errors)
FAIL: g++.gb/sig29.C (test for excess errors)
FAIL: g++.gb/sig30.C (test for excess errors)
FAIL: g++.gb/sig31.C (test for excess errors)
XPASS: g++.jason/template18.C  Execution test
FAIL: g++.jason/thunk2.C (test for excess errors)
FAIL: g++.mike/eh30.C (test for excess errors)
FAIL: g++.mike/p4750.C (test for excess errors)

		=== g++ Summary ===

# of expected passes		3786
# of unexpected failures	37
# of unexpected successes	1
# of expected failures		53
# of untested testcases		8
/obj/gcc-2.95.3/gcc/testsuite/../xgcc version 2.95.3 20001220 (prerelease)

		=== g77 tests ===


Running target unix
FAIL: g77.f-torture/execute/19981119-0.f compilation,  -O0 
FAIL: g77.f-torture/execute/19981119-0.f compilation,  -O1 
FAIL: g77.f-torture/execute/19981119-0.f compilation,  -O2 
FAIL: g77.f-torture/execute/19981119-0.f compilation,  -O2 -fomit-frame-pointer -finline-functions 
FAIL: g77.f-torture/execute/19981119-0.f compilation,  -Os 
FAIL: g77.f-torture/execute/19990313-0.f compilation,  -O0 
FAIL: g77.f-torture/execute/19990313-0.f compilation,  -O1 
FAIL: g77.f-torture/execute/19990313-0.f compilation,  -O2 
FAIL: g77.f-torture/execute/19990313-0.f compilation,  -O2 -fomit-frame-pointer -finline-functions 
FAIL: g77.f-torture/execute/19990313-0.f compilation,  -Os 
FAIL: g77.f-torture/execute/19990313-1.f compilation,  -O0 
FAIL: g77.f-torture/execute/19990313-1.f compilation,  -O1 
FAIL: g77.f-torture/execute/19990313-1.f compilation,  -O2 
FAIL: g77.f-torture/execute/19990313-1.f compilation,  -O2 -fomit-frame-pointer -finline-functions 
FAIL: g77.f-torture/execute/19990313-1.f compilation,  -Os 
FAIL: g77.f-torture/execute/19990313-2.f compilation,  -O0 
FAIL: g77.f-torture/execute/19990313-2.f compilation,  -O1 
FAIL: g77.f-torture/execute/19990313-2.f compilation,  -O2 
FAIL: g77.f-torture/execute/19990313-2.f compilation,  -O2 -fomit-frame-pointer -finline-functions 
FAIL: g77.f-torture/execute/19990313-2.f compilation,  -Os 
FAIL: g77.f-torture/execute/19990313-3.f compilation,  -O0 
FAIL: g77.f-torture/execute/19990313-3.f compilation,  -O1 
FAIL: g77.f-torture/execute/19990313-3.f compilation,  -O2 
FAIL: g77.f-torture/execute/19990313-3.f compilation,  -O2 -fomit-frame-pointer -finline-functions 
FAIL: g77.f-torture/execute/19990313-3.f compilation,  -Os 
FAIL: g77.f-torture/execute/19990325-0.f compilation,  -O0 
FAIL: g77.f-torture/execute/19990325-0.f compilation,  -O1 
FAIL: g77.f-torture/execute/19990325-0.f compilation,  -O2 
FAIL: g77.f-torture/execute/19990325-0.f compilation,  -O2 -fomit-frame-pointer -finline-functions 
FAIL: g77.f-torture/execute/19990325-0.f compilation,  -Os 
FAIL: g77.f-torture/execute/19990325-1.f compilation,  -O0 
FAIL: g77.f-torture/execute/19990325-1.f compilation,  -O1 
FAIL: g77.f-torture/execute/19990325-1.f compilation,  -O2 
FAIL: g77.f-torture/execute/19990325-1.f compilation,  -O2 -fomit-frame-pointer -finline-functions 
FAIL: g77.f-torture/execute/19990325-1.f compilation,  -Os 
FAIL: g77.f-torture/execute/19990419-1.f compilation,  -O0 
FAIL: g77.f-torture/execute/19990419-1.f compilation,  -O1 
FAIL: g77.f-torture/execute/19990419-1.f compilation,  -O2 
FAIL: g77.f-torture/execute/19990419-1.f compilation,  -O2 -fomit-frame-pointer -finline-functions 
FAIL: g77.f-torture/execute/19990419-1.f compilation,  -O2 -fomit-frame-pointer -finline-functions -funroll-loops 
FAIL: g77.f-torture/execute/19990419-1.f compilation,  -O2 -fomit-frame-pointer -finline-functions -funroll-all-loops 
FAIL: g77.f-torture/execute/19990419-1.f compilation,  -Os 
FAIL: g77.f-torture/execute/970625-2.f compilation,  -O0 
FAIL: g77.f-torture/execute/970625-2.f compilation,  -O1 
FAIL: g77.f-torture/execute/970625-2.f compilation,  -O2 
FAIL: g77.f-torture/execute/970625-2.f compilation,  -O2 -fomit-frame-pointer -finline-functions 
FAIL: g77.f-torture/execute/970625-2.f compilation,  -O2 -fomit-frame-pointer -finline-functions -funroll-loops 
FAIL: g77.f-torture/execute/970625-2.f compilation,  -O2 -fomit-frame-pointer -finline-functions -funroll-all-loops 
FAIL: g77.f-torture/execute/970625-2.f compilation,  -Os 
FAIL: g77.f-torture/execute/970816-3.f compilation,  -O0 
FAIL: g77.f-torture/execute/970816-3.f compilation,  -O1 
FAIL: g77.f-torture/execute/970816-3.f compilation,  -O2 
FAIL: g77.f-torture/execute/970816-3.f compilation,  -O2 -fomit-frame-pointer -finline-functions 
FAIL: g77.f-torture/execute/970816-3.f compilation,  -Os 
FAIL: g77.f-torture/execute/971102-1.f compilation,  -O0 
FAIL: g77.f-torture/execute/971102-1.f compilation,  -O1 
FAIL: g77.f-torture/execute/971102-1.f compilation,  -O2 
FAIL: g77.f-torture/execute/971102-1.f compilation,  -O2 -fomit-frame-pointer -finline-functions 
FAIL: g77.f-torture/execute/971102-1.f compilation,  -O2 -fomit-frame-pointer -finline-functions -funroll-loops 
FAIL: g77.f-torture/execute/971102-1.f compilation,  -O2 -fomit-frame-pointer -finline-functions -funroll-all-loops 
FAIL: g77.f-torture/execute/971102-1.f compilation,  -Os 
FAIL: g77.f-torture/execute/980520-1.f compilation,  -O0 
FAIL: g77.f-torture/execute/980520-1.f compilation,  -O1 
FAIL: g77.f-torture/execute/980520-1.f compilation,  -O2 
FAIL: g77.f-torture/execute/980520-1.f compilation,  -O2 -fomit-frame-pointer -finline-functions 
FAIL: g77.f-torture/execute/980520-1.f compilation,  -Os 
FAIL: g77.f-torture/execute/980628-0.f compilation,  -O0 
FAIL: g77.f-torture/execute/980628-0.f compilation,  -O1 
FAIL: g77.f-torture/execute/980628-0.f compilation,  -O2 
FAIL: g77.f-torture/execute/980628-0.f compilation,  -O2 -fomit-frame-pointer -finline-functions 
FAIL: g77.f-torture/execute/980628-0.f compilation,  -Os 
FAIL: g77.f-torture/execute/980628-1.f compilation,  -O0 
FAIL: g77.f-torture/execute/980628-1.f compilation,  -O1 
FAIL: g77.f-torture/execute/980628-1.f compilation,  -O2 
FAIL: g77.f-torture/execute/980628-1.f compilation,  -O2 -fomit-frame-pointer -finline-functions 
FAIL: g77.f-torture/execute/980628-1.f compilation,  -Os 
FAIL: g77.f-torture/execute/980628-10.f compilation,  -O0 
FAIL: g77.f-torture/execute/980628-10.f compilation,  -O1 
FAIL: g77.f-torture/execute/980628-10.f compilation,  -O2 
FAIL: g77.f-torture/execute/980628-10.f compilation,  -O2 -fomit-frame-pointer -finline-functions 
FAIL: g77.f-torture/execute/980628-10.f compilation,  -Os 
FAIL: g77.f-torture/execute/980628-2.f compilation,  -O0 
FAIL: g77.f-torture/execute/980628-2.f compilation,  -O1 
FAIL: g77.f-torture/execute/980628-2.f compilation,  -O2 
FAIL: g77.f-torture/execute/980628-2.f compilation,  -O2 -fomit-frame-pointer -finline-functions 
FAIL: g77.f-torture/execute/980628-2.f compilation,  -Os 
FAIL: g77.f-torture/execute/980628-3.f compilation,  -O0 
FAIL: g77.f-torture/execute/980628-3.f compilation,  -O1 
FAIL: g77.f-torture/execute/980628-3.f compilation,  -O2 
FAIL: g77.f-torture/execute/980628-3.f compilation,  -O2 -fomit-frame-pointer -finline-functions 
FAIL: g77.f-torture/execute/980628-3.f compilation,  -Os 
FAIL: g77.f-torture/execute/980628-4.f compilation,  -O0 
FAIL: g77.f-torture/execute/980628-4.f compilation,  -O1 
FAIL: g77.f-torture/execute/980628-4.f compilation,  -O2 
FAIL: g77.f-torture/execute/980628-4.f compilation,  -O2 -fomit-frame-pointer -finline-functions 
FAIL: g77.f-torture/execute/980628-4.f compilation,  -Os 
FAIL: g77.f-torture/execute/980628-5.f compilation,  -O0 
FAIL: g77.f-torture/execute/980628-5.f compilation,  -O1 
FAIL: g77.f-torture/execute/980628-5.f compilation,  -O2 
FAIL: g77.f-torture/execute/980628-5.f compilation,  -O2 -fomit-frame-pointer -finline-functions 
FAIL: g77.f-torture/execute/980628-5.f compilation,  -Os 
FAIL: g77.f-torture/execute/980628-6.f compilation,  -O0 
FAIL: g77.f-torture/execute/980628-6.f compilation,  -O1 
FAIL: g77.f-torture/execute/980628-6.f compilation,  -O2 
FAIL: g77.f-torture/execute/980628-6.f compilation,  -O2 -fomit-frame-pointer -finline-functions 
FAIL: g77.f-torture/execute/980628-6.f compilation,  -Os 
FAIL: g77.f-torture/execute/980628-7.f compilation,  -O0 
FAIL: g77.f-torture/execute/980628-7.f compilation,  -O1 
FAIL: g77.f-torture/execute/980628-7.f compilation,  -O2 
FAIL: g77.f-torture/execute/980628-7.f compilation,  -O2 -fomit-frame-pointer -finline-functions 
FAIL: g77.f-torture/execute/980628-7.f compilation,  -Os 
FAIL: g77.f-torture/execute/980628-8.f compilation,  -O0 
FAIL: g77.f-torture/execute/980628-8.f compilation,  -O1 
FAIL: g77.f-torture/execute/980628-8.f compilation,  -O2 
FAIL: g77.f-torture/execute/980628-8.f compilation,  -O2 -fomit-frame-pointer -finline-functions 
FAIL: g77.f-torture/execute/980628-8.f compilation,  -Os 
FAIL: g77.f-torture/execute/980628-9.f compilation,  -O0 
FAIL: g77.f-torture/execute/980628-9.f compilation,  -O1 
FAIL: g77.f-torture/execute/980628-9.f compilation,  -O2 
FAIL: g77.f-torture/execute/980628-9.f compilation,  -O2 -fomit-frame-pointer -finline-functions 
FAIL: g77.f-torture/execute/980628-9.f compilation,  -Os 
FAIL: g77.f-torture/execute/980701-0.f compilation,  -O0 
FAIL: g77.f-torture/execute/980701-0.f compilation,  -O1 
FAIL: g77.f-torture/execute/980701-0.f compilation,  -O2 
FAIL: g77.f-torture/execute/980701-0.f compilation,  -O2 -fomit-frame-pointer -finline-functions 
FAIL: g77.f-torture/execute/980701-0.f compilation,  -Os 
FAIL: g77.f-torture/execute/980701-1.f compilation,  -O0 
FAIL: g77.f-torture/execute/980701-1.f compilation,  -O1 
FAIL: g77.f-torture/execute/980701-1.f compilation,  -O2 
FAIL: g77.f-torture/execute/980701-1.f compilation,  -O2 -fomit-frame-pointer -finline-functions 
FAIL: g77.f-torture/execute/980701-1.f compilation,  -Os 
FAIL: g77.f-torture/execute/alpha2.f compilation,  -O0 
FAIL: g77.f-torture/execute/alpha2.f compilation,  -O1 
FAIL: g77.f-torture/execute/alpha2.f compilation,  -O2 
FAIL: g77.f-torture/execute/alpha2.f compilation,  -O2 -fomit-frame-pointer -finline-functions 
FAIL: g77.f-torture/execute/alpha2.f compilation,  -Os 
FAIL: g77.f-torture/execute/auto0.f compilation,  -O0 
FAIL: g77.f-torture/execute/auto0.f compilation,  -O1 
FAIL: g77.f-torture/execute/auto0.f compilation,  -O2 
FAIL: g77.f-torture/execute/auto0.f compilation,  -O2 -fomit-frame-pointer -finline-functions 
FAIL: g77.f-torture/execute/auto0.f compilation,  -O2 -fomit-frame-pointer -finline-functions -funroll-loops 
FAIL: g77.f-torture/execute/auto0.f compilation,  -O2 -fomit-frame-pointer -finline-functions -funroll-all-loops 
FAIL: g77.f-torture/execute/auto0.f compilation,  -Os 
FAIL: g77.f-torture/execute/auto1.f compilation,  -O0 
FAIL: g77.f-torture/execute/auto1.f compilation,  -O1 
FAIL: g77.f-torture/execute/auto1.f compilation,  -O2 
FAIL: g77.f-torture/execute/auto1.f compilation,  -O2 -fomit-frame-pointer -finline-functions 
FAIL: g77.f-torture/execute/auto1.f compilation,  -O2 -fomit-frame-pointer -finline-functions -funroll-loops 
FAIL: g77.f-torture/execute/auto1.f compilation,  -O2 -fomit-frame-pointer -finline-functions -funroll-all-loops 
FAIL: g77.f-torture/execute/auto1.f compilation,  -Os 
FAIL: g77.f-torture/execute/cabs.f compilation,  -O0 
FAIL: g77.f-torture/execute/cabs.f compilation,  -O1 
FAIL: g77.f-torture/execute/cabs.f compilation,  -O2 
FAIL: g77.f-torture/execute/cabs.f compilation,  -O2 -fomit-frame-pointer -finline-functions 
FAIL: g77.f-torture/execute/cabs.f compilation,  -Os 
FAIL: g77.f-torture/execute/claus.f compilation,  -O0 
FAIL: g77.f-torture/execute/claus.f compilation,  -O1 
FAIL: g77.f-torture/execute/claus.f compilation,  -O2 
FAIL: g77.f-torture/execute/claus.f compilation,  -O2 -fomit-frame-pointer -finline-functions 
FAIL: g77.f-torture/execute/claus.f compilation,  -O2 -fomit-frame-pointer -finline-functions -funroll-loops 
FAIL: g77.f-torture/execute/claus.f compilation,  -O2 -fomit-frame-pointer -finline-functions -funroll-all-loops 
FAIL: g77.f-torture/execute/claus.f compilation,  -Os 
FAIL: g77.f-torture/execute/complex_1.f compilation,  -O0 
FAIL: g77.f-torture/execute/complex_1.f compilation,  -O1 
FAIL: g77.f-torture/execute/complex_1.f compilation,  -O2 
FAIL: g77.f-torture/execute/complex_1.f compilation,  -O2 -fomit-frame-pointer -finline-functions 
FAIL: g77.f-torture/execute/complex_1.f compilation,  -Os 
FAIL: g77.f-torture/execute/dcomplex.f compilation,  -O0 
FAIL: g77.f-torture/execute/dcomplex.f compilation,  -O1 
FAIL: g77.f-torture/execute/dcomplex.f compilation,  -O2 
FAIL: g77.f-torture/execute/dcomplex.f compilation,  -O2 -fomit-frame-pointer -finline-functions 
FAIL: g77.f-torture/execute/dcomplex.f compilation,  -Os 
FAIL: g77.f-torture/execute/dnrm2.f compilation,  -O0 
FAIL: g77.f-torture/execute/dnrm2.f compilation,  -O1 
FAIL: g77.f-torture/execute/dnrm2.f compilation,  -O2 
FAIL: g77.f-torture/execute/dnrm2.f compilation,  -O2 -fomit-frame-pointer -finline-functions 
FAIL: g77.f-torture/execute/dnrm2.f compilation,  -O2 -fomit-frame-pointer -finline-functions -funroll-loops 
FAIL: g77.f-torture/execute/dnrm2.f compilation,  -O2 -fomit-frame-pointer -finline-functions -funroll-all-loops 
FAIL: g77.f-torture/execute/dnrm2.f compilation,  -Os 
FAIL: g77.f-torture/execute/erfc.f compilation,  -O0 
FAIL: g77.f-torture/execute/erfc.f compilation,  -O1 
FAIL: g77.f-torture/execute/erfc.f compilation,  -O2 
FAIL: g77.f-torture/execute/erfc.f compilation,  -O2 -fomit-frame-pointer -finline-functions 
FAIL: g77.f-torture/execute/erfc.f compilation,  -Os 
FAIL: g77.f-torture/execute/exp.f compilation,  -O0 
FAIL: g77.f-torture/execute/exp.f compilation,  -O1 
FAIL: g77.f-torture/execute/exp.f compilation,  -O2 
FAIL: g77.f-torture/execute/exp.f compilation,  -O2 -fomit-frame-pointer -finline-functions 
FAIL: g77.f-torture/execute/exp.f compilation,  -Os 
FAIL: g77.f-torture/execute/io0.f compilation,  -O0 
FAIL: g77.f-torture/execute/io0.f compilation,  -O1 
FAIL: g77.f-torture/execute/io0.f compilation,  -O2 
FAIL: g77.f-torture/execute/io0.f compilation,  -O2 -fomit-frame-pointer -finline-functions 
FAIL: g77.f-torture/execute/io0.f compilation,  -Os 
FAIL: g77.f-torture/execute/io1.f compilation,  -O0 
FAIL: g77.f-torture/execute/io1.f compilation,  -O1 
FAIL: g77.f-torture/execute/io1.f compilation,  -O2 
FAIL: g77.f-torture/execute/io1.f compilation,  -O2 -fomit-frame-pointer -finline-functions 
FAIL: g77.f-torture/execute/io1.f compilation,  -Os 
FAIL: g77.f-torture/execute/labug1.f compilation,  -O0 
FAIL: g77.f-torture/execute/labug1.f compilation,  -O1 
FAIL: g77.f-torture/execute/labug1.f compilation,  -O2 
FAIL: g77.f-torture/execute/labug1.f compilation,  -O2 -fomit-frame-pointer -finline-functions 
FAIL: g77.f-torture/execute/labug1.f compilation,  -O2 -fomit-frame-pointer -finline-functions -funroll-loops 
FAIL: g77.f-torture/execute/labug1.f compilation,  -O2 -fomit-frame-pointer -finline-functions -funroll-all-loops 
FAIL: g77.f-torture/execute/labug1.f compilation,  -Os 
FAIL: g77.f-torture/execute/large_vec.f compilation,  -O0 
FAIL: g77.f-torture/execute/large_vec.f compilation,  -O1 
FAIL: g77.f-torture/execute/large_vec.f compilation,  -O2 
FAIL: g77.f-torture/execute/large_vec.f compilation,  -O2 -fomit-frame-pointer -finline-functions 
FAIL: g77.f-torture/execute/large_vec.f compilation,  -Os 
FAIL: g77.f-torture/execute/le.f compilation,  -O0 
FAIL: g77.f-torture/execute/le.f compilation,  -O1 
FAIL: g77.f-torture/execute/le.f compilation,  -O2 
FAIL: g77.f-torture/execute/le.f compilation,  -O2 -fomit-frame-pointer -finline-functions 
FAIL: g77.f-torture/execute/le.f compilation,  -Os 
FAIL: g77.f-torture/execute/short.f compilation,  -O0 
FAIL: g77.f-torture/execute/short.f compilation,  -O1 
FAIL: g77.f-torture/execute/short.f compilation,  -O2 
FAIL: g77.f-torture/execute/short.f compilation,  -O2 -fomit-frame-pointer -finline-functions 
FAIL: g77.f-torture/execute/short.f compilation,  -O2 -fomit-frame-pointer -finline-functions -funroll-loops 
FAIL: g77.f-torture/execute/short.f compilation,  -O2 -fomit-frame-pointer -finline-functions -funroll-all-loops 
FAIL: g77.f-torture/execute/short.f compilation,  -Os 
FAIL: g77.f-torture/execute/u77-test.f compilation,  -O0 
FAIL: g77.f-torture/execute/u77-test.f compilation,  -O1 
FAIL: g77.f-torture/execute/u77-test.f compilation,  -O2 
FAIL: g77.f-torture/execute/u77-test.f compilation,  -O2 -fomit-frame-pointer -finline-functions 
FAIL: g77.f-torture/execute/u77-test.f compilation,  -O2 -fomit-frame-pointer -finline-functions -funroll-loops 
FAIL: g77.f-torture/execute/u77-test.f compilation,  -O2 -fomit-frame-pointer -finline-functions -funroll-all-loops 
FAIL: g77.f-torture/execute/u77-test.f compilation,  -Os 
FAIL: g77.f-torture/execute/cpp.F compilation,  -O0 
FAIL: g77.f-torture/execute/cpp.F compilation,  -O1 
FAIL: g77.f-torture/execute/cpp.F compilation,  -O2 
FAIL: g77.f-torture/execute/cpp.F compilation,  -O2 -fomit-frame-pointer -finline-functions 
FAIL: g77.f-torture/execute/cpp.F compilation,  -Os 

		=== g77 Summary ===

# of expected passes		132
# of unexpected failures	235
# of untested testcases		235
		=== gcc tests ===


Running target unix
FAIL: gcc.c-torture/execute/loop-2b.c execution,  -O2 
FAIL: gcc.c-torture/execute/loop-2b.c execution,  -O3 -fomit-frame-pointer 
FAIL: gcc.c-torture/execute/loop-2b.c execution,  -O3 -fomit-frame-pointer -funroll-loops 
FAIL: gcc.c-torture/execute/loop-2b.c execution,  -O3 -fomit-frame-pointer -funroll-all-loops -finline-functions 
FAIL: gcc.c-torture/execute/loop-2b.c execution,  -O3 -g 
XPASS: gcc.c-torture/execute/ieee/980619-1.c execution,  -O1 
XPASS: gcc.c-torture/execute/ieee/980619-1.c execution,  -O2 
XPASS: gcc.c-torture/execute/ieee/980619-1.c execution,  -O3 -fomit-frame-pointer 
XPASS: gcc.c-torture/execute/ieee/980619-1.c execution,  -O3 -fomit-frame-pointer -funroll-loops 
XPASS: gcc.c-torture/execute/ieee/980619-1.c execution,  -O3 -fomit-frame-pointer -funroll-all-loops -finline-functions 
XPASS: gcc.c-torture/execute/ieee/980619-1.c execution,  -O3 -g 
XPASS: gcc.c-torture/execute/ieee/980619-1.c execution,  -Os 
FAIL: gcc.c-torture/special/981006-1.c (test for excess errors)
FAIL: gcc.dg/990119-1.c execution test
FAIL: gcc.dg/990213-2.c (test for excess errors)
FAIL: gcc.dg/990214-1.c (test for excess errors)
FAIL: gcc.dg/cast-qual-1.c discarding \`const' warning (test for bogus messages, line 11)
FAIL: gcc.dg/cast-qual-1.c discarding \`const' warning (test for warnings, line 17)
FAIL: gcc.dg/compare1.c (test for excess errors)

		=== gcc Summary ===

# of expected passes		8054
# of unexpected failures	12
# of unexpected successes	7
# of expected failures		31
# of unresolved testcases	3
# of unsupported tests		12
/obj/gcc-2.95.3/gcc/xgcc version 2.95.3 20001220 (prerelease)

		=== objc tests ===


Running target unix
FAIL: objc/execute/bf-1.m compilation,  -O 
FAIL: objc/execute/bf-10.m compilation,  -O 
FAIL: objc/execute/bf-11.m compilation,  -O 
FAIL: objc/execute/bf-12.m compilation,  -O 
FAIL: objc/execute/bf-13.m compilation,  -O 
FAIL: objc/execute/bf-14.m compilation,  -O 
FAIL: objc/execute/bf-15.m compilation,  -O 
FAIL: objc/execute/bf-16.m compilation,  -O 
FAIL: objc/execute/bf-17.m compilation,  -O 
FAIL: objc/execute/bf-18.m compilation,  -O 
FAIL: objc/execute/bf-19.m compilation,  -O 
FAIL: objc/execute/bf-2.m compilation,  -O 
FAIL: objc/execute/bf-3.m compilation,  -O 
FAIL: objc/execute/bf-4.m compilation,  -O 
FAIL: objc/execute/bf-5.m compilation,  -O 
FAIL: objc/execute/bf-6.m compilation,  -O 
FAIL: objc/execute/bf-7.m compilation,  -O 
FAIL: objc/execute/bf-8.m compilation,  -O 
FAIL: objc/execute/bf-9.m compilation,  -O 

		=== objc Summary ===

# of unexpected failures	19
# of untested testcases		19
/obj/gcc-2.95.3/gcc/xgcc version 2.95.3 20001220 (prerelease)


Compiler version: 2.95.3 20001220 (prerelease) 
Platform: i686-pc-cygwin32






More information about the Gcc-testresults mailing list