Results for 2.97 20001221 (experimental) testsuite on sparc-redhat-linux-gnu

Horst von Brand vonbrand@inf.utfsm.cl
Fri Dec 22 04:14:00 GMT 2000


Native configuration is sparc-redhat-linux-gnu

		=== gcc tests ===


Running target unix
FAIL: gcc.c-torture/compile/20001116-1.c,  -O0  
FAIL: gcc.c-torture/compile/20001116-1.c,  -O1  
FAIL: gcc.c-torture/compile/20001116-1.c,  -O2  
FAIL: gcc.c-torture/compile/20001116-1.c,  -O3 -fomit-frame-pointer  
FAIL: gcc.c-torture/compile/20001116-1.c,  -O3 -g  
FAIL: gcc.c-torture/compile/20001116-1.c,  -Os  
FAIL: gcc.c-torture/compile/20001205-1.c,  -O1  
FAIL: gcc.c-torture/compile/20001205-1.c,  -O2  
FAIL: gcc.c-torture/compile/20001205-1.c,  -O3 -fomit-frame-pointer  
FAIL: gcc.c-torture/compile/20001205-1.c,  -O3 -g  
FAIL: gcc.c-torture/compile/20001205-1.c,  -Os  
FAIL: gcc.c-torture/execute/20001130-2.c execution,  -O2 
FAIL: gcc.c-torture/execute/20001130-2.c execution,  -Os 
FAIL: gcc.c-torture/execute/20001221-1.c compilation,  -O0 
FAIL: gcc.c-torture/execute/20001221-1.c compilation,  -O1 
FAIL: gcc.c-torture/execute/20001221-1.c compilation,  -O2 
FAIL: gcc.c-torture/execute/20001221-1.c compilation,  -O3 -fomit-frame-pointer 
FAIL: gcc.c-torture/execute/20001221-1.c compilation,  -O3 -g 
FAIL: gcc.c-torture/execute/20001221-1.c compilation,  -Os 
FAIL: gcc.c-torture/execute/920428-2.c execution,  -O0 
FAIL: gcc.c-torture/execute/920428-2.c execution,  -O1 
FAIL: gcc.c-torture/execute/920428-2.c execution,  -O2 
FAIL: gcc.c-torture/execute/920428-2.c execution,  -O3 -fomit-frame-pointer 
FAIL: gcc.c-torture/execute/920428-2.c execution,  -O3 -g 
FAIL: gcc.c-torture/execute/920428-2.c execution,  -Os 
FAIL: gcc.c-torture/execute/builtin-abs-1.c compilation,  -O1 
FAIL: gcc.c-torture/execute/builtin-abs-2.c compilation,  -O1 
FAIL: gcc.c-torture/execute/loop-7.c execution,  -O2 
FAIL: gcc.c-torture/execute/loop-7.c execution,  -O3 -fomit-frame-pointer 
FAIL: gcc.c-torture/execute/loop-7.c execution,  -O3 -fomit-frame-pointer -funroll-loops 
FAIL: gcc.c-torture/execute/loop-7.c execution,  -O3 -fomit-frame-pointer -funroll-all-loops -finline-functions 
FAIL: gcc.c-torture/execute/loop-7.c execution,  -O3 -g 
FAIL: gcc.c-torture/execute/loop-7.c execution,  -Os 
FAIL: gcc.dg/20001013-1.c (test for excess errors)
FAIL: gcc.dg/20001117-1.c (test for excess errors)
FAIL: gcc.dg/pack-test-1.c (test for excess errors)
FAIL: gcc.dg/pack-test-2.c  (test for errors, line 7)
FAIL: gcc.dg/pack-test-2.c  (test for errors, line 14)
FAIL: gcc.dg/pack-test-2.c  (test for errors, line 19)
FAIL: gcc.dg/pack-test-2.c (test for excess errors)
FAIL: gcc.dg/sequence-pt-1.c sequence point warning (test for warnings, line 59)

		=== gcc Summary ===

# of expected passes		13323
# of unexpected failures	41
# of expected failures		71
# of unresolved testcases	8
# of unsupported tests		45
/usr/src/build/GCC/build-gcc-20001222/gcc/xgcc version 2.97 20001221 (experimental)

		=== g++ tests ===


Running target unix
FAIL: g++.ext/instantiate1.C not instantiated (test for errors, line 18)
FAIL: g++.ext/instantiate1.C not instantiated (test for errors, line 20)
FAIL: g++.jason/2371.C (test for excess errors)
FAIL: g++.law/profile1.C  Execution test
FAIL: g++.other/crash32.C (test for excess errors)
FAIL: g++.other/loop2.C caused compiler crash
FAIL: g++.pt/static11.C  Execution test

		=== g++ Summary ===

# of expected passes		6162
# of unexpected failures	7
# of expected failures		94
# of untested testcases		18
/usr/src/build/GCC/build-gcc-20001222/gcc/testsuite/../g++ version 2.97 20001221 (experimental)

		=== g77 tests ===


Running target unix

		=== g77 Summary ===

# of expected passes		889
		=== objc tests ===


Running target unix
FAIL: objc/execute/fdecl.m compilation,  -O 
FAIL: objc/execute/np-1.m compilation,  -O 
FAIL: objc/execute/np-2.m compilation,  -O 
FAIL: objc/execute/protocol.m compilation,  -O 

		=== objc Summary ===

# of expected passes		46
# of unexpected failures	4
# of untested testcases		4
/usr/src/build/GCC/build-gcc-20001222/gcc/xgcc version 2.97 20001221 (experimental)


Compiler version: 2.97 20001221 (experimental) 
Platform: sparc-redhat-linux-gnu
configure flags: --host=sparc-redhat-linux --enable-shared --enable-threads --enable-haifa --enable-cpp --prefix=/usr


More information about the Gcc-testresults mailing list