Results for 2.97 20001219 (experimental) testsuite on i486-suse-linux-gnu

Andreas Jaeger aj@suse.de
Tue Dec 19 19:31:00 GMT 2000


Native configuration is i486-suse-linux-gnu

		=== gcc tests ===


Running target unix
FAIL: gcc.c-torture/compile/20001116-1.c,  -O0  
FAIL: gcc.c-torture/compile/20001116-1.c,  -O1  
FAIL: gcc.c-torture/compile/20001116-1.c,  -O2  
FAIL: gcc.c-torture/compile/20001116-1.c,  -O3 -fomit-frame-pointer  
FAIL: gcc.c-torture/compile/20001116-1.c,  -O3 -g  
FAIL: gcc.c-torture/compile/20001116-1.c,  -Os  
FAIL: gcc.c-torture/execute/20001009-1.c execution,  -O1 
FAIL: gcc.c-torture/execute/20001009-1.c execution,  -O2 
FAIL: gcc.c-torture/execute/20001009-1.c execution,  -O3 -fomit-frame-pointer 
FAIL: gcc.c-torture/execute/20001009-1.c execution,  -O3 -g 
FAIL: gcc.c-torture/execute/20001009-1.c execution,  -Os 
FAIL: gcc.c-torture/execute/960608-1.c execution,  -O3 -fomit-frame-pointer 
FAIL: gcc.c-torture/execute/960608-1.c execution,  -O3 -g 
FAIL: gcc.c-torture/execute/loop-2b.c execution,  -O2 
FAIL: gcc.c-torture/execute/loop-7.c execution,  -O2 
FAIL: gcc.c-torture/execute/loop-7.c execution,  -O3 -fomit-frame-pointer 
FAIL: gcc.c-torture/execute/loop-7.c execution,  -O3 -fomit-frame-pointer -funroll-loops 
FAIL: gcc.c-torture/execute/loop-7.c execution,  -O3 -fomit-frame-pointer -funroll-all-loops -finline-functions 
FAIL: gcc.c-torture/execute/loop-7.c execution,  -O3 -g 
FAIL: gcc.c-torture/execute/loop-7.c execution,  -Os 
FAIL: gcc.dg/20000503-1.c (test for excess errors)
FAIL: gcc.dg/20000724-1.c execution test
FAIL: gcc.dg/20001117-1.c (test for excess errors)
FAIL: gcc.dg/sequence-pt-1.c sequence point warning (test for warnings, line 59)
FAIL: gcc.misc-tests/mg.c

		=== gcc Summary ===

# of expected passes		13366
# of unexpected failures	25
# of expected failures		77
# of unsupported tests		21
/usr/src/packages/BUILD/gcc/obj/gcc/xgcc version 2.97 20001219 (experimental)

		=== g++ tests ===


Running target unix
FAIL: g++.ext/instantiate1.C not instantiated (test for errors, line 18)
FAIL: g++.ext/instantiate1.C not instantiated (test for errors, line 20)
FAIL: g++.jason/2371.C (test for excess errors)
FAIL: g++.other/loop2.C caused compiler crash

		=== g++ Summary ===

# of expected passes		6176
# of unexpected failures	4
# of expected failures		94
# of untested testcases		9
/usr/src/packages/BUILD/gcc/obj/gcc/testsuite/../g++ version 2.97 20001219 (experimental)

		=== g77 tests ===


Running target unix
FAIL: g77.f-torture/execute/short.f execution,  -Os 

		=== g77 Summary ===

# of expected passes		888
# of unexpected failures	1
		=== objc tests ===


Running target unix
FAIL: objc/execute/fdecl.m compilation,  -O 
FAIL: objc/execute/np-1.m compilation,  -O 
FAIL: objc/execute/np-2.m compilation,  -O 
FAIL: objc/execute/protocol.m compilation,  -O 

		=== objc Summary ===

# of expected passes		46
# of unexpected failures	4
# of untested testcases		4
/usr/src/packages/BUILD/gcc/obj/gcc/xgcc version 2.97 20001219 (experimental)


Compiler version: 2.97 20001219 (experimental) 
Platform: i486-suse-linux-gnu
configure flags: --host=i486-suse-linux --enable-threads=posix --enable-shared --disable-checking --prefix=/usr --with-local-prefix=/usr/local --infodir=/usr/share/info --mandir=/usr/share/man --enable-nls


More information about the Gcc-testresults mailing list