Results for 2.97 20001201 (experimental) testsuite on i586-pc-linux-gnu
root@hal.astr.lu.lv
root@hal.astr.lu.lv
Sat Dec 2 09:49:00 GMT 2000
Native configuration is i586-pc-linux-gnu
=== gcc tests ===
Running target unix
FAIL: gcc.c-torture/compile/20001116-1.c, -O0
FAIL: gcc.c-torture/compile/20001116-1.c, -O1
FAIL: gcc.c-torture/compile/20001116-1.c, -O2
FAIL: gcc.c-torture/compile/20001116-1.c, -O3 -fomit-frame-pointer
FAIL: gcc.c-torture/compile/20001116-1.c, -O3 -g
FAIL: gcc.c-torture/compile/20001116-1.c, -Os
FAIL: gcc.c-torture/execute/20001009-1.c execution, -O1
FAIL: gcc.c-torture/execute/20001009-1.c execution, -O2
FAIL: gcc.c-torture/execute/20001009-1.c execution, -O3 -fomit-frame-pointer
FAIL: gcc.c-torture/execute/20001009-1.c execution, -O3 -g
FAIL: gcc.c-torture/execute/20001009-1.c execution, -Os
FAIL: gcc.c-torture/execute/960608-1.c execution, -O3 -fomit-frame-pointer
FAIL: gcc.c-torture/execute/960608-1.c execution, -O3 -g
FAIL: gcc.c-torture/execute/loop-2b.c execution, -O2
FAIL: gcc.c-torture/execute/loop-7.c execution, -O2
FAIL: gcc.c-torture/execute/loop-7.c execution, -O3 -fomit-frame-pointer
FAIL: gcc.c-torture/execute/loop-7.c execution, -O3 -fomit-frame-pointer -funroll-loops
FAIL: gcc.c-torture/execute/loop-7.c execution, -O3 -fomit-frame-pointer -funroll-all-loops -finline-functions
FAIL: gcc.c-torture/execute/loop-7.c execution, -O3 -g
FAIL: gcc.c-torture/execute/loop-7.c execution, -Os
FAIL: gcc.dg/20000503-1.c (test for excess errors)
FAIL: gcc.dg/20000724-1.c execution test
FAIL: gcc.dg/20001117-1.c (test for excess errors)
FAIL: gcc.dg/sequence-pt-1.c sequence point warning (test for warnings, line 59)
FAIL: gcc.misc-tests/mg.c
=== gcc Summary ===
# of expected passes 13117
# of unexpected failures 25
# of expected failures 77
# of unsupported tests 21
/disk2/cvs/egcs-curr/build/build.lnx/gcc/xgcc version 2.97 20001201 (experimental)
=== g++ tests ===
Running target unix
FAIL: g++.ext/instantiate1.C not instantiated (test for errors, line 18)
FAIL: g++.ext/instantiate1.C not instantiated (test for errors, line 20)
FAIL: g++.law/weak.C (test for excess errors)
FAIL: g++.other/loop2.C caused compiler crash
FAIL: g++.robertl/eb130.C (test for excess errors)
FAIL: g++.roberERROR: tcl error sourcing /disk2/cvs/egcs-curr/build/gcc/gcc/testsuite/g++.old-deja/old-deja.exp.
=== g++ Summary ===
# of expected passes 5967
# of unexpected failures 38
# of expected failures 115
# of untested testcases 8
/disk2/cvs/egcs-curr/build/build.lnx/gcc/testsuite/../g++ version 2.97 20001201 (experimental)
Compiler version: 2.97 20001201 (experimental)
Platform: i586-pc-linux-gnu
configure flags: --host=i586-pc-linux-gnu --enable-shared --verbose --with-new-abi --enable-libstdcxx-v3 --enable-threads=posix
More information about the Gcc-testresults
mailing list