Results for 2.97 20001127 (experimental) testsuite on i686-pc-linux-gnu
Alexandre Oliva
aoliva@barnabe.lsd.ic.unicamp.br
Fri Dec 1 13:23:00 GMT 2000
Native configuration is i686-pc-linux-gnu
=== binutils tests ===
Running target unix
FAIL: strip
=== binutils Summary ===
# of expected passes 25
# of unexpected failures 1
=== g77 tests ===
Running target unix
XPASS: g77.f-torture/execute/20001111.f execution, -O0
FAIL: g77.f-torture/execute/short.f execution, -Os
=== g77 Summary ===
# of expected passes 868
# of unexpected failures 1
# of unexpected successes 1
# of expected failures 7
=== gas tests ===
Running target unix
=== gas Summary ===
# of expected passes 78
=== gcc tests ===
Running target unix
FAIL: gcc.c-torture/compile/20001116-1.c, -O0
FAIL: gcc.c-torture/compile/20001116-1.c, -O1
FAIL: gcc.c-torture/compile/20001116-1.c, -O2
FAIL: gcc.c-torture/compile/20001116-1.c, -O3 -fomit-frame-pointer
FAIL: gcc.c-torture/compile/20001116-1.c, -O3 -g
FAIL: gcc.c-torture/compile/20001116-1.c, -Os
FAIL: gcc.c-torture/execute/20001009-1.c execution, -O1
FAIL: gcc.c-torture/execute/20001009-1.c execution, -O2
FAIL: gcc.c-torture/execute/20001009-1.c execution, -O3 -fomit-frame-pointer
FAIL: gcc.c-torture/execute/20001009-1.c execution, -O3 -g
FAIL: gcc.c-torture/execute/20001009-1.c execution, -Os
FAIL: gcc.c-torture/execute/960608-1.c execution, -O3 -fomit-frame-pointer
FAIL: gcc.c-torture/execute/960608-1.c execution, -O3 -g
FAIL: gcc.c-torture/execute/loop-2b.c execution, -O2
FAIL: gcc.c-torture/execute/loop-7.c execution, -O2
FAIL: gcc.c-torture/execute/loop-7.c execution, -O3 -fomit-frame-pointer
FAIL: gcc.c-torture/execute/loop-7.c execution, -O3 -fomit-frame-pointer -funroll-loops
FAIL: gcc.c-torture/execute/loop-7.c execution, -O3 -fomit-frame-pointer -funroll-all-loops -finline-functions
FAIL: gcc.c-torture/execute/loop-7.c execution, -O3 -g
FAIL: gcc.c-torture/execute/loop-7.c execution, -Os
FAIL: gcc.c-torture/execute/loop-8.c execution, -O1
FAIL: gcc.c-torture/execute/loop-8.c execution, -O2
FAIL: gcc.c-torture/execute/loop-8.c execution, -Os
FAIL: gcc.dg/20000503-1.c (test for excess errors)
FAIL: gcc.dg/20000724-1.c execution test
FAIL: gcc.dg/20001117-1.c (test for excess errors)
FAIL: gcc.dg/20001127-1.c (test for excess errors)
FAIL: gcc.dg/c99-array-nonobj-1.c (test for excess errors)
FAIL: gcc.dg/sequence-pt-1.c sequence point warning (test for warnings, line 59)
=== gcc Summary ===
# of expected passes 13063
# of unexpected failures 29
# of expected failures 81
# of unsupported tests 21
/l/tmp/egcs/gcc/xgcc version 2.97 20001127 (experimental)
=== g++ tests ===
Running target unix
FAIL: g++.ext/instantiate1.C not instantiated (test for errors, line 18)
FAIL: g++.ext/instantiate1.C not instantiated (test for errors, line 20)
FAIL: g++.other/base1.C cv qualified (test for errors, line 19)
FAIL: g++.other/friend9.C in this context (test for errors, line 15)
FAIL: g++.other/friend9.C (test for excess errors)
FAIL: g++.other/loop2.C caused compiler crash
FAIL: g++.other/parse2.C caused compiler crash
FAIL: g++.pt/incomplete1.C caused compiler crash
=== g++ Summary ===
# of expected passes 6117
# of unexpected failures 8
# of expected failures 101
# of untested testcases 9
/l/tmp/egcs/gcc/testsuite/../g++ version 2.97 20001127 (experimental)
=== ld tests ===
Running target unix
FAIL: cdtest
FAIL: cdtest with -Ur
FAIL: S-records with constructors
=== ld Summary ===
# of expected passes 96
# of unexpected failures 3
# of expected failures 1
=== objc tests ===
Running target unix
FAIL: objc/execute/fdecl.m compilation, -O
FAIL: objc/execute/np-1.m compilation, -O
FAIL: objc/execute/np-2.m compilation, -O
=== objc Summary ===
# of expected passes 46
# of unexpected failures 3
# of untested testcases 3
/l/tmp/egcs/gcc/xgcc version 2.97 20001127 (experimental)
Compiler version: 2.97 20001127 (experimental)
Platform: i686-pc-linux-gnu
BOOT_CFLAGS: -g -O9 -W -Wall
Counting all warnings,
there are 279 warnings in stage3 of this bootstrap.
Number of warnings per file:
41 genrtl.c
28 /l/home/barnabe/aoliva/src/egcs/gcc/combine.c
17 /l/home/barnabe/aoliva/src/egcs/gcc/real.c
17 /l/home/barnabe/aoliva/src/egcs/gcc/expr.c
13 /l/home/barnabe/aoliva/src/egcs/gcc/config/i386/i386.c
12 /l/home/barnabe/aoliva/src/egcs/gcc/reg-stack.c
12 /l/home/barnabe/aoliva/src/egcs/gcc/objc/objc-act.c
10 /l/home/barnabe/aoliva/src/egcs/gcc/reload1.c
8 /l/home/barnabe/aoliva/src/egcs/gcc/genrecog.c
7 /l/home/barnabe/aoliva/src/egcs/gcc/reload.c
6 /l/home/barnabe/aoliva/src/egcs/gcc/haifa-sched.c
6 /l/home/barnabe/aoliva/src/egcs/gcc/gcc.c
6 /l/home/barnabe/aoliva/src/egcs/gcc/fold-const.c
6 /l/home/barnabe/aoliva/src/egcs/gcc/cse.c
5 /l/home/barnabe/aoliva/src/egcs/gcc/loop.c
5 /l/home/barnabe/aoliva/src/egcs/gcc/flow.c
5 /l/home/barnabe/aoliva/src/egcs/gcc/cp/error.c
5 /l/home/barnabe/aoliva/src/egcs/gcc/c-common.c
4 /l/home/barnabe/aoliva/src/egcs/gcc/java/lex.c
4 /l/home/barnabe/aoliva/src/egcs/gcc/genoutput.c
4 /l/home/barnabe/aoliva/src/egcs/gcc/dependence.c
3 /l/home/barnabe/aoliva/src/egcs/gcc/tree.c
3 /l/home/barnabe/aoliva/src/egcs/gcc/regclass.c
3 /l/home/barnabe/aoliva/src/egcs/gcc/gcov.c
3 /l/home/barnabe/aoliva/src/egcs/gcc/dwarf2out.c
3 cxxmain.c
2 /l/home/barnabe/aoliva/src/egcs/gcc/varasm.c
2 /l/home/barnabe/aoliva/src/egcs/gcc/libgcc2.c
2 /l/home/barnabe/aoliva/src/egcs/gcc/java/jvspec.c
2 /l/home/barnabe/aoliva/src/egcs/gcc/global.c
2 /l/home/barnabe/aoliva/src/egcs/gcc/function.c
2 /l/home/barnabe/aoliva/src/egcs/gcc/diagnostic.c
2 /l/home/barnabe/aoliva/src/egcs/gcc/c-lex.c
2 /l/home/barnabe/aoliva/src/egcs/gcc/alias.c
2 insn-extract.c
2 hashtab.c
1 /l/home/barnabe/aoliva/src/egcs/gcc/tradcpp.c
1 /l/home/barnabe/aoliva/src/egcs/gcc/timevar.c
1 /l/home/barnabe/aoliva/src/egcs/gcc/ssa.c
1 /l/home/barnabe/aoliva/src/egcs/gcc/simplify-rtx.c
1 /l/home/barnabe/aoliva/src/egcs/gcc/rtl.c
1 /l/home/barnabe/aoliva/src/egcs/gcc/recog.c
1 /l/home/barnabe/aoliva/src/egcs/gcc/print-tree.c
1 /l/home/barnabe/aoliva/src/egcs/gcc/objc/lang-specs.h
1 /l/home/barnabe/aoliva/src/egcs/gcc/mkdeps.c
1 /l/home/barnabe/aoliva/src/egcs/gcc/ggc-page.c
1 /l/home/barnabe/aoliva/src/egcs/gcc/genextract.c
1 /l/home/barnabe/aoliva/src/egcs/gcc/gcse.c
1 /l/home/barnabe/aoliva/src/egcs/gcc/f/lang-specs.h
1 /l/home/barnabe/aoliva/src/egcs/gcc/final.c
1 /l/home/barnabe/aoliva/src/egcs/gcc/expmed.c
1 /l/home/barnabe/aoliva/src/egcs/gcc/emit-rtl.c
1 /l/home/barnabe/aoliva/src/egcs/gcc/dwarfout.c
1 /l/home/barnabe/aoliva/src/egcs/gcc/cppmain.c
1 /l/home/barnabe/aoliva/src/egcs/gcc/cpplib.c
1 /l/home/barnabe/aoliva/src/egcs/gcc/cppinit.c
1 /l/home/barnabe/aoliva/src/egcs/gcc/cp/lang-specs.h
1 /l/home/barnabe/aoliva/src/egcs/gcc/cp/errfn.c
1 /l/home/barnabe/aoliva/src/egcs/gcc/collect2.c
Number of warning types:
156 value computed is not used
78 comparison between signed and unsigned
9 `???' might be used uninitialized in this function
7 string length `???' is greater than the minimum length `???' ISO C89 is required to support
6 signed and unsigned type in conditional expression
5 initialization from incompatible pointer type
4 unused variable `???'
4 passing arg ??? of `???' from incompatible pointer type
3 function declaration isn't a prototype
1 pointer targets in passing arg ??? of `???' differ in signedness
1 passing arg ??? of `???' discards qualifiers from pointer target type
1 no previous prototype for `???'
1 label `???' defined but not used
1 integer constant is unsigned in ISO C, signed with -traditional
1 function-like macro `strcmp' must be used with arguments in traditional C
1 decimal constant is so large that it is unsigned
More information about the Gcc-testresults
mailing list