Results for 2.96 20000830 (experimental) testsuite on sparc-sun-solaris2.7
Kaveh R. Ghazi
ghazi@caip.rutgers.edu
Thu Aug 31 08:54:00 GMT 2000
Native configuration is sparc-sun-solaris2.7
=== libio tests ===
Running target unix/-fPIC
=== libio Summary for unix/-fPIC ===
# of expected passes 40
Running target unix/-fpic
=== libio Summary for unix/-fpic ===
# of expected passes 40
Running target unix
=== libio Summary for unix ===
# of expected passes 40
=== libio Summary ===
# of expected passes 120
=== libstdc++ tests ===
Running target unix/-fPIC
=== libstdc++ Summary for unix/-fPIC ===
# of expected passes 30
Running target unix/-fpic
=== libstdc++ Summary for unix/-fpic ===
# of expected passes 30
Running target unix
=== libstdc++ Summary for unix ===
# of expected passes 30
=== libstdc++ Summary ===
# of expected passes 90
=== gcc tests ===
Running target unix/-fPIC
FAIL: gcc.c-torture/compile/20000606-1.c, -O0
FAIL: gcc.c-torture/compile/20000606-1.c, -O1
FAIL: gcc.c-torture/compile/20000606-1.c, -O2
FAIL: gcc.c-torture/compile/20000606-1.c, -O3 -fomit-frame-pointer
FAIL: gcc.c-torture/compile/20000606-1.c, -O3 -g
FAIL: gcc.c-torture/compile/20000606-1.c, -O3 -fssa
FAIL: gcc.c-torture/compile/20000606-1.c, -Os
FAIL: gcc.c-torture/execute/20000225-1.c execution, -O2
FAIL: gcc.c-torture/execute/20000225-1.c execution, -O3 -fomit-frame-pointer
FAIL: gcc.c-torture/execute/20000225-1.c execution, -O3 -fomit-frame-pointer -funroll-loops
FAIL: gcc.c-torture/execute/20000225-1.c execution, -O3 -fomit-frame-pointer -funroll-all-loops -finline-functions
FAIL: gcc.c-torture/execute/20000225-1.c execution, -O3 -g
FAIL: gcc.c-torture/execute/20000225-1.c execution, -O3 -fssa
FAIL: gcc.c-torture/execute/20000225-1.c execution, -Os
FAIL: gcc.c-torture/execute/20000731-2.c execution, -O3 -fomit-frame-pointer -funroll-all-loops -finline-functions
FAIL: gcc.c-torture/execute/20000801-1.c execution, -O2
FAIL: gcc.c-torture/execute/20000801-1.c execution, -O3 -fomit-frame-pointer
FAIL: gcc.c-torture/execute/20000801-1.c execution, -O3 -fomit-frame-pointer -funroll-loops
FAIL: gcc.c-torture/execute/20000801-1.c execution, -O3 -fomit-frame-pointer -funroll-all-loops -finline-functions
FAIL: gcc.c-torture/execute/20000801-1.c execution, -O3 -g
FAIL: gcc.c-torture/execute/20000801-1.c execution, -Os
FAIL: gcc.c-torture/execute/20000801-2.c execution, -O3 -fomit-frame-pointer -funroll-all-loops -finline-functions
FAIL: gcc.c-torture/execute/930622-2.c execution, -O3 -fomit-frame-pointer
FAIL: gcc.c-torture/execute/930622-2.c execution, -O3 -g
FAIL: gcc.c-torture/execute/930622-2.c execution, -O3 -fssa
FAIL: gcc.c-torture/execute/va-arg-12.c execution, -O1
FAIL: gcc.c-torture/execute/va-arg-12.c execution, -O2
FAIL: gcc.c-torture/execute/va-arg-12.c execution, -O3 -fomit-frame-pointer
FAIL: gcc.c-torture/execute/va-arg-12.c execution, -O3 -g
FAIL: gcc.c-torture/execute/va-arg-12.c execution, -O3 -fssa
FAIL: gcc.c-torture/execute/va-arg-12.c execution, -Os
FAIL: gcc.c-torture/execute/va-arg-15.c execution, -O1
FAIL: gcc.c-torture/execute/va-arg-15.c execution, -O2
FAIL: gcc.c-torture/execute/va-arg-15.c execution, -O3 -fomit-frame-pointer
FAIL: gcc.c-torture/execute/va-arg-15.c execution, -O3 -fomit-frame-pointer -funroll-loops
FAIL: gcc.c-torture/execute/va-arg-15.c execution, -O3 -fomit-frame-pointer -funroll-all-loops -finline-functions
FAIL: gcc.c-torture/execute/va-arg-15.c execution, -O3 -g
FAIL: gcc.c-torture/execute/va-arg-15.c execution, -O3 -fssa
FAIL: gcc.c-torture/execute/va-arg-15.c execution, -Os
FAIL: gcc.c-torture/execute/va-arg-16.c execution, -O1
FAIL: gcc.c-torture/execute/va-arg-16.c execution, -O2
FAIL: gcc.c-torture/execute/va-arg-16.c execution, -O3 -fomit-frame-pointer
FAIL: gcc.c-torture/execute/va-arg-16.c execution, -O3 -g
FAIL: gcc.c-torture/execute/va-arg-16.c execution, -O3 -fssa
FAIL: gcc.c-torture/execute/va-arg-16.c execution, -Os
FAIL: gcc.c-torture/execute/va-arg-20.c execution, -O1
FAIL: gcc.c-torture/execute/va-arg-20.c execution, -O2
FAIL: gcc.c-torture/execute/va-arg-20.c execution, -Os
FAIL: gcc.c-torture/execute/ieee/minuszero.c execution, -O1
FAIL: gcc.c-torture/execute/ieee/minuszero.c execution, -O2
FAIL: gcc.c-torture/execute/ieee/minuszero.c execution, -O3 -fomit-frame-pointer
FAIL: gcc.c-torture/execute/ieee/minuszero.c execution, -O3 -fomit-frame-pointer -funroll-loops
FAIL: gcc.c-torture/execute/ieee/minuszero.c execution, -O3 -fomit-frame-pointer -funroll-all-loops -finline-functions
FAIL: gcc.c-torture/execute/ieee/minuszero.c execution, -O3 -g
FAIL: gcc.c-torture/execute/ieee/minuszero.c execution, -O3 -fssa
FAIL: gcc.c-torture/execute/ieee/minuszero.c execution, -Os
FAIL: gcc.c-torture/execute/ieee/rbug.c execution, -O3 -fomit-frame-pointer
FAIL: gcc.c-torture/execute/ieee/rbug.c execution, -O3 -g
FAIL: gcc.c-torture/execute/ieee/rbug.c execution, -O3 -fssa
FAIL: gcc.dg/cpp/if-2.c wide charconst recognition (test for bogus messages, line 9)
XPASS: gcc.dg/c99-array-nonobj-1.c func [] var (test for errors, line 23)
FAIL: gcc.dg/c99-array-nonobj-1.c (test for excess errors)
FAIL: gcc.dg/format-va-1.c wrong type in format warning (test for bogus messages, line 11)
FAIL: gcc.dg/format-va-1.c format error (test for warnings, line 11)
FAIL: gcc.dg/noreturn-1.c this function should not get any warnings (test for bogus messages, line 52)
FAIL: gcc.dg/noreturn-1.c detect return from tail call (test for warnings, line 59)
FAIL: gcc.dg/noreturn-2.c noreturn does return (test for bogus messages, line 12)
FAIL: gcc.dg/return-type-2.c warning for falling off end of non-void function (test for bogus messages, line 24)
FAIL: gcc.dg/return-type-2.c warning for falling off end of non-void function (test for bogus messages, line 42)
FAIL: gcc.misc-tests/gcov-1.c (test for excess errors)
FAIL: gcc.misc-tests/gcov-1.c execution test
FAIL: gcov-1.c:1:is 4:should be 11
FAIL: gcov-1.c:1:is 5:should be 10
FAIL: gcov-1.c:1:is 7:should be 1
FAIL: gcc.misc-tests/gcov-2.c (test for excess errors) (PRMS 8294)
FAIL: gcc.misc-tests/gcov-2.c execution test (PRMS 8294)
=== gcc Summary for unix/-fPIC ===
# of expected passes 13732
# of unexpected failures 75
# of unexpected successes 1
# of expected failures 71
# of unresolved testcases 3
# of unsupported tests 43
Running target unix/-fpic
FAIL: gcc.c-torture/compile/20000606-1.c, -O0
FAIL: gcc.c-torture/compile/20000606-1.c, -O1
FAIL: gcc.c-torture/compile/20000606-1.c, -O2
FAIL: gcc.c-torture/compile/20000606-1.c, -O3 -fomit-frame-pointer
FAIL: gcc.c-torture/compile/20000606-1.c, -O3 -g
FAIL: gcc.c-torture/compile/20000606-1.c, -O3 -fssa
FAIL: gcc.c-torture/compile/20000606-1.c, -Os
FAIL: gcc.c-torture/execute/20000225-1.c execution, -O2
FAIL: gcc.c-torture/execute/20000225-1.c execution, -O3 -fomit-frame-pointer
FAIL: gcc.c-torture/execute/20000225-1.c execution, -O3 -fomit-frame-pointer -funroll-loops
FAIL: gcc.c-torture/execute/20000225-1.c execution, -O3 -fomit-frame-pointer -funroll-all-loops -finline-functions
FAIL: gcc.c-torture/execute/20000225-1.c execution, -O3 -g
FAIL: gcc.c-torture/execute/20000225-1.c execution, -O3 -fssa
FAIL: gcc.c-torture/execute/20000225-1.c execution, -Os
FAIL: gcc.c-torture/execute/20000731-2.c execution, -O3 -fomit-frame-pointer -funroll-all-loops -finline-functions
FAIL: gcc.c-torture/execute/20000801-1.c execution, -O2
FAIL: gcc.c-torture/execute/20000801-1.c execution, -O3 -fomit-frame-pointer
FAIL: gcc.c-torture/execute/20000801-1.c execution, -O3 -fomit-frame-pointer -funroll-loops
FAIL: gcc.c-torture/execute/20000801-1.c execution, -O3 -fomit-frame-pointer -funroll-all-loops -finline-functions
FAIL: gcc.c-torture/execute/20000801-1.c execution, -O3 -g
FAIL: gcc.c-torture/execute/20000801-1.c execution, -Os
FAIL: gcc.c-torture/execute/20000801-2.c execution, -O3 -fomit-frame-pointer -funroll-all-loops -finline-functions
FAIL: gcc.c-torture/execute/930622-2.c execution, -O3 -fomit-frame-pointer
FAIL: gcc.c-torture/execute/930622-2.c execution, -O3 -g
FAIL: gcc.c-torture/execute/930622-2.c execution, -O3 -fssa
FAIL: gcc.c-torture/execute/va-arg-12.c execution, -O1
FAIL: gcc.c-torture/execute/va-arg-12.c execution, -O2
FAIL: gcc.c-torture/execute/va-arg-12.c execution, -O3 -fomit-frame-pointer
FAIL: gcc.c-torture/execute/va-arg-12.c execution, -O3 -g
FAIL: gcc.c-torture/execute/va-arg-12.c execution, -O3 -fssa
FAIL: gcc.c-torture/execute/va-arg-12.c execution, -Os
FAIL: gcc.c-torture/execute/va-arg-15.c execution, -O1
FAIL: gcc.c-torture/execute/va-arg-15.c execution, -O2
FAIL: gcc.c-torture/execute/va-arg-15.c execution, -O3 -fomit-frame-pointer
FAIL: gcc.c-torture/execute/va-arg-15.c execution, -O3 -fomit-frame-pointer -funroll-loops
FAIL: gcc.c-torture/execute/va-arg-15.c execution, -O3 -fomit-frame-pointer -funroll-all-loops -finline-functions
FAIL: gcc.c-torture/execute/va-arg-15.c execution, -O3 -g
FAIL: gcc.c-torture/execute/va-arg-15.c execution, -O3 -fssa
FAIL: gcc.c-torture/execute/va-arg-15.c execution, -Os
FAIL: gcc.c-torture/execute/va-arg-16.c execution, -O1
FAIL: gcc.c-torture/execute/va-arg-16.c execution, -O2
FAIL: gcc.c-torture/execute/va-arg-16.c execution, -O3 -fomit-frame-pointer
FAIL: gcc.c-torture/execute/va-arg-16.c execution, -O3 -g
FAIL: gcc.c-torture/execute/va-arg-16.c execution, -O3 -fssa
FAIL: gcc.c-torture/execute/va-arg-16.c execution, -Os
FAIL: gcc.c-torture/execute/va-arg-20.c execution, -O1
FAIL: gcc.c-torture/execute/va-arg-20.c execution, -O2
FAIL: gcc.c-torture/execute/va-arg-20.c execution, -Os
FAIL: gcc.c-torture/execute/ieee/minuszero.c execution, -O1
FAIL: gcc.c-torture/execute/ieee/minuszero.c execution, -O2
FAIL: gcc.c-torture/execute/ieee/minuszero.c execution, -O3 -fomit-frame-pointer
FAIL: gcc.c-torture/execute/ieee/minuszero.c execution, -O3 -fomit-frame-pointer -funroll-loops
FAIL: gcc.c-torture/execute/ieee/minuszero.c execution, -O3 -fomit-frame-pointer -funroll-all-loops -finline-functions
FAIL: gcc.c-torture/execute/ieee/minuszero.c execution, -O3 -g
FAIL: gcc.c-torture/execute/ieee/minuszero.c execution, -O3 -fssa
FAIL: gcc.c-torture/execute/ieee/minuszero.c execution, -Os
FAIL: gcc.c-torture/execute/ieee/rbug.c execution, -O3 -fomit-frame-pointer
FAIL: gcc.c-torture/execute/ieee/rbug.c execution, -O3 -g
FAIL: gcc.c-torture/execute/ieee/rbug.c execution, -O3 -fssa
FAIL: gcc.dg/cpp/if-2.c wide charconst recognition (test for bogus messages, line 9)
XPASS: gcc.dg/c99-array-nonobj-1.c func [] var (test for errors, line 23)
FAIL: gcc.dg/c99-array-nonobj-1.c (test for excess errors)
FAIL: gcc.dg/format-va-1.c wrong type in format warning (test for bogus messages, line 11)
FAIL: gcc.dg/format-va-1.c format error (test for warnings, line 11)
FAIL: gcc.dg/noreturn-1.c this function should not get any warnings (test for bogus messages, line 52)
FAIL: gcc.dg/noreturn-1.c detect return from tail call (test for warnings, line 59)
FAIL: gcc.dg/noreturn-2.c noreturn does return (test for bogus messages, line 12)
FAIL: gcc.dg/return-type-2.c warning for falling off end of non-void function (test for bogus messages, line 24)
FAIL: gcc.dg/return-type-2.c warning for falling off end of non-void function (test for bogus messages, line 42)
FAIL: gcc.misc-tests/gcov-1.c (test for excess errors)
FAIL: gcc.misc-tests/gcov-1.c execution test
FAIL: gcov-1.c:1:is 4:should be 11
FAIL: gcov-1.c:1:is 5:should be 10
FAIL: gcov-1.c:1:is 7:should be 1
FAIL: gcc.misc-tests/gcov-2.c (test for excess errors) (PRMS 8294)
FAIL: gcc.misc-tests/gcov-2.c execution test (PRMS 8294)
=== gcc Summary for unix/-fpic ===
# of expected passes 13732
# of unexpected failures 75
# of unexpected successes 1
# of expected failures 71
# of unresolved testcases 3
# of unsupported tests 43
Running target unix
FAIL: gcc.c-torture/compile/20000606-1.c, -O0
FAIL: gcc.c-torture/compile/20000606-1.c, -O1
FAIL: gcc.c-torture/compile/20000606-1.c, -O2
FAIL: gcc.c-torture/compile/20000606-1.c, -O3 -fomit-frame-pointer
FAIL: gcc.c-torture/compile/20000606-1.c, -O3 -g
FAIL: gcc.c-torture/compile/20000606-1.c, -O3 -fssa
FAIL: gcc.c-torture/compile/20000606-1.c, -Os
FAIL: gcc.c-torture/execute/20000225-1.c execution, -O2
FAIL: gcc.c-torture/execute/20000225-1.c execution, -O3 -fomit-frame-pointer
FAIL: gcc.c-torture/execute/20000225-1.c execution, -O3 -fomit-frame-pointer -funroll-loops
FAIL: gcc.c-torture/execute/20000225-1.c execution, -O3 -fomit-frame-pointer -funroll-all-loops -finline-functions
FAIL: gcc.c-torture/execute/20000225-1.c execution, -O3 -g
FAIL: gcc.c-torture/execute/20000225-1.c execution, -O3 -fssa
FAIL: gcc.c-torture/execute/20000225-1.c execution, -Os
FAIL: gcc.c-torture/execute/20000731-2.c execution, -O3 -fomit-frame-pointer -funroll-all-loops -finline-functions
FAIL: gcc.c-torture/execute/20000801-1.c execution, -O2
FAIL: gcc.c-torture/execute/20000801-1.c execution, -O3 -fomit-frame-pointer
FAIL: gcc.c-torture/execute/20000801-1.c execution, -O3 -fomit-frame-pointer -funroll-loops
FAIL: gcc.c-torture/execute/20000801-1.c execution, -O3 -fomit-frame-pointer -funroll-all-loops -finline-functions
FAIL: gcc.c-torture/execute/20000801-1.c execution, -O3 -g
FAIL: gcc.c-torture/execute/20000801-1.c execution, -Os
FAIL: gcc.c-torture/execute/20000801-2.c execution, -O3 -fomit-frame-pointer -funroll-all-loops -finline-functions
FAIL: gcc.c-torture/execute/va-arg-12.c execution, -O1
FAIL: gcc.c-torture/execute/va-arg-12.c execution, -O2
FAIL: gcc.c-torture/execute/va-arg-12.c execution, -O3 -fomit-frame-pointer
FAIL: gcc.c-torture/execute/va-arg-12.c execution, -O3 -g
FAIL: gcc.c-torture/execute/va-arg-12.c execution, -O3 -fssa
FAIL: gcc.c-torture/execute/va-arg-12.c execution, -Os
FAIL: gcc.c-torture/execute/va-arg-15.c execution, -O1
FAIL: gcc.c-torture/execute/va-arg-15.c execution, -O2
FAIL: gcc.c-torture/execute/va-arg-15.c execution, -O3 -fomit-frame-pointer
FAIL: gcc.c-torture/execute/va-arg-15.c execution, -O3 -fomit-frame-pointer -funroll-loops
FAIL: gcc.c-torture/execute/va-arg-15.c execution, -O3 -fomit-frame-pointer -funroll-all-loops -finline-functions
FAIL: gcc.c-torture/execute/va-arg-15.c execution, -O3 -g
FAIL: gcc.c-torture/execute/va-arg-15.c execution, -O3 -fssa
FAIL: gcc.c-torture/execute/va-arg-15.c execution, -Os
FAIL: gcc.c-torture/execute/va-arg-16.c execution, -O1
FAIL: gcc.c-torture/execute/va-arg-16.c execution, -O2
FAIL: gcc.c-torture/execute/va-arg-16.c execution, -O3 -fomit-frame-pointer
FAIL: gcc.c-torture/execute/va-arg-16.c execution, -O3 -g
FAIL: gcc.c-torture/execute/va-arg-16.c execution, -O3 -fssa
FAIL: gcc.c-torture/execute/va-arg-16.c execution, -Os
FAIL: gcc.c-torture/execute/va-arg-20.c execution, -O1
FAIL: gcc.c-torture/execute/va-arg-20.c execution, -O2
FAIL: gcc.c-torture/execute/va-arg-20.c execution, -Os
FAIL: gcc.dg/cpp/if-2.c wide charconst recognition (test for bogus messages, line 9)
XPASS: gcc.dg/c99-array-nonobj-1.c func [] var (test for errors, line 23)
FAIL: gcc.dg/c99-array-nonobj-1.c (test for excess errors)
FAIL: gcc.dg/format-va-1.c wrong type in format warning (test for bogus messages, line 11)
FAIL: gcc.dg/format-va-1.c format error (test for warnings, line 11)
FAIL: gcc.dg/noreturn-1.c this function should not get any warnings (test for bogus messages, line 52)
FAIL: gcc.dg/noreturn-1.c detect return from tail call (test for warnings, line 59)
FAIL: gcc.dg/noreturn-2.c noreturn does return (test for bogus messages, line 12)
FAIL: gcc.dg/return-type-2.c warning for falling off end of non-void function (test for bogus messages, line 24)
FAIL: gcc.dg/return-type-2.c warning for falling off end of non-void function (test for bogus messages, line 42)
=== gcc Summary for unix ===
# of expected passes 13751
# of unexpected failures 54
# of unexpected successes 1
# of expected failures 71
# of unresolved testcases 3
# of unsupported tests 43
=== gcc Summary ===
# of expected passes 41215
# of unexpected failures 204
# of unexpected successes 3
# of expected failures 213
# of unresolved testcases 9
# of unsupported tests 129
/teal/caip5/ghazi/gcc-testing/build/gcc/xgcc version 2.96 20000830 (experimental)
=== g++ tests ===
Running target unix/-fPIC
FAIL: g++.dg/special/conpr-1.C execution test
FAIL: g++.dg/special/conpr-2.C execution test
FAIL: g++.dg/special/conpr-3.C execution test
FAIL: g++.dg/special/conpr-3.C execution test
FAIL: g++.ext/initp1.C Execution test
FAIL: g++.ext/instantiate1.C not instantiated (test for errors, line 18)
FAIL: g++.ext/instantiate1.C not instantiated (test for errors, line 20)
FAIL: g++.ext/instantiate2.C not instantiated (test for errors, line 16)
FAIL: g++.ext/instantiate3.C not instantiated (test for errors, line 13)
FAIL: g++.law/profile1.C (test for excess errors)
FAIL: g++.law/profile1.C Execution test
FAIL: g++.other/crash18.C (test for excess errors)
FAIL: g++.other/loop2.C caused compiler crash
FAIL: g++.robertl/eb83.C (test for excess errors)
FAIL: g++.robertl/eb83.C Execution test
=== g++ Summary for unix/-fPIC ===
# of expected passes 5968
# of unexpected failures 15
# of expected failures 94
# of untested testcases 16
Running target unix/-fpic
FAIL: g++.dg/special/conpr-1.C execution test
FAIL: g++.dg/special/conpr-2.C execution test
FAIL: g++.dg/special/conpr-3.C execution test
FAIL: g++.dg/special/conpr-3.C execution test
FAIL: g++.ext/initp1.C Execution test
FAIL: g++.ext/instantiate1.C not instantiated (test for errors, line 18)
FAIL: g++.ext/instantiate1.C not instantiated (test for errors, line 20)
FAIL: g++.ext/instantiate2.C not instantiated (test for errors, line 16)
FAIL: g++.ext/instantiate3.C not instantiated (test for errors, line 13)
FAIL: g++.law/profile1.C (test for excess errors)
FAIL: g++.law/profile1.C Execution test
FAIL: g++.other/crash18.C (test for excess errors)
FAIL: g++.other/loop2.C caused compiler crash
FAIL: g++.robertl/eb83.C (test for excess errors)
FAIL: g++.robertl/eb83.C Execution test
=== g++ Summary for unix/-fpic ===
# of expected passes 5968
# of unexpected failures 15
# of expected failures 94
# of untested testcases 16
Running target unix
FAIL: g++.dg/special/conpr-1.C execution test
FAIL: g++.dg/special/conpr-2.C execution test
FAIL: g++.dg/special/conpr-3.C execution test
FAIL: g++.dg/special/conpr-3.C execution test
FAIL: g++.ext/initp1.C Execution test
FAIL: g++.ext/instantiate1.C not instantiated (test for errors, line 18)
FAIL: g++.ext/instantiate1.C not instantiated (test for errors, line 20)
FAIL: g++.ext/instantiate2.C not instantiated (test for errors, line 16)
FAIL: g++.ext/instantiate3.C not instantiated (test for errors, line 13)
FAIL: g++.other/crash18.C (test for excess errors)
FAIL: g++.other/loop2.C caused compiler crash
=== g++ Summary for unix ===
# of expected passes 5972
# of unexpected failures 11
# of expected failures 94
# of untested testcases 16
=== g++ Summary ===
# of expected passes 17908
# of unexpected failures 41
# of expected failures 282
# of untested testcases 48
/teal/caip5/ghazi/gcc-testing/build/gcc/testsuite/../g++ version 2.96 20000830 (experimental)
=== g77 tests ===
Running target unix/-fPIC
=== g77 Summary for unix/-fPIC ===
# of expected passes 983
Running target unix/-fpic
=== g77 Summary for unix/-fpic ===
# of expected passes 983
Running target unix
=== g77 Summary for unix ===
# of expected passes 983
=== g77 Summary ===
# of expected passes 2949
=== objc tests ===
Running target unix/-fPIC
FAIL: objc/execute/bf-1.m compilation, -O
FAIL: objc/execute/bf-10.m compilation, -O
FAIL: objc/execute/bf-11.m compilation, -O
FAIL: objc/execute/bf-12.m compilation, -O
FAIL: objc/execute/bf-13.m compilation, -O
FAIL: objc/execute/bf-14.m compilation, -O
FAIL: objc/execute/bf-15.m compilation, -O
FAIL: objc/execute/bf-16.m compilation, -O
FAIL: objc/execute/bf-17.m compilation, -O
FAIL: objc/execute/bf-18.m compilation, -O
FAIL: objc/execute/bf-19.m compilation, -O
FAIL: objc/execute/bf-2.m compilation, -O
FAIL: objc/execute/bf-20.m compilation, -O
FAIL: objc/execute/bf-3.m compilation, -O
FAIL: objc/execute/bf-4.m compilation, -O
FAIL: objc/execute/bf-5.m compilation, -O
FAIL: objc/execute/bf-6.m compilation, -O
FAIL: objc/execute/bf-7.m compilation, -O
FAIL: objc/execute/bf-8.m compilation, -O
FAIL: objc/execute/bf-9.m compilation, -O
FAIL: objc/execute/string1.m compilation, -O
FAIL: objc/execute/string2.m compilation, -O
=== objc Summary for unix/-fPIC ===
# of unexpected failures 22
# of untested testcases 22
Running target unix/-fpic
FAIL: objc/execute/bf-1.m compilation, -O
FAIL: objc/execute/bf-10.m compilation, -O
FAIL: objc/execute/bf-11.m compilation, -O
FAIL: objc/execute/bf-12.m compilation, -O
FAIL: objc/execute/bf-13.m compilation, -O
FAIL: objc/execute/bf-14.m compilation, -O
FAIL: objc/execute/bf-15.m compilation, -O
FAIL: objc/execute/bf-16.m compilation, -O
FAIL: objc/execute/bf-17.m compilation, -O
FAIL: objc/execute/bf-18.m compilation, -O
FAIL: objc/execute/bf-19.m compilation, -O
FAIL: objc/execute/bf-2.m compilation, -O
FAIL: objc/execute/bf-20.m compilation, -O
FAIL: objc/execute/bf-3.m compilation, -O
FAIL: objc/execute/bf-4.m compilation, -O
FAIL: objc/execute/bf-5.m compilation, -O
FAIL: objc/execute/bf-6.m compilation, -O
FAIL: objc/execute/bf-7.m compilation, -O
FAIL: objc/execute/bf-8.m compilation, -O
FAIL: objc/execute/bf-9.m compilation, -O
FAIL: objc/execute/string1.m compilation, -O
FAIL: objc/execute/string2.m compilation, -O
=== objc Summary for unix/-fpic ===
# of unexpected failures 22
# of untested testcases 22
Running target unix
FAIL: objc/execute/bf-1.m compilation, -O
FAIL: objc/execute/bf-10.m compilation, -O
FAIL: objc/execute/bf-11.m compilation, -O
FAIL: objc/execute/bf-12.m compilation, -O
FAIL: objc/execute/bf-13.m compilation, -O
FAIL: objc/execute/bf-14.m compilation, -O
FAIL: objc/execute/bf-15.m compilation, -O
FAIL: objc/execute/bf-16.m compilation, -O
FAIL: objc/execute/bf-17.m compilation, -O
FAIL: objc/execute/bf-18.m compilation, -O
FAIL: objc/execute/bf-19.m compilation, -O
FAIL: objc/execute/bf-2.m compilation, -O
FAIL: objc/execute/bf-20.m compilation, -O
FAIL: objc/execute/bf-3.m compilation, -O
FAIL: objc/execute/bf-4.m compilation, -O
FAIL: objc/execute/bf-5.m compilation, -O
FAIL: objc/execute/bf-6.m compilation, -O
FAIL: objc/execute/bf-7.m compilation, -O
FAIL: objc/execute/bf-8.m compilation, -O
FAIL: objc/execute/bf-9.m compilation, -O
FAIL: objc/execute/string1.m compilation, -O
FAIL: objc/execute/string2.m compilation, -O
=== objc Summary for unix ===
# of unexpected failures 22
# of untested testcases 22
=== objc Summary ===
# of unexpected failures 66
# of untested testcases 66
/teal/caip5/ghazi/gcc-testing/build/gcc/xgcc version 2.96 20000830 (experimental)
Compiler version: 2.96 20000830 (experimental)
Platform: sparc-sun-solaris2.7
configure flags: --host=sparc-sun-solaris2.7 --verbose
More information about the Gcc-testresults
mailing list