Results for 2.96 20000821 (experimental) testsuite on alpha-dec-osf4.0e
Rodney Brown
rdb@localhost
Thu Aug 24 07:18:00 GMT 2000
Native configuration is alpha-dec-osf4.0e
=== libio tests ===
Running target unix
=== libio Summary ===
# of expected passes 40
=== libstdc++ tests ===
Running target unix
=== libstdc++ Summary ===
# of expected passes 30
=== gcc tests ===
Running target unix
FAIL: gcc.c-torture/compile/920501-18.c, -O3 -fssa
FAIL: gcc.c-torture/compile/20000804-1.c, -O1
FAIL: gcc.c-torture/compile/20000804-1.c, -O2
FAIL: gcc.c-torture/compile/20000804-1.c, -O3 -fomit-frame-pointer
FAIL: gcc.c-torture/compile/20000804-1.c, -O3 -g
FAIL: gcc.c-torture/compile/20000804-1.c, -O3 -fssa
FAIL: gcc.c-torture/compile/20000804-1.c, -Os
FAIL: gcc.c-torture/execute/20000801-1.c execution, -O2
FAIL: gcc.c-torture/execute/20000801-1.c execution, -O3 -fomit-frame-pointer
FAIL: gcc.c-torture/execute/20000801-1.c execution, -O3 -fomit-frame-pointer -funroll-loops
FAIL: gcc.c-torture/execute/20000801-1.c execution, -O3 -fomit-frame-pointer -funroll-all-loops -finline-functions
FAIL: gcc.c-torture/execute/20000801-1.c execution, -O3 -g
FAIL: gcc.c-torture/execute/20000801-1.c execution, -Os
FAIL: gcc.c-torture/execute/20000801-2.c execution, -O3 -fomit-frame-pointer -funroll-all-loops -finline-functions
FAIL: gcc.c-torture/execute/20000818-1.c compilation, -O3 -fomit-frame-pointer -funroll-all-loops -finline-functions
FAIL: gcc.c-torture/execute/ieee/20000320-1.c execution, -O0
FAIL: gcc.c-torture/execute/ieee/20000320-1.c execution, -O1
FAIL: gcc.c-torture/execute/ieee/20000320-1.c execution, -O2
FAIL: gcc.c-torture/execute/ieee/20000320-1.c execution, -O3 -fomit-frame-pointer
FAIL: gcc.c-torture/execute/ieee/20000320-1.c execution, -O3 -g
FAIL: gcc.c-torture/execute/ieee/20000320-1.c execution, -O3 -fssa
FAIL: gcc.c-torture/execute/ieee/20000320-1.c execution, -Os
FAIL: gcc.c-torture/execute/ieee/fp-cmp-2.c execution, -O0
FAIL: gcc.c-torture/execute/ieee/fp-cmp-2.c execution, -O1
FAIL: gcc.c-torture/execute/ieee/fp-cmp-2.c execution, -O2
FAIL: gcc.c-torture/execute/ieee/fp-cmp-2.c execution, -O3 -fomit-frame-pointer
FAIL: gcc.c-torture/execute/ieee/fp-cmp-2.c execution, -O3 -fomit-frame-pointer -funroll-loops
FAIL: gcc.c-torture/execute/ieee/fp-cmp-2.c execution, -O3 -fomit-frame-pointer -funroll-all-loops -finline-functions
FAIL: gcc.c-torture/execute/ieee/fp-cmp-2.c execution, -O3 -g
FAIL: gcc.c-torture/execute/ieee/fp-cmp-2.c execution, -O3 -fssa
FAIL: gcc.c-torture/execute/ieee/fp-cmp-2.c execution, -Os
FAIL: gcc.c-torture/execute/ieee/fp-cmp-4.c execution, -O0
FAIL: gcc.c-torture/execute/ieee/fp-cmp-4.c execution, -O1
FAIL: gcc.c-torture/execute/ieee/fp-cmp-4.c execution, -O2
FAIL: gcc.c-torture/execute/ieee/fp-cmp-4.c execution, -O3 -fomit-frame-pointer
FAIL: gcc.c-torture/execute/ieee/fp-cmp-4.c execution, -O3 -fomit-frame-pointer -funroll-loops
FAIL: gcc.c-torture/execute/ieee/fp-cmp-4.c execution, -O3 -fomit-frame-pointer -funroll-all-loops -finline-functions
FAIL: gcc.c-torture/execute/ieee/fp-cmp-4.c execution, -O3 -g
FAIL: gcc.c-torture/execute/ieee/fp-cmp-4.c execution, -O3 -fssa
FAIL: gcc.c-torture/execute/ieee/fp-cmp-4.c execution, -Os
FAIL: gcc.c-torture/execute/ieee/hugeval.c execution, -O0
FAIL: gcc.c-torture/execute/ieee/hugeval.c execution, -O1
FAIL: gcc.c-torture/execute/ieee/hugeval.c execution, -O2
FAIL: gcc.c-torture/execute/ieee/hugeval.c execution, -O3 -fomit-frame-pointer
FAIL: gcc.c-torture/execute/ieee/hugeval.c execution, -O3 -g
FAIL: gcc.c-torture/execute/ieee/hugeval.c execution, -O3 -fssa
FAIL: gcc.c-torture/execute/ieee/hugeval.c execution, -Os
FAIL: gcc.c-torture/execute/ieee/mzero2.c execution, -O0
FAIL: gcc.c-torture/execute/ieee/mzero2.c execution, -O1
FAIL: gcc.c-torture/execute/ieee/mzero2.c execution, -O2
FAIL: gcc.c-torture/execute/ieee/mzero2.c execution, -O3 -fomit-frame-pointer
FAIL: gcc.c-torture/execute/ieee/mzero2.c execution, -O3 -g
FAIL: gcc.c-torture/execute/ieee/mzero2.c execution, -O3 -fssa
FAIL: gcc.c-torture/execute/ieee/mzero2.c execution, -Os
XPASS: gcc.c-torture/execute/memcheck/blkarg.c execution, -O0
XPASS: gcc.c-torture/execute/memcheck/blkarg.c execution, -O1
XPASS: gcc.c-torture/execute/memcheck/blkarg.c execution, -O2
XPASS: gcc.c-torture/execute/memcheck/blkarg.c execution, -Os
FAIL: gcc.dg/20000419-2.c (test for excess errors)
FAIL: gcc.dg/c90-array-lval-1.c (test for excess errors)
FAIL: gcc.dg/c99-array-lval-1.c (test for excess errors)
FAIL: gcc.dg/noreturn-1.c this function should not get any warnings (test for bogus messages, line 52)
FAIL: gcc.dg/noreturn-1.c detect return from tail call (test for warnings, line 59)
=== gcc Summary ===
# of expected passes 13293
# of unexpected failures 59
# of unexpected successes 4
# of expected failures 67
# of unresolved testcases 4
# of unsupported tests 41
/user/rand/rdb/src/egcs-20000821.chk/gcc/xgcc version 2.96 20000821 (experimental)
=== g++ tests ===
Running target unix
FAIL: g++.eh/badalloc1.C Execution test
FAIL: g++.ext/instantiate1.C not instantiated (test for errors, line 18)
FAIL: g++.ext/instantiate1.C not instantiated (test for errors, line 20)
FAIL: g++.ext/instantiate2.C not instantiated (test for errors, line 16)
FAIL: g++.ext/instantiate3.C not instantiated (test for errors, line 13)
FAIL: g++.ns/koenig7.C (test for excess errors)
FAIL: g++.other/crash18.C caused compiler crash
FAIL: g++.other/loop2.C caused compiler crash
FAIL: g++.pt/static8.C (test for excess errors)
=== g++ Summary ===
# of expected passes 5957
# of unexpected failures 9
# of expected failures 101
# of untested testcases 18
/user/rand/rdb/src/egcs-20000821.chk/gcc/testsuite/../g++ version 2.96 20000821 (experimental)
=== g77 tests ===
Running target unix
=== g77 Summary ===
# of expected passes 983
=== objc tests ===
Running target unix
=== objc Summary ===
# of expected passes 44
/user/rand/rdb/src/egcs-20000821.chk/gcc/xgcc version 2.96 20000821 (experimental)
Compiler version: 2.96 20000821 (experimental)
Platform: alpha-dec-osf4.0e
configure flags: --host=alpha-dec-osf4.0e --enable-checking
Counting all warnings,
there are 193 warnings in stage3 of this bootstrap.
Number of warnings per file:
86 ../../egcs-20000821/include/getopt.h
16 ../../egcs-20000821/gcc/cpphash.h
13 ../../egcs-20000821/gcc/mips-tfile.c
11 ../../egcs-20000821/gcc/reload.c
10 ../../../egcs-20000821/gcc/intl/gettext.h
8 ../../egcs-20000821/gcc/libgcc2.c
6 ../../egcs-20000821/gcc/combine.c
4 ../../egcs-20000821/gcc/cpplex.c
4 ../../../egcs-20000821/libiberty/sort.c
4 ../../../egcs-20000821/gcc/java/jcf-reader.c
4 ../../../../egcs-20000821/libiberty/sort.c
3 ../../egcs-20000821/gcc/loop.c
3 ../../egcs-20000821/gcc/config/alpha/alpha.c
2 ../../egcs-20000821/gcc/cppinit.c
2 ../../../egcs-20000821/libiberty/getopt.c
2 ../../../../egcs-20000821/libiberty/getopt.c
1 /usr/local/lib/gcc-lib/alpha-dec-osf4.0e/2.95.2/include/va_list.h
1 /usr/local/lib/gcc-lib/alpha-dec-osf4.0e/2.95.2/include/va-alpha.h
1 ../../egcs-20000821/gcc/regclass.c
1 ../../egcs-20000821/gcc/mips-tdump.c
1 ../../egcs-20000821/gcc/java/jvspec.c
1 ../../egcs-20000821/gcc/gcse.c
1 ../../egcs-20000821/gcc/gcc.c
1 ../../egcs-20000821/gcc/fold-const.c
1 ../../egcs-20000821/gcc/final.c
1 ../../egcs-20000821/gcc/f/lang-specs.h
1 ../../egcs-20000821/gcc/cppexp.c
1 ../../egcs-20000821/gcc/collect2.c
1 ../../../egcs-20000821/gcc/java/jcf-write.c
1 ../../../egcs-20000821/gcc/cp/error.c
1 ../../../egcs-20000821/gcc/cp/errfn.c
Number of warning types:
93 function declaration isn't a prototype
39 traditional C rejects the \`???' suffix
16 comparison between signed and unsigned
12 signed and unsigned type in conditional expression
7 ??? format, ??? arg (arg ???)
4 unused parameter \`???'
4 implicit declaration of function \`???'
4 \`???' defined but not used
3 string length \`???' is greater than the minimum length \`???' ISO C89 is required to support
2 width of integer constant changes with -traditional
2 no previous prototype for \`???'
1 redefinition of \`???'
1 pointer targets in passing arg ??? of \`???' differ in signedness
1 missing initializer
1 \`long' switch expression not converted to \`int' in ISO C
1 \`???' previously declared here
1 \`???' might be used uninitialized in this function
1 (near initialization for \`???')
More information about the Gcc-testresults
mailing list