Results for 2.96 20000811 (experimental) testsuite on i686-pc-linux-gnu
Christian Jönsson
c.christian.joensson@telia.com
Fri Aug 11 04:14:00 GMT 2000
This was on an up to date Red Hat Linux 6.2/Intel system
using kernel-2.2.16-3 and binutils-2.9.5.0.22-6.
cvs source on 2000-08-11 about 10:10+0200.
Native configuration is i686-pc-linux-gnu
=== libio tests ===
Running target unix/-fPIC
=== libio Summary for unix/-fPIC ===
# of expected passes 40
Running target unix
=== libio Summary for unix ===
# of expected passes 40
=== libio Summary ===
# of expected passes 80
=== libstdc++ tests ===
Running target unix/-fPIC
=== libstdc++ Summary for unix/-fPIC ===
# of expected passes 30
Running target unix
=== libstdc++ Summary for unix ===
# of expected passes 30
=== libstdc++ Summary ===
# of expected passes 60
=== gcc tests ===
Running target unix/-fPIC
FAIL: gcc.c-torture/compile/20000803-1.c, -O2
FAIL: gcc.c-torture/compile/20000803-1.c, -O3 -fomit-frame-pointer
FAIL: gcc.c-torture/compile/20000803-1.c, -O3 -fomit-frame-pointer
-funroll-loops
FAIL: gcc.c-torture/compile/20000803-1.c, -O3 -fomit-frame-pointer
-funroll-all-loops -finline-functions
FAIL: gcc.c-torture/compile/20000803-1.c, -O3 -g
FAIL: gcc.c-torture/compile/20000803-1.c, -O3 -fssa
FAIL: gcc.c-torture/compile/20000804-1.c, -O0
FAIL: gcc.c-torture/compile/20000804-1.c, -O1
FAIL: gcc.c-torture/compile/20000804-1.c, -O2
FAIL: gcc.c-torture/compile/20000804-1.c, -O3 -fomit-frame-pointer
FAIL: gcc.c-torture/compile/20000804-1.c, -O3 -g
FAIL: gcc.c-torture/compile/20000804-1.c, -O3 -fssa
FAIL: gcc.c-torture/compile/20000804-1.c, -Os
FAIL: gcc.c-torture/execute/20000225-1.c execution, -O2
FAIL: gcc.c-torture/execute/20000225-1.c execution, -O3
-fomit-frame-pointer
FAIL: gcc.c-torture/execute/20000225-1.c execution, -O3
-fomit-frame-pointer -funroll-loops
FAIL: gcc.c-torture/execute/20000225-1.c execution, -O3
-fomit-frame-pointer -funroll-all-loops -finline-functions
FAIL: gcc.c-torture/execute/20000225-1.c execution, -O3 -g
FAIL: gcc.c-torture/execute/20000225-1.c execution, -O3 -fssa
FAIL: gcc.c-torture/execute/20000225-1.c execution, -Os
FAIL: gcc.c-torture/execute/20000412-2.c execution, -O2
FAIL: gcc.c-torture/execute/20000412-2.c execution, -O3
-fomit-frame-pointer
FAIL: gcc.c-torture/execute/20000412-2.c execution, -O3 -g
FAIL: gcc.c-torture/execute/20000412-2.c execution, -O3 -fssa
FAIL: gcc.c-torture/execute/20000412-2.c execution, -Os
FAIL: gcc.c-torture/execute/20000731-2.c execution, -O3
-fomit-frame-pointer -funroll-all-loops -finline-functions
FAIL: gcc.c-torture/execute/920501-3.c compilation, -O1
FAIL: gcc.c-torture/execute/920501-3.c compilation, -O2
FAIL: gcc.c-torture/execute/920501-3.c compilation, -O3
-fomit-frame-pointer
FAIL: gcc.c-torture/execute/920501-3.c compilation, -O3
-fomit-frame-pointer -funroll-loops
FAIL: gcc.c-torture/execute/920501-3.c compilation, -O3
-fomit-frame-pointer -funroll-all-loops -finline-functions
FAIL: gcc.c-torture/execute/920501-3.c compilation, -O3 -g
FAIL: gcc.c-torture/execute/920501-3.c compilation, -O3 -fssa
FAIL: gcc.c-torture/execute/920501-3.c compilation, -Os
FAIL: gcc.c-torture/execute/960117-1.c compilation, -O1
FAIL: gcc.c-torture/execute/960117-1.c compilation, -O2
FAIL: gcc.c-torture/execute/960117-1.c compilation, -O3
-fomit-frame-pointer
FAIL: gcc.c-torture/execute/960117-1.c compilation, -O3 -g
FAIL: gcc.c-torture/execute/960117-1.c compilation, -O3 -fssa
FAIL: gcc.c-torture/execute/960117-1.c compilation, -Os
FAIL: gcc.c-torture/execute/960608-1.c execution, -O3
-fomit-frame-pointer
FAIL: gcc.c-torture/execute/960608-1.c execution, -O3 -g
FAIL: gcc.c-torture/execute/960608-1.c execution, -O3 -fssa
FAIL: gcc.c-torture/execute/990127-2.c execution, -O3
-fomit-frame-pointer
FAIL: gcc.c-torture/execute/990127-2.c execution, -O3 -g
FAIL: gcc.c-torture/execute/990127-2.c execution, -O3 -fssa
FAIL: gcc.c-torture/execute/conversion.c execution, -O3
-fomit-frame-pointer
FAIL: gcc.c-torture/execute/conversion.c execution, -O3 -g
FAIL: gcc.c-torture/execute/conversion.c execution, -O3 -fssa
FAIL: gcc.dg/20000503-1.c (test for excess errors)
FAIL: gcc.dg/20000614-1.c execution test
FAIL: gcc.dg/20000614-2.c execution test
FAIL: gcc.dg/991214-1.c (test for excess errors)
FAIL: gcc.dg/c90-array-lval-1.c array not decaying to lvalue (test for
errors, line 14)
FAIL: gcc.dg/c90-array-lval-1.c array not decaying to lvalue (test for
errors, line 15)
FAIL: gcc.dg/c90-array-lval-1.c array not decaying to lvalue (test for
errors, line 16)
FAIL: gcc.dg/c90-array-lval-1.c (test for excess errors)
XPASS: gcc.dg/c99-array-lval-1.c array not decaying to lvalue (test for
bogus messages, line 14)
XPASS: gcc.dg/c99-array-lval-1.c array not decaying to lvalue (test for
bogus messages, line 15)
XPASS: gcc.dg/c99-array-lval-1.c array not decaying to lvalue (test for
bogus messages, line 16)
FAIL: gcc.dg/c99-array-lval-1.c (test for excess errors)
=== gcc Summary for unix/-fPIC ===
# of expected passes 12938
# of unexpected failures 58
# of unexpected successes 3
# of expected failures 59
# of unresolved testcases 14
# of unsupported tests 15
Running target unix
FAIL: gcc.c-torture/compile/20000804-1.c, -O2
FAIL: gcc.c-torture/compile/20000804-1.c, -O3 -fomit-frame-pointer
FAIL: gcc.c-torture/compile/20000804-1.c, -O3 -g
FAIL: gcc.c-torture/compile/20000804-1.c, -O3 -fssa
FAIL: gcc.c-torture/compile/20000804-1.c, -Os
FAIL: gcc.c-torture/execute/20000225-1.c execution, -O2
FAIL: gcc.c-torture/execute/20000225-1.c execution, -O3
-fomit-frame-pointer
FAIL: gcc.c-torture/execute/20000225-1.c execution, -O3
-fomit-frame-pointer -funroll-loops
FAIL: gcc.c-torture/execute/20000225-1.c execution, -O3
-fomit-frame-pointer -funroll-all-loops -finline-functions
FAIL: gcc.c-torture/execute/20000225-1.c execution, -O3 -g
FAIL: gcc.c-torture/execute/20000225-1.c execution, -O3 -fssa
FAIL: gcc.c-torture/execute/20000225-1.c execution, -Os
FAIL: gcc.c-torture/execute/20000412-2.c execution, -O2
FAIL: gcc.c-torture/execute/20000412-2.c execution, -O3
-fomit-frame-pointer
FAIL: gcc.c-torture/execute/20000412-2.c execution, -O3 -g
FAIL: gcc.c-torture/execute/20000412-2.c execution, -O3 -fssa
FAIL: gcc.c-torture/execute/20000412-2.c execution, -Os
FAIL: gcc.c-torture/execute/20000731-2.c execution, -O3
-fomit-frame-pointer -funroll-all-loops -finline-functions
FAIL: gcc.c-torture/execute/960608-1.c execution, -O3
-fomit-frame-pointer
FAIL: gcc.c-torture/execute/960608-1.c execution, -O3 -g
FAIL: gcc.c-torture/execute/960608-1.c execution, -O3 -fssa
FAIL: gcc.dg/20000503-1.c (test for excess errors)
FAIL: gcc.dg/20000614-1.c execution test
FAIL: gcc.dg/20000614-2.c execution test
FAIL: gcc.dg/991214-1.c (test for excess errors)
FAIL: gcc.dg/c90-array-lval-1.c array not decaying to lvalue (test for
errors, line 14)
FAIL: gcc.dg/c90-array-lval-1.c array not decaying to lvalue (test for
errors, line 15)
FAIL: gcc.dg/c90-array-lval-1.c array not decaying to lvalue (test for
errors, line 16)
FAIL: gcc.dg/c90-array-lval-1.c (test for excess errors)
XPASS: gcc.dg/c99-array-lval-1.c array not decaying to lvalue (test for
bogus messages, line 14)
XPASS: gcc.dg/c99-array-lval-1.c array not decaying to lvalue (test for
bogus messages, line 15)
XPASS: gcc.dg/c99-array-lval-1.c array not decaying to lvalue (test for
bogus messages, line 16)
FAIL: gcc.dg/c99-array-lval-1.c (test for excess errors)
FAIL: gcc.dg/noreturn-1.c this function should not get any warnings
(test for bogus messages, line 52)
FAIL: gcc.dg/noreturn-1.c detect return from tail call (test for
warnings, line 59)
FAIL: gcc.dg/noreturn-2.c noreturn does return (test for bogus messages,
line 12)
=== gcc Summary for unix ===
# of expected passes 12977
# of unexpected failures 33
# of unexpected successes 3
# of expected failures 59
# of unsupported tests 15
=== gcc Summary ===
# of expected passes 25915
# of unexpected failures 91
# of unexpected successes 6
# of expected failures 118
# of unresolved testcases 14
# of unsupported tests 30
/usr/local/src/objdir-gcc-2000-08-11-1010+0200/gcc/xgcc version 2.96
20000811 (experimental)
=== g++ tests ===
Running target unix/-fPIC
FAIL: g++.other/crash18.C (test for excess errors)
FAIL: g++.pt/asm1.C (test for excess errors)
FAIL: g++.pt/asm2.C (test for excess errors)
=== g++ Summary for unix/-fPIC ===
# of expected passes 5943
# of unexpected failures 3
# of expected failures 98
# of untested testcases 8
Running target unix
FAIL: g++.ext/instantiate1.C not instantiated (test for errors, line 18)
FAIL: g++.ext/instantiate1.C not instantiated (test for errors, line 20)
=== g++ Summary for unix ===
# of expected passes 5944
# of unexpected failures 2
# of expected failures 98
# of untested testcases 8
=== g++ Summary ===
# of expected passes 11887
# of unexpected failures 5
# of expected failures 196
# of untested testcases 16
/usr/local/src/objdir-gcc-2000-08-11-1010+0200/gcc/testsuite/../g++
version 2.96 20000811 (experimental)
=== g77 tests ===
Running target unix/-fPIC
XPASS: g77.f-torture/compile/20000629-1.f, -O0
XPASS: g77.f-torture/compile/20000629-1.f, -O1
XPASS: g77.f-torture/compile/20000629-1.f, -O2
XPASS: g77.f-torture/compile/20000629-1.f, -O2 -fomit-frame-pointer
-finline-functions
XPASS: g77.f-torture/compile/20000629-1.f, -O3 -g
XPASS: g77.f-torture/compile/20000629-1.f, -O3 -fssa
XPASS: g77.f-torture/compile/20000629-1.f, -Os
=== g77 Summary for unix/-fPIC ===
# of expected passes 974
# of unexpected successes 7
# of expected failures 2
Running target unix
XPASS: g77.f-torture/compile/20000629-1.f, -O0
XPASS: g77.f-torture/compile/20000629-1.f, -O1
XPASS: g77.f-torture/compile/20000629-1.f, -O2
XPASS: g77.f-torture/compile/20000629-1.f, -O2 -fomit-frame-pointer
-finline-functions
XPASS: g77.f-torture/compile/20000629-1.f, -O3 -g
XPASS: g77.f-torture/compile/20000629-1.f, -O3 -fssa
XPASS: g77.f-torture/compile/20000629-1.f, -Os
FAIL: g77.f-torture/execute/short.f execution, -Os
=== g77 Summary for unix ===
# of expected passes 973
# of unexpected failures 1
# of unexpected successes 7
# of expected failures 2
=== g77 Summary ===
# of expected passes 1947
# of unexpected failures 1
# of unexpected successes 14
# of expected failures 4
=== objc tests ===
Running target unix/-fPIC
=== objc Summary for unix/-fPIC ===
# of expected passes 44
Running target unix
=== objc Summary for unix ===
# of expected passes 44
=== objc Summary ===
# of expected passes 88
/usr/local/src/objdir-gcc-2000-08-11-1010+0200/gcc/xgcc version 2.96
20000811 (experimental)
Compiler version: 2.96 20000811 (experimental)
Platform: i686-pc-linux-gnu
configure flags: --host=i686-pc-linux --enable-threads --enable-shared
Counting all warnings,
there are 134 warnings in stage3 of this bootstrap.
Number of warnings per file:
33 /usr/local/src/gcc/gcc/combine.c
13 /usr/local/src/gcc/gcc/expr.c
10 /usr/local/src/gcc/libio/stdio/stdio.h
10 /usr/local/src/gcc/gcc/reg-stack.c
10 /usr/local/src/gcc/gcc/intl/gettext.h
10 /usr/include/bits/stdio_lim.h
7 /usr/local/src/gcc/gcc/doloop.c
6 /usr/local/src/gcc/gcc/cse.c
5 /usr/local/src/gcc/gcc/loop.c
4 /usr/local/src/gcc/gcc/java/jcf-reader.c
3 /usr/local/src/gcc/gcc/function.c
2 /usr/local/src/gcc/gcc/regmove.c
2 /usr/local/src/gcc/gcc/libgcc2.c
2 /usr/local/src/gcc/gcc/gcc.c
2 /usr/local/src/gcc/gcc/fold-const.c
2 /usr/local/src/gcc/gcc/cpplex.c
2 /usr/local/src/gcc/gcc/alias.c
2 /usr/include/bits/mathinline.h
1 /usr/local/src/gcc/gcc/java/jvspec.c
1 /usr/local/src/gcc/gcc/gcse.c
1 /usr/local/src/gcc/gcc/f/lang-specs.h
1 /usr/local/src/gcc/gcc/final.c
1 /usr/local/src/gcc/gcc/expmed.c
1 /usr/local/src/gcc/gcc/dwarfout.c
1 /usr/local/src/gcc/gcc/dwarf2out.c
1 /usr/local/src/gcc/gcc/cp/error.c
1 /usr/local/src/gcc/gcc/cp/errfn.c
Number of warning types:
63 comparison between signed and unsigned
21 traditional C rejects the \`???' suffix
10 this is the location of the previous definition
10 signed and unsigned type in conditional expression
10 \`FOPEN_MAX' redefined
4 string length \`???' is greater than the minimum length \`???'
ISO C89 is required to support
4 \`???' defined but not used
3 function declaration isn't a prototype
2 traditional C rejects initialization of unions
1 unused variable \`???'
1 pointer targets in passing arg ??? of \`???' differ in
signedness
1 passing arg ??? of \`???' discards qualifiers from pointer
target type
1 no previous prototype for \`???'
1 \`???' might be used uninitialized in this function
1 empty body in an if-statement
1 empty body in an else-statement
More information about the Gcc-testresults
mailing list