Results for 2.96 20000806 (experimental) testsuite on i686-pc-linux-gnu
Christian Jönsson
c.christian.joensson@telia.com
Sun Aug 6 07:28:00 GMT 2000
This was on a Red Hat Linux 6.2/Intel system up to date as of
2000-08-06.
Native configuration is i686-pc-linux-gnu
=== libio tests ===
Running target unix
=== libio Summary ===
# of expected passes 40
=== libstdc++ tests ===
Running target unix
=== libstdc++ Summary ===
# of expected passes 30
=== gcc tests ===
Running target unix
FAIL: gcc.c-torture/compile/20000804-1.c, -O2
FAIL: gcc.c-torture/compile/20000804-1.c, -O3 -fomit-frame-pointer
FAIL: gcc.c-torture/compile/20000804-1.c, -O3 -g
FAIL: gcc.c-torture/compile/20000804-1.c, -O3 -fssa
FAIL: gcc.c-torture/compile/20000804-1.c, -Os
FAIL: gcc.c-torture/execute/20000225-1.c execution, -O2
FAIL: gcc.c-torture/execute/20000225-1.c execution, -O3 -fomit-frame-pointer
FAIL: gcc.c-torture/execute/20000225-1.c execution, -O3 -fomit-frame-pointer -funroll-loops
FAIL: gcc.c-torture/execute/20000225-1.c execution, -O3 -fomit-frame-pointer -funroll-all-loops -finline-functions
FAIL: gcc.c-torture/execute/20000225-1.c execution, -O3 -g
FAIL: gcc.c-torture/execute/20000225-1.c execution, -O3 -fssa
FAIL: gcc.c-torture/execute/20000225-1.c execution, -Os
FAIL: gcc.c-torture/execute/20000412-2.c execution, -O2
FAIL: gcc.c-torture/execute/20000412-2.c execution, -O3 -fomit-frame-pointer
FAIL: gcc.c-torture/execute/20000412-2.c execution, -O3 -g
FAIL: gcc.c-torture/execute/20000412-2.c execution, -O3 -fssa
FAIL: gcc.c-torture/execute/20000412-2.c execution, -Os
FAIL: gcc.c-torture/execute/20000731-2.c execution, -O3 -fomit-frame-pointer -funroll-all-loops -finline-functions
FAIL: gcc.c-torture/execute/960608-1.c execution, -O3 -fomit-frame-pointer
FAIL: gcc.c-torture/execute/960608-1.c execution, -O3 -g
FAIL: gcc.c-torture/execute/960608-1.c execution, -O3 -fssa
FAIL: gcc.dg/20000503-1.c (test for excess errors)
FAIL: gcc.dg/20000614-1.c execution test
FAIL: gcc.dg/20000614-2.c execution test
FAIL: gcc.dg/991214-1.c (test for excess errors)
FAIL: gcc.dg/noreturn-1.c this function should not get any warnings (test for bogus messages, line 52)
FAIL: gcc.dg/noreturn-1.c detect return from tail call (test for warnings, line 59)
FAIL: gcc.dg/noreturn-2.c noreturn does return (test for bogus messages, line 12)
=== gcc Summary ===
# of expected passes 12782
# of unexpected failures 28
# of expected failures 50
# of unsupported tests 15
/usr/local/src/objdir-egcs-20000806/gcc/xgcc version 2.96 20000806 (experimental)
=== g++ tests ===
Running target unix
FAIL: g++.ext/instantiate1.C not instantiated (test for errors, line 18)
FAIL: g++.ext/instantiate1.C not instantiated (test for errors, line 20)
XPASS: g++.jason/template18.C Execution test
=== g++ Summary ===
# of expected passes 5940
# of unexpected failures 2
# of unexpected successes 1
# of expected failures 97
# of untested testcases 8
/usr/local/src/objdir-egcs-20000806/gcc/testsuite/../g++ version 2.96 20000806 (experimental)
=== g77 tests ===
Running target unix
XPASS: g77.f-torture/compile/20000629-1.f, -O0
XPASS: g77.f-torture/compile/20000629-1.f, -O1
XPASS: g77.f-torture/compile/20000629-1.f, -O2
XPASS: g77.f-torture/compile/20000629-1.f, -O2 -fomit-frame-pointer -finline-functions
XPASS: g77.f-torture/compile/20000629-1.f, -O3 -g
XPASS: g77.f-torture/compile/20000629-1.f, -O3 -fssa
XPASS: g77.f-torture/compile/20000629-1.f, -Os
FAIL: g77.f-torture/execute/short.f execution, -Os
=== g77 Summary ===
# of expected passes 973
# of unexpected failures 1
# of unexpected successes 7
# of expected failures 2
=== objc tests ===
Running target unix
FAIL: objc/execute/bf-1.m execution, -O
FAIL: objc/execute/bf-10.m execution, -O
FAIL: objc/execute/bf-11.m execution, -O
FAIL: objc/execute/bf-12.m execution, -O
FAIL: objc/execute/bf-13.m execution, -O
FAIL: objc/execute/bf-14.m execution, -O
FAIL: objc/execute/bf-15.m execution, -O
FAIL: objc/execute/bf-16.m execution, -O
FAIL: objc/execute/bf-17.m execution, -O
FAIL: objc/execute/bf-18.m execution, -O
FAIL: objc/execute/bf-19.m execution, -O
FAIL: objc/execute/bf-2.m execution, -O
FAIL: objc/execute/bf-20.m execution, -O
FAIL: objc/execute/bf-3.m execution, -O
FAIL: objc/execute/bf-4.m execution, -O
FAIL: objc/execute/bf-5.m execution, -O
FAIL: objc/execute/bf-6.m execution, -O
FAIL: objc/execute/bf-7.m execution, -O
FAIL: objc/execute/bf-8.m execution, -O
FAIL: objc/execute/bf-9.m execution, -O
FAIL: objc/execute/string1.m execution, -O
FAIL: objc/execute/string2.m execution, -O
=== objc Summary ===
# of expected passes 22
# of unexpected failures 22
/usr/local/src/objdir-egcs-20000806/gcc/xgcc version 2.96 20000806 (experimental)
Compiler version: 2.96 20000806 (experimental)
Platform: i686-pc-linux-gnu
configure flags: --host=i686-pc-linux --enable-threads --enable-shared
Counting all warnings,
there are 105 warnings in stage3 of this bootstrap.
Number of warnings per file:
33 ../../gcc/gcc/combine.c
13 ../../gcc/gcc/expr.c
10 /usr/local/src/gcc/libio/stdio/stdio.h
10 /usr/include/bits/stdio_lim.h
10 ../../gcc/gcc/reg-stack.c
6 ../../gcc/gcc/cse.c
3 ../../gcc/gcc/loop.c
2 ../../gcc/gcc/regmove.c
2 ../../gcc/gcc/libgcc2.c
2 ../../gcc/gcc/gcc.c
2 ../../gcc/gcc/function.c
2 ../../gcc/gcc/fold-const.c
2 ../../gcc/gcc/alias.c
1 ../../gcc/gcc/java/jvspec.c
1 ../../gcc/gcc/gcse.c
1 ../../gcc/gcc/f/lang-specs.h
1 ../../gcc/gcc/final.c
1 ../../gcc/gcc/expmed.c
1 ../../gcc/gcc/dwarfout.c
1 ../../../gcc/gcc/cp/error.c
1 ../../../gcc/gcc/cp/errfn.c
Number of warning types:
63 comparison between signed and unsigned
10 this is the location of the previous definition
10 signed and unsigned type in conditional expression
10 \`FOPEN_MAX' redefined
4 string length \`???' is greater than the minimum length \`???' ANSI C is required to support
3 function declaration isn't a prototype
1 pointer targets in passing arg ??? of \`???' differ in signedness
1 passing arg ??? of \`???' discards qualifiers from pointer target type
1 no previous prototype for \`???'
1 \`???' might be used uninitialized in this function
1 empty body in an if-statement
More information about the Gcc-testresults
mailing list