Results for 2.96 20000731 (experimental) testsuite on sparc-unknown-linux-gnu
Alexandre Oliva
oliva@lsd.ic.unicamp.br
Tue Aug 1 06:14:00 GMT 2000
Native configuration is sparc-unknown-linux-gnu
=== binutils tests ===
Running target unix
FAIL: run objcopy of executable
FAIL: run stripped executable
FAIL: run stripped executable with saving a symbol
=== binutils Summary ===
# of expected passes 22
# of unexpected failures 3
# of expected failures 1
=== g++ tests ===
Running target unix
FAIL: g++.ext/instantiate1.C not instantiated (test for errors, line 18)
FAIL: g++.ext/instantiate1.C not instantiated (test for errors, line 20)
=== g++ Summary ===
# of expected passes 5922
# of unexpected failures 2
# of expected failures 94
# of untested testcases 17
/.automount/aviao/root/l/tmp/sparc-unknown-linux-gnu/egcs/gcc/testsuite/../g++ version 2.96 20000731 (experimental)
=== g77 tests ===
Running target unix
XPASS: g77.f-torture/compile/20000629-1.f, -O0
XPASS: g77.f-torture/compile/20000629-1.f, -O1
XPASS: g77.f-torture/compile/20000629-1.f, -O2
XPASS: g77.f-torture/compile/20000629-1.f, -O2 -fomit-frame-pointer -finline-functions
XPASS: g77.f-torture/compile/20000629-1.f, -O2 -fomit-frame-pointer -finline-functions -funroll-loops
XPASS: g77.f-torture/compile/20000629-1.f, -O2 -fomit-frame-pointer -finline-functions -funroll-all-loops
XPASS: g77.f-torture/compile/20000629-1.f, -O3 -g
XPASS: g77.f-torture/compile/20000629-1.f, -O3 -fssa
XPASS: g77.f-torture/compile/20000629-1.f, -Os
=== g77 Summary ===
# of expected passes 974
# of unexpected successes 9
=== gas tests ===
Running target unix
=== gas Summary ===
# of expected passes 78
=== gcc tests ===
Running target unix
FAIL: gcc.c-torture/compile/20000405-3.c, -O0
FAIL: gcc.c-torture/compile/20000405-3.c, -O1
FAIL: gcc.c-torture/compile/20000405-3.c, -O2
FAIL: gcc.c-torture/compile/20000405-3.c, -O3 -fomit-frame-pointer
FAIL: gcc.c-torture/compile/20000405-3.c, -O3 -g
FAIL: gcc.c-torture/compile/20000405-3.c, -O3 -fssa
FAIL: gcc.c-torture/compile/20000405-3.c, -Os
FAIL: gcc.c-torture/execute/20000225-1.c execution, -O2
FAIL: gcc.c-torture/execute/20000225-1.c execution, -O3 -fomit-frame-pointer
FAIL: gcc.c-torture/execute/20000225-1.c execution, -O3 -fomit-frame-pointer -funroll-loops
FAIL: gcc.c-torture/execute/20000225-1.c execution, -O3 -fomit-frame-pointer -funroll-all-loops -finline-functions
FAIL: gcc.c-torture/execute/20000225-1.c execution, -O3 -g
FAIL: gcc.c-torture/execute/20000225-1.c execution, -O3 -fssa
FAIL: gcc.c-torture/execute/20000225-1.c execution, -Os
FAIL: gcc.c-torture/execute/20000412-2.c execution, -O2
FAIL: gcc.c-torture/execute/20000412-2.c execution, -O3 -fomit-frame-pointer
FAIL: gcc.c-torture/execute/20000412-2.c execution, -O3 -g
FAIL: gcc.c-torture/execute/20000412-2.c execution, -O3 -fssa
FAIL: gcc.c-torture/execute/20000412-2.c execution, -Os
FAIL: gcc.c-torture/execute/va-arg-20.c execution, -O1
FAIL: gcc.c-torture/execute/va-arg-20.c execution, -O2
FAIL: gcc.c-torture/execute/va-arg-20.c execution, -Os
FAIL: gcc.dg/cpp/20000725-1.c (test for excess errors)
FAIL: gcc.dg/noreturn-1.c this function should not get any warnings (test for bogus messages, line 52)
FAIL: gcc.dg/noreturn-1.c detect return from tail call (test for warnings, line 59)
FAIL: gcc.dg/noreturn-2.c noreturn does return (test for bogus messages, line 12)
=== gcc Summary ===
# of expected passes 11883
# of unexpected failures 26
# of expected failures 37
# of unsupported tests 37
/.automount/aviao/root/l/tmp/sparc-unknown-linux-gnu/egcs/gcc/xgcc version 2.96 20000731 (experimental)
=== ld tests ===
Running target unix
=== ld Summary ===
# of expected passes 93
# of expected failures 10
=== libio tests ===
Running target unix
=== libio Summary ===
# of expected passes 40
=== libstdc++ tests ===
Running target unix
=== libstdc++ Summary ===
# of expected passes 30
=== objc tests ===
Running target unix
FAIL: objc/execute/bf-1.m compilation, -O
FAIL: objc/execute/bf-10.m compilation, -O
FAIL: objc/execute/bf-11.m compilation, -O
FAIL: objc/execute/bf-12.m compilation, -O
FAIL: objc/execute/bf-13.m compilation, -O
FAIL: objc/execute/bf-14.m compilation, -O
FAIL: objc/execute/bf-15.m compilation, -O
FAIL: objc/execute/bf-16.m compilation, -O
FAIL: objc/execute/bf-17.m compilation, -O
FAIL: objc/execute/bf-18.m compilation, -O
FAIL: objc/execute/bf-19.m compilation, -O
FAIL: objc/execute/bf-2.m compilation, -O
FAIL: objc/execute/bf-20.m compilation, -O
FAIL: objc/execute/bf-3.m compilation, -O
FAIL: objc/execute/bf-4.m compilation, -O
FAIL: objc/execute/bf-5.m compilation, -O
FAIL: objc/execute/bf-6.m compilation, -O
FAIL: objc/execute/bf-7.m compilation, -O
FAIL: objc/execute/bf-8.m compilation, -O
FAIL: objc/execute/bf-9.m compilation, -O
FAIL: objc/execute/string1.m compilation, -O
FAIL: objc/execute/string2.m compilation, -O
=== objc Summary ===
# of unexpected failures 22
# of untested testcases 22
/.automount/aviao/root/l/tmp/sparc-unknown-linux-gnu/egcs/gcc/xgcc version 2.96 20000731 (experimental)
Compiler version: 2.96 20000731 (experimental)
Platform: sparc-unknown-linux-gnu
BOOT_CFLAGS: standard
Counting all warnings,
there are 212 warnings in stage3 of this bootstrap.
Number of warnings per file:
32 /home/lsd/oliva/src/egcs/gcc/combine.c
13 cc1plus
11 /home/lsd/oliva/src/egcs/gcc/intl/l10nflist.c
11 /home/lsd/oliva/src/egcs/gcc/expr.c
10 configure
10 /usr/include/bits/stdio_lim.h
10 /home/lsd/oliva/src/egcs/libio/stdio/stdio.h
10 /home/lsd/oliva/src/egcs/libiberty/pexecute.c
7 /home/lsd/oliva/src/egcs/gcc/dwarf2out.c
7 /home/lsd/oliva/src/egcs/gcc/cpplex.c
6 /home/lsd/oliva/src/egcs/gcc/cse.c
5 /home/lsd/oliva/src/egcs/gprof/vax.c
5 /home/lsd/oliva/src/egcs/gprof/tahoe.c
5 /home/lsd/oliva/src/egcs/gprof/sparc.c
5 /home/lsd/oliva/src/egcs/gprof/i386.c
5 /home/lsd/oliva/src/egcs/gcc/intl/dcgettext.c
5 /home/lsd/oliva/src/egcs/gcc/gcc.c
4 Makefile
4 /home/lsd/oliva/src/egcs/gprof/alpha.c
4 /home/lsd/oliva/src/egcs/gcc/ssa.c
4 /home/lsd/oliva/src/egcs/gcc/config/sparc/sparc.c
2 /usr/include/alloca.h
2 /home/lsd/oliva/src/egcs/gcc/reload1.c
2 /home/lsd/oliva/src/egcs/gcc/regrename.c
2 /home/lsd/oliva/src/egcs/gcc/regmove.c
2 /home/lsd/oliva/src/egcs/gcc/function.c
2 /home/lsd/oliva/src/egcs/gcc/fold-const.c
2 /home/lsd/oliva/src/egcs/gcc/c-common.c
2 /home/lsd/oliva/src/egcs/gcc/alias.c
1 make[2]
1 make[1]
1 make
1 /home/lsd/oliva/src/egcs/libobjc/encoding.c
1 /home/lsd/oliva/src/egcs/gcc/loop.c
1 /home/lsd/oliva/src/egcs/gcc/libgcc2.c
1 /home/lsd/oliva/src/egcs/gcc/java/jvspec.c
1 /home/lsd/oliva/src/egcs/gcc/java/class.c
1 /home/lsd/oliva/src/egcs/gcc/intl/localealias.c
1 /home/lsd/oliva/src/egcs/gcc/gcse.c
1 /home/lsd/oliva/src/egcs/gcc/flow.c
1 /home/lsd/oliva/src/egcs/gcc/final.c
1 /home/lsd/oliva/src/egcs/gcc/f/lang-specs.h
1 /home/lsd/oliva/src/egcs/gcc/f/expr.c
1 /home/lsd/oliva/src/egcs/gcc/expmed.c
1 /home/lsd/oliva/src/egcs/gcc/errors.c
1 /home/lsd/oliva/src/egcs/gcc/emit-rtl.c
1 /home/lsd/oliva/src/egcs/gcc/dwarfout.c
1 /home/lsd/oliva/src/egcs/gcc/cp/semantics.c
1 /home/lsd/oliva/src/egcs/gcc/cp/lex.c
1 /home/lsd/oliva/src/egcs/gcc/cp/error.c
1 /home/lsd/oliva/src/egcs/gcc/cp/errfn.c
1 /home/lsd/oliva/src/egcs/boehm-gc/mark_rts.c
Number of warning types:
52 comparison between signed and unsigned
24 signed and unsigned type in conditional expression
16 cast from pointer to integer of different size
13 Ignoring command line option '-Wstrict-prototypes'
12 this is the location of the previous definition
10 `FOPEN_MAX' redefined
9 assignment makes pointer from integer without a cast
8 variable `???' might be clobbered by `longjmp' or `vfork'
7 cast to pointer from integer of different size
7 `???' might be used uninitialized in this function
7 ??? format, ??? arg (arg ???)
6 function declaration isn't a prototype
4 string length `???' is greater than the minimum length `???' ANSI C is required to support
4 `???' script is too old or missing
4 ***********************************************************
3 unused variable `???'
3 passing arg ??? of `???' from incompatible pointer type
3 Clock skew detected. Your build may be incomplete.
2 overriding commands for target `???'
2 implicit declaration of function `???'
2 ignoring old commands for target `???'
2 function `???' was previously declared within a block
2 `alloca' redefined
1 unused parameter `???'
1 then use the most recent one - libffi-1.20.
1 static declaration for `???' follows non-static
1 statement with no effect
1 pointer targets in passing arg ??? of `???' differ in signedness
1 passing arg ??? of `???' discards qualifiers from pointer target type
1 non-static declaration for `???' follows static
1 function returns address of local variable
1 `???' defined but not used
1 This is beta code. If you're looking for a stable release
More information about the Gcc-testresults
mailing list