Results for 2.96 20000428 (experimental) testsuite on i586-pc-sco3.2v5.0.5
Robert Lipe
robertl@sco.com
Fri Apr 28 19:16:00 GMT 2000
This is the target that is both ELF and COFF and uses both Dwarf-1 and
DBX debugging.
Bootstrapped with BOOT_CFLAGS=-O2 to avoid ICE during bootstrap
stage1/xgcc -Bstage1/ -c -DIN_GCC -O2 -g -DHAVE_CONFIG_H -I.
-I/play/egcs/gcc -I/play/egcs/gcc/config -I/play/egcs/gcc/../include
/play/egcs/gcc/stmt.c
/play/egcs/gcc/stmt.c: In function expand_nl_goto_receiver:
/play/egcs/gcc/stmt.c:3487: Internal compiler error in ? at dwarfout.c:5307
The Fortran ICEs' are the
g77.log:/play/egcs/gcc/testsuite/g77.f-torture/execute/19990325-0.f:105:
Internal compiler error in size_binop, at fold-const.c:1918
C++ ICEd were on template7, typeof1, crash15, crash16, memtmp86, memtmp87.
Native configuration is i586-pc-sco3.2v5.0.5
=== libio tests ===
Running target unix/-mcoff
=== libio Summary for unix/-mcoff ===
# of expected passes 40
Running target unix/-fPIC
=== libio Summary for unix/-fPIC ===
# of expected passes 40
Running target unix/-melf
=== libio Summary for unix/-melf ===
# of expected passes 40
=== libio Summary ===
# of expected passes 120
=== libstdc++ tests ===
Running target unix/-mcoff
FAIL: tstring.cc execution
FAIL: tstring.cc -O execution
=== libstdc++ Summary for unix/-mcoff ===
# of expected passes 26
# of unexpected failures 2
# of expected failures 2
Running target unix/-fPIC
=== libstdc++ Summary for unix/-fPIC ===
# of expected passes 30
Running target unix/-melf
=== libstdc++ Summary for unix/-melf ===
# of expected passes 30
=== libstdc++ Summary ===
# of expected passes 86
# of unexpected failures 2
# of expected failures 2
=== gcc tests ===
Running target unix/-mcoff
FAIL: gcc.c-torture/execute/20000225-1.c execution, -O2
FAIL: gcc.c-torture/execute/20000225-1.c execution, -O3 -fomit-frame-pointer
FAIL: gcc.c-torture/execute/20000225-1.c execution, -O3 -fomit-frame-pointer -funroll-loops
FAIL: gcc.c-torture/execute/20000225-1.c execution, -O3 -fomit-frame-pointer -funroll-all-loops -finline-functions
FAIL: gcc.c-torture/execute/20000225-1.c execution, -O3 -g
FAIL: gcc.c-torture/execute/20000225-1.c execution, -Os
FAIL: gcc.c-torture/execute/20000402-1.c execution, -O0
FAIL: gcc.c-torture/execute/20000402-1.c execution, -O1
FAIL: gcc.c-torture/execute/20000402-1.c execution, -O2
FAIL: gcc.c-torture/execute/20000402-1.c execution, -O3 -fomit-frame-pointer
FAIL: gcc.c-torture/execute/20000402-1.c execution, -O3 -g
FAIL: gcc.c-torture/execute/20000402-1.c execution, -Os
FAIL: gcc.c-torture/execute/20000412-2.c execution, -O2
FAIL: gcc.c-torture/execute/20000412-2.c execution, -O3 -fomit-frame-pointer
FAIL: gcc.c-torture/execute/20000412-2.c execution, -O3 -g
FAIL: gcc.c-torture/execute/20000412-2.c execution, -Os
FAIL: gcc.c-torture/execute/20000419-1.c execution, -O2
FAIL: gcc.c-torture/execute/20000419-1.c execution, -Os
FAIL: gcc.c-torture/execute/991221-1.c execution, -O1
FAIL: gcc.c-torture/execute/991221-1.c execution, -O2
FAIL: gcc.c-torture/execute/991221-1.c execution, -O3 -fomit-frame-pointer
FAIL: gcc.c-torture/execute/991221-1.c execution, -O3 -g
FAIL: gcc.c-torture/execute/991221-1.c execution, -Os
FAIL: gcc.dg/991214-1.c (test for excess errors)
FAIL: gcc.dg/compare2.c case 10 (test for bogus messages, line 29)
FAIL: gcc.dg/compare2.c case 12 (test for bogus messages, line 33)
FAIL: gcc.dg/cpp-if3.c simple truncation (test for bogus messages, line 13)
FAIL: gcc.dg/cpp-if3.c bit shift truncation (test for bogus messages, line 19)
FAIL: gcc.dg/cpp-if3.c math truncation (test for bogus messages, line 24)
FAIL: gcc.dg/cpp-if3.c (test for excess errors)
FAIL: gcc.dg/noreturn-1.c this function should not get any warnings (test for bogus messages, line 50)
FAIL: gcc.dg/noreturn-1.c detect return from tail call (test for warnings, line 57)
FAIL: gcc.dg/special/alias-1.c (test for excess errors)
FAIL: gcc.dg/special/wkali-1.c (test for excess errors)
FAIL: gcov-1.c:1:is 4:should be 11
FAIL: gcov-1.c:1:is 5:should be 10
FAIL: gcov-1.c:1:is 7:should be 1
=== gcc Summary for unix/-mcoff ===
# of expected passes 9812
# of unexpected failures 37
# of expected failures 31
# of unsupported tests 21
Running target unix/-fPIC
FAIL: gcc.c-torture/execute/20000225-1.c execution, -O2
FAIL: gcc.c-torture/execute/20000225-1.c execution, -O3 -fomit-frame-pointer
FAIL: gcc.c-torture/execute/20000225-1.c execution, -O3 -fomit-frame-pointer -funroll-loops
FAIL: gcc.c-torture/execute/20000225-1.c execution, -O3 -fomit-frame-pointer -funroll-all-loops -finline-functions
FAIL: gcc.c-torture/execute/20000225-1.c execution, -O3 -g
FAIL: gcc.c-torture/execute/20000225-1.c execution, -Os
FAIL: gcc.c-torture/execute/20000402-1.c execution, -O0
FAIL: gcc.c-torture/execute/20000402-1.c execution, -O1
FAIL: gcc.c-torture/execute/20000402-1.c execution, -O2
FAIL: gcc.c-torture/execute/20000402-1.c execution, -O3 -fomit-frame-pointer
FAIL: gcc.c-torture/execute/20000402-1.c execution, -O3 -g
FAIL: gcc.c-torture/execute/20000402-1.c execution, -Os
FAIL: gcc.c-torture/execute/20000412-2.c execution, -O2
FAIL: gcc.c-torture/execute/20000412-2.c execution, -O3 -fomit-frame-pointer
FAIL: gcc.c-torture/execute/20000412-2.c execution, -O3 -g
FAIL: gcc.c-torture/execute/20000412-2.c execution, -Os
FAIL: gcc.c-torture/execute/990127-2.c execution, -O3 -fomit-frame-pointer
FAIL: gcc.c-torture/execute/990127-2.c execution, -O3 -g
FAIL: gcc.c-torture/execute/991221-1.c execution, -O1
FAIL: gcc.c-torture/execute/991221-1.c execution, -O2
FAIL: gcc.c-torture/execute/991221-1.c execution, -O3 -fomit-frame-pointer
FAIL: gcc.c-torture/execute/991221-1.c execution, -O3 -g
FAIL: gcc.c-torture/execute/991221-1.c execution, -Os
FAIL: gcc.c-torture/execute/conversion.c execution, -O3 -fomit-frame-pointer
FAIL: gcc.c-torture/execute/conversion.c execution, -O3 -g
FAIL: gcc.c-torture/special/eeprof-1.c compilation, -O0
FAIL: gcc.c-torture/special/eeprof-1.c compilation, -O1
FAIL: gcc.c-torture/special/eeprof-1.c compilation, -O2
FAIL: gcc.c-torture/special/eeprof-1.c compilation, -O3 -fomit-frame-pointer
FAIL: gcc.c-torture/special/eeprof-1.c compilation, -O3 -g
FAIL: gcc.c-torture/special/eeprof-1.c compilation, -Os
FAIL: gcc.dg/991214-1.c (test for excess errors)
FAIL: gcc.dg/compare2.c case 10 (test for bogus messages, line 29)
FAIL: gcc.dg/compare2.c case 12 (test for bogus messages, line 33)
FAIL: gcc.dg/cpp-if3.c simple truncation (test for bogus messages, line 13)
FAIL: gcc.dg/cpp-if3.c bit shift truncation (test for bogus messages, line 19)
FAIL: gcc.dg/cpp-if3.c math truncation (test for bogus messages, line 24)
FAIL: gcc.dg/cpp-if3.c (test for excess errors)
=== gcc Summary for unix/-fPIC ===
# of expected passes 9803
# of unexpected failures 38
# of expected failures 31
# of unresolved testcases 6
# of unsupported tests 18
Running target unix/-melf
FAIL: gcc.c-torture/execute/20000225-1.c execution, -O2
FAIL: gcc.c-torture/execute/20000225-1.c execution, -O3 -fomit-frame-pointer
FAIL: gcc.c-torture/execute/20000225-1.c execution, -O3 -fomit-frame-pointer -funroll-loops
FAIL: gcc.c-torture/execute/20000225-1.c execution, -O3 -fomit-frame-pointer -funroll-all-loops -finline-functions
FAIL: gcc.c-torture/execute/20000225-1.c execution, -O3 -g
FAIL: gcc.c-torture/execute/20000225-1.c execution, -Os
FAIL: gcc.c-torture/execute/20000402-1.c execution, -O0
FAIL: gcc.c-torture/execute/20000402-1.c execution, -O1
FAIL: gcc.c-torture/execute/20000402-1.c execution, -O2
FAIL: gcc.c-torture/execute/20000402-1.c execution, -O3 -fomit-frame-pointer
FAIL: gcc.c-torture/execute/20000402-1.c execution, -O3 -g
FAIL: gcc.c-torture/execute/20000402-1.c execution, -Os
FAIL: gcc.c-torture/execute/20000412-2.c execution, -O2
FAIL: gcc.c-torture/execute/20000412-2.c execution, -O3 -fomit-frame-pointer
FAIL: gcc.c-torture/execute/20000412-2.c execution, -O3 -g
FAIL: gcc.c-torture/execute/20000412-2.c execution, -Os
FAIL: gcc.c-torture/execute/20000419-1.c execution, -O2
FAIL: gcc.c-torture/execute/20000419-1.c execution, -Os
FAIL: gcc.c-torture/execute/991221-1.c execution, -O1
FAIL: gcc.c-torture/execute/991221-1.c execution, -O2
FAIL: gcc.c-torture/execute/991221-1.c execution, -O3 -fomit-frame-pointer
FAIL: gcc.c-torture/execute/991221-1.c execution, -O3 -g
FAIL: gcc.c-torture/execute/991221-1.c execution, -Os
FAIL: gcc.c-torture/special/eeprof-1.c compilation, -O0
FAIL: gcc.c-torture/special/eeprof-1.c compilation, -O1
FAIL: gcc.c-torture/special/eeprof-1.c compilation, -O2
FAIL: gcc.c-torture/special/eeprof-1.c compilation, -O3 -fomit-frame-pointer
FAIL: gcc.c-torture/special/eeprof-1.c compilation, -O3 -g
FAIL: gcc.c-torture/special/eeprof-1.c compilation, -Os
FAIL: gcc.dg/991214-1.c (test for excess errors)
FAIL: gcc.dg/compare2.c case 10 (test for bogus messages, line 29)
FAIL: gcc.dg/compare2.c case 12 (test for bogus messages, line 33)
FAIL: gcc.dg/cpp-if3.c simple truncation (test for bogus messages, line 13)
FAIL: gcc.dg/cpp-if3.c bit shift truncation (test for bogus messages, line 19)
FAIL: gcc.dg/cpp-if3.c math truncation (test for bogus messages, line 24)
FAIL: gcc.dg/cpp-if3.c (test for excess errors)
FAIL: gcc.dg/noreturn-1.c this function should not get any warnings (test for bogus messages, line 50)
FAIL: gcc.dg/noreturn-1.c detect return from tail call (test for warnings, line 57)
=== gcc Summary for unix/-melf ===
# of expected passes 9803
# of unexpected failures 38
# of expected failures 31
# of unresolved testcases 6
# of unsupported tests 18
=== gcc Summary ===
# of expected passes 29418
# of unexpected failures 113
# of expected failures 93
# of unresolved testcases 12
# of unsupported tests 57
/play/negcs/gcc/xgcc version 2.96 20000428 (experimental)
=== g++ tests ===
Running target unix/-mcoff
FAIL: g++.dg/special/conpr-1.C (test for excess errors)
FAIL: conpr-2a.o
FAIL: conpr-3a.o
FAIL: g++.ext/attrib5.C (test for excess errors)
FAIL: g++.ext/initp1.C (test for excess errors)
FAIL: g++.jason/const3.C Execution test
FAIL: g++.jason/init2.C Execution test
FAIL: g++.jason/init3.C Execution test
FAIL: g++.jason/new4.C Execution test
FAIL: g++.jason/return3.C Execution test
FAIL: g++.jason/template11.C Execution test
FAIL: g++.law/profile1.C (test for excess errors)
FAIL: g++.mike/dyncast2.C Execution test
FAIL: g++.mike/dyncast3.C Execution test
FAIL: g++.mike/dyncast9.C Execution test
FAIL: g++.mike/eh36.C Execution test
FAIL: g++.mike/eh37.C Execution test
FAIL: g++.mike/eh38.C Execution test
FAIL: g++.mike/leak1.C Execution test
FAIL: g++.mike/misc13.C Execution test
FAIL: g++.mike/net17.C Execution test
FAIL: g++.mike/net26.C Execution test
FAIL: g++.mike/offset1.C Execution test
FAIL: g++.mike/p10849a.C Execution test
FAIL: g++.mike/p2394.C Execution test
FAIL: g++.mike/p4736a.C Execution test
FAIL: g++.mike/p6927.C Execution test
FAIL: g++.mike/p789.C Execution test
FAIL: g++.mike/pmf2.C Execution test
FAIL: g++.mike/pmf8.C Execution test
FAIL: g++.mike/ref1.C Execution test
FAIL: g++.mike/temp.C Execution test
FAIL: g++.mike/virt2.C Execution test
FAIL: g++.oliva/template7.C caused compiler crash
FAIL: g++.other/crash15.C caused compiler crash
FAIL: g++.other/init1.C Execution test
FAIL: g++.other/init11.C Execution test
XPASS: g++.other/init5.C Execution test
FAIL: g++.other/inline7.C Execution test
FAIL: g++.other/inline8.C Execution test
FAIL: g++.other/ptrmem6.C (test for excess errors)
FAIL: g++.other/rtti3.C Execution test
FAIL: g++.other/rtti4.C Execution test
FAIL: g++.other/rttid2.C Execution test
FAIL: g++.other/rttid3.C Execution test
FAIL: g++.other/rttid4.C Execution test
FAIL: g++.pt/crash44.C (test for excess errors)
XPASS: g++.pt/decl2.C ICE - (test for errors, line 8)
FAIL: g++.pt/static3.C (test for excess errors)
FAIL: g++.pt/static6.C (test for excess errors)
FAIL: g++.pt/static8.C Execution test
FAIL: g++.pt/virtual4.C Execution test
FAIL: g++.robertl/eb41.C Execution test
FAIL: g++.robertl/eh990323-2.C Execution test
=== g++ Summary for unix/-mcoff ===
# of expected passes 5774
# of unexpected failures 52
# of unexpected successes 2
# of expected failures 92
# of untested testcases 14
# of unsupported tests 4
Running target unix/-fPIC
FAIL: g++.dg/special/conpr-1.C execution test
FAIL: g++.dg/special/conpr-2.C execution test
FAIL: g++.dg/special/conpr-3.C execution test
FAIL: g++.dg/special/conpr-3.C execution test
FAIL: g++.ext/initp1.C Execution test
FAIL: g++.law/profile1.C (test for excess errors)
FAIL: g++.oliva/template7.C caused compiler crash
FAIL: g++.other/new3.C Execution test
FAIL: g++.other/ptrmem6.C (test for excess errors)
FAIL: g++.pt/crash44.C (test for excess errors)
XPASS: g++.pt/decl2.C ICE - (test for errors, line 8)
=== g++ Summary for unix/-fPIC ===
# of expected passes 5826
# of unexpected failures 10
# of unexpected successes 1
# of expected failures 88
# of untested testcases 14
Running target unix/-melf
FAIL: g++.dg/special/conpr-1.C execution test
FAIL: g++.dg/special/conpr-2.C execution test
FAIL: g++.dg/special/conpr-3.C execution test
FAIL: g++.dg/special/conpr-3.C execution test
FAIL: g++.ext/initp1.C Execution test
FAIL: g++.law/profile1.C (test for excess errors)
FAIL: g++.oliva/template7.C caused compiler crash
FAIL: g++.other/new3.C Execution test
FAIL: g++.other/ptrmem6.C (test for excess errors)
FAIL: g++.pt/crash44.C (test for excess errors)
XPASS: g++.pt/decl2.C ICE - (test for errors, line 8)
=== g++ Summary for unix/-melf ===
# of expected passes 5825
# of unexpected failures 10
# of unexpected successes 1
# of expected failures 89
# of untested testcases 14
=== g++ Summary ===
# of expected passes 17425
# of unexpected failures 72
# of unexpected successes 4
# of expected failures 269
# of untested testcases 42
# of unsupported tests 4
/play/negcs/gcc/testsuite/../g++ version 2.96 20000428 (experimental)
=== g77 tests ===
Running target unix/-mcoff
FAIL: g77.f-torture/execute/19990325-0.f compilation, -O0
FAIL: g77.f-torture/execute/19990325-0.f compilation, -O1
FAIL: g77.f-torture/execute/19990325-0.f compilation, -O2
FAIL: g77.f-torture/execute/19990325-0.f compilation, -O2 -fomit-frame-pointer -finline-functions
FAIL: g77.f-torture/execute/19990325-0.f compilation, -Os
FAIL: g77.f-torture/execute/19990325-1.f compilation, -O0
FAIL: g77.f-torture/execute/19990325-1.f compilation, -O1
FAIL: g77.f-torture/execute/19990325-1.f compilation, -O2
FAIL: g77.f-torture/execute/19990325-1.f compilation, -O2 -fomit-frame-pointer -finline-functions
FAIL: g77.f-torture/execute/19990325-1.f compilation, -Os
FAIL: g77.f-torture/execute/short.f execution, -Os
=== g77 Summary for unix/-mcoff ===
# of expected passes 648
# of unexpected failures 11
# of untested testcases 10
Running target unix/-fPIC
FAIL: g77.f-torture/execute/19990325-0.f compilation, -O0
FAIL: g77.f-torture/execute/19990325-0.f compilation, -O1
FAIL: g77.f-torture/execute/19990325-0.f compilation, -O2
FAIL: g77.f-torture/execute/19990325-0.f compilation, -O2 -fomit-frame-pointer -finline-functions
FAIL: g77.f-torture/execute/19990325-0.f compilation, -Os
FAIL: g77.f-torture/execute/19990325-1.f compilation, -O0
FAIL: g77.f-torture/execute/19990325-1.f compilation, -O1
FAIL: g77.f-torture/execute/19990325-1.f compilation, -O2
FAIL: g77.f-torture/execute/19990325-1.f compilation, -O2 -fomit-frame-pointer -finline-functions
FAIL: g77.f-torture/execute/19990325-1.f compilation, -Os
=== g77 Summary for unix/-fPIC ===
# of expected passes 649
# of unexpected failures 10
# of untested testcases 10
Running target unix/-melf
FAIL: g77.f-torture/execute/19990325-0.f compilation, -O0
FAIL: g77.f-torture/execute/19990325-0.f compilation, -O1
FAIL: g77.f-torture/execute/19990325-0.f compilation, -O2
FAIL: g77.f-torture/execute/19990325-0.f compilation, -O2 -fomit-frame-pointer -finline-functions
FAIL: g77.f-torture/execute/19990325-0.f compilation, -Os
FAIL: g77.f-torture/execute/19990325-1.f compilation, -O0
FAIL: g77.f-torture/execute/19990325-1.f compilation, -O1
FAIL: g77.f-torture/execute/19990325-1.f compilation, -O2
FAIL: g77.f-torture/execute/19990325-1.f compilation, -O2 -fomit-frame-pointer -finline-functions
FAIL: g77.f-torture/execute/19990325-1.f compilation, -Os
FAIL: g77.f-torture/execute/short.f execution, -Os
=== g77 Summary for unix/-melf ===
# of expected passes 648
# of unexpected failures 11
# of untested testcases 10
=== g77 Summary ===
# of expected passes 1945
# of unexpected failures 32
# of untested testcases 30
=== objc tests ===
Running target unix/-mcoff
FAIL: objc/execute/bf-1.m execution, -O
FAIL: objc/execute/bf-10.m execution, -O
FAIL: objc/execute/bf-11.m execution, -O
FAIL: objc/execute/bf-12.m execution, -O
FAIL: objc/execute/bf-13.m execution, -O
FAIL: objc/execute/bf-14.m execution, -O
FAIL: objc/execute/bf-15.m execution, -O
FAIL: objc/execute/bf-16.m execution, -O
FAIL: objc/execute/bf-17.m execution, -O
FAIL: objc/execute/bf-18.m execution, -O
FAIL: objc/execute/bf-19.m execution, -O
FAIL: objc/execute/bf-2.m execution, -O
FAIL: objc/execute/bf-20.m execution, -O
FAIL: objc/execute/bf-3.m execution, -O
FAIL: objc/execute/bf-4.m execution, -O
FAIL: objc/execute/bf-5.m execution, -O
FAIL: objc/execute/bf-6.m execution, -O
FAIL: objc/execute/bf-7.m execution, -O
FAIL: objc/execute/bf-8.m execution, -O
FAIL: objc/execute/bf-9.m execution, -O
=== objc Summary for unix/-mcoff ===
# of expected passes 20
# of unexpected failures 20
Running target unix/-fPIC
=== objc Summary for unix/-fPIC ===
# of expected passes 40
Running target unix/-melf
=== objc Summary for unix/-melf ===
# of expected passes 40
=== objc Summary ===
# of expected passes 100
# of unexpected failures 20
/play/negcs/gcc/xgcc version 2.96 20000428 (experimental)
Compiler version: 2.96 20000428 (experimental)
Platform: i586-pc-sco3.2v5.0.5
configure flags: --with-gcc-version-trigger=/play/egcs/gcc/version.c --host=i586-pc-sco3.2v5.0.5 --target=i586-pc-sco3.2v5.0.5 --norecursion
More information about the Gcc-testresults
mailing list