Results for 2.96 20000424 (experimental) testsuite on powerpc-ibm-aix4.3.3.0
Alexandre Oliva
aoliva@bluey.cygnus.com
Tue Apr 25 13:55:00 GMT 2000
Native configuration is powerpc-ibm-aix4.3.3.0
=== g++ tests ===
Running target unix
FAIL: g++.ext/attrib5.C (test for excess errors)
FAIL: g++.jason/thunk2.C (test for excess errors)
FAIL: g++.jason/thunk3.C (test for excess errors)
FAIL: g++.law/vtable2.C (test for excess errors)
FAIL: g++.mike/eh30.C (test for excess errors)
FAIL: g++.mike/p4750.C (test for excess errors)
FAIL: g++.mike/thunk1.C (test for excess errors)
FAIL: g++.oliva/template7.C caused compiler crash
FAIL: g++.other/ptrmem6.C (test for excess errors)
FAIL: g++.pt/crash44.C (test for excess errors)
XPASS: g++.pt/decl2.C ICE - (test for errors, line 8)
FAIL: g++.pt/instantiate4.C (test for excess errors)
FAIL: g++.pt/instantiate6.C (test for excess errors)
FAIL: g++.pt/local6.C (test for excess errors)
FAIL: g++.pt/mi1.C (test for excess errors)
FAIL: g++.pt/repo1.C (test for excess errors)
FAIL: g++.pt/repo2.C (test for excess errors)
FAIL: g++.pt/spec3.C (test for excess errors)
FAIL: g++.pt/static3.C (test for excess errors)
FAIL: g++.pt/static6.C (test for excess errors)
FAIL: g++.pt/virtual1.C (test for excess errors)
FAIL: g++.pt/virtual4.C (test for excess errors)
FAIL: g++.robertl/eb106.C (test for excess errors)
=== g++ Summary ===
# of expected passes 5797
# of unexpected failures 22
# of unexpected successes 1
# of expected failures 95
# of untested testcases 18
/horton/aoliva/powerpc-ibm-aix4.3.3.0/egcs/gcc/testsuite/../g++ version 2.96 20000424 (experimental)
=== g77 tests ===
Running target unix
FAIL: g77.f-torture/execute/19990325-0.f compilation, -O0
FAIL: g77.f-torture/execute/19990325-0.f compilation, -O1
FAIL: g77.f-torture/execute/19990325-0.f compilation, -O2
FAIL: g77.f-torture/execute/19990325-0.f compilation, -O2 -fomit-frame-pointer -finline-functions
FAIL: g77.f-torture/execute/19990325-0.f compilation, -Os
FAIL: g77.f-torture/execute/19990325-1.f compilation, -O0
FAIL: g77.f-torture/execute/19990325-1.f compilation, -O1
FAIL: g77.f-torture/execute/19990325-1.f compilation, -O2
FAIL: g77.f-torture/execute/19990325-1.f compilation, -O2 -fomit-frame-pointer -finline-functions
FAIL: g77.f-torture/execute/19990325-1.f compilation, -Os
FAIL: g77.f-torture/execute/u77-test.f execution, -O0
FAIL: g77.f-torture/execute/u77-test.f execution, -O1
FAIL: g77.f-torture/execute/u77-test.f execution, -O2
FAIL: g77.f-torture/execute/u77-test.f execution, -O2 -fomit-frame-pointer -finline-functions
FAIL: g77.f-torture/execute/u77-test.f execution, -O2 -fomit-frame-pointer -finline-functions -funroll-loops
FAIL: g77.f-torture/execute/u77-test.f execution, -O2 -fomit-frame-pointer -finline-functions -funroll-all-loops
FAIL: g77.f-torture/execute/u77-test.f execution, -Os
=== g77 Summary ===
# of expected passes 642
# of unexpected failures 17
# of untested testcases 10
=== gcc tests ===
Running target unix
FAIL: gcc.c-torture/compile/981001-2.c, -O3 -fomit-frame-pointer
FAIL: gcc.c-torture/compile/981001-2.c, -O3 -g
FAIL: gcc.c-torture/execute/20000225-1.c execution, -O2
FAIL: gcc.c-torture/execute/20000225-1.c execution, -O3 -fomit-frame-pointer
FAIL: gcc.c-torture/execute/20000225-1.c execution, -O3 -fomit-frame-pointer -funroll-loops
FAIL: gcc.c-torture/execute/20000225-1.c execution, -O3 -fomit-frame-pointer -funroll-all-loops -finline-functions
FAIL: gcc.c-torture/execute/20000225-1.c execution, -O3 -g
FAIL: gcc.c-torture/execute/20000225-1.c execution, -Os
FAIL: gcc.c-torture/execute/20000412-2.c execution, -O2
FAIL: gcc.c-torture/execute/20000412-2.c execution, -O3 -fomit-frame-pointer
FAIL: gcc.c-torture/execute/20000412-2.c execution, -O3 -g
FAIL: gcc.c-torture/execute/20000412-2.c execution, -Os
FAIL: gcc.c-torture/execute/20000412-3.c execution, -O0
FAIL: gcc.c-torture/execute/20000412-3.c execution, -O1
FAIL: gcc.c-torture/execute/20000412-3.c execution, -O2
FAIL: gcc.c-torture/execute/20000412-3.c execution, -O3 -fomit-frame-pointer
FAIL: gcc.c-torture/execute/20000412-3.c execution, -O3 -g
FAIL: gcc.c-torture/execute/20000412-3.c execution, -Os
FAIL: gcc.c-torture/execute/991221-1.c execution, -O1
FAIL: gcc.c-torture/execute/991221-1.c execution, -O2
FAIL: gcc.c-torture/execute/991221-1.c execution, -O3 -fomit-frame-pointer
FAIL: gcc.c-torture/execute/991221-1.c execution, -O3 -g
FAIL: gcc.c-torture/execute/991221-1.c execution, -Os
FAIL: gcc.c-torture/execute/memcheck/blkarg.c compilation, -O0
FAIL: gcc.c-torture/execute/memcheck/blkarg.c compilation, -O1
FAIL: gcc.c-torture/execute/memcheck/blkarg.c compilation, -O2
FAIL: gcc.c-torture/execute/memcheck/blkarg.c compilation, -O3 -fomit-frame-pointer
FAIL: gcc.c-torture/execute/memcheck/blkarg.c compilation, -O3 -g
FAIL: gcc.c-torture/execute/memcheck/blkarg.c compilation, -Os
FAIL: gcc.c-torture/execute/memcheck/t1.c compilation, -O0
FAIL: gcc.c-torture/execute/memcheck/t1.c compilation, -O1
FAIL: gcc.c-torture/execute/memcheck/t1.c compilation, -O2
FAIL: gcc.c-torture/execute/memcheck/t1.c compilation, -O3 -fomit-frame-pointer
FAIL: gcc.c-torture/execute/memcheck/t1.c compilation, -O3 -g
FAIL: gcc.c-torture/execute/memcheck/t1.c compilation, -Os
FAIL: gcc.c-torture/execute/memcheck/t2.c compilation, -O0
FAIL: gcc.c-torture/execute/memcheck/t2.c compilation, -O1
FAIL: gcc.c-torture/execute/memcheck/t2.c compilation, -O2
FAIL: gcc.c-torture/execute/memcheck/t2.c compilation, -O3 -fomit-frame-pointer
FAIL: gcc.c-torture/execute/memcheck/t2.c compilation, -O3 -g
FAIL: gcc.c-torture/execute/memcheck/t2.c compilation, -Os
FAIL: gcc.c-torture/execute/memcheck/t3.c compilation, -O0
FAIL: gcc.c-torture/execute/memcheck/t3.c compilation, -O1
FAIL: gcc.c-torture/execute/memcheck/t3.c compilation, -O2
FAIL: gcc.c-torture/execute/memcheck/t3.c compilation, -O3 -fomit-frame-pointer
FAIL: gcc.c-torture/execute/memcheck/t3.c compilation, -O3 -g
FAIL: gcc.c-torture/execute/memcheck/t3.c compilation, -Os
FAIL: gcc.c-torture/execute/memcheck/t4.c compilation, -O0
FAIL: gcc.c-torture/execute/memcheck/t4.c compilation, -O1
FAIL: gcc.c-torture/execute/memcheck/t4.c compilation, -O2
FAIL: gcc.c-torture/execute/memcheck/t4.c compilation, -O3 -fomit-frame-pointer
FAIL: gcc.c-torture/execute/memcheck/t4.c compilation, -O3 -g
FAIL: gcc.c-torture/execute/memcheck/t4.c compilation, -Os
FAIL: gcc.c-torture/execute/memcheck/t5.c compilation, -O0
FAIL: gcc.c-torture/execute/memcheck/t5.c compilation, -O1
FAIL: gcc.c-torture/execute/memcheck/t5.c compilation, -O2
FAIL: gcc.c-torture/execute/memcheck/t5.c compilation, -O3 -fomit-frame-pointer
FAIL: gcc.c-torture/execute/memcheck/t5.c compilation, -O3 -g
FAIL: gcc.c-torture/execute/memcheck/t5.c compilation, -Os
FAIL: gcc.c-torture/execute/memcheck/t6.c compilation, -O0
FAIL: gcc.c-torture/execute/memcheck/t6.c compilation, -O1
FAIL: gcc.c-torture/execute/memcheck/t6.c compilation, -O2
FAIL: gcc.c-torture/execute/memcheck/t6.c compilation, -O3 -fomit-frame-pointer
FAIL: gcc.c-torture/execute/memcheck/t6.c compilation, -O3 -g
FAIL: gcc.c-torture/execute/memcheck/t6.c compilation, -Os
FAIL: gcc.c-torture/execute/memcheck/t7.c compilation, -O0
FAIL: gcc.c-torture/execute/memcheck/t7.c compilation, -O1
FAIL: gcc.c-torture/execute/memcheck/t7.c compilation, -O2
FAIL: gcc.c-torture/execute/memcheck/t7.c compilation, -O3 -fomit-frame-pointer
FAIL: gcc.c-torture/execute/memcheck/t7.c compilation, -O3 -g
FAIL: gcc.c-torture/execute/memcheck/t7.c compilation, -Os
FAIL: gcc.c-torture/execute/memcheck/t8.c compilation, -O0
FAIL: gcc.c-torture/execute/memcheck/t8.c compilation, -O1
FAIL: gcc.c-torture/execute/memcheck/t8.c compilation, -O2
FAIL: gcc.c-torture/execute/memcheck/t8.c compilation, -O3 -fomit-frame-pointer
FAIL: gcc.c-torture/execute/memcheck/t8.c compilation, -O3 -g
FAIL: gcc.c-torture/execute/memcheck/t8.c compilation, -Os
FAIL: gcc.c-torture/execute/memcheck/t9.c compilation, -O0
FAIL: gcc.c-torture/execute/memcheck/t9.c compilation, -O1
FAIL: gcc.c-torture/execute/memcheck/t9.c compilation, -O2
FAIL: gcc.c-torture/execute/memcheck/t9.c compilation, -O3 -fomit-frame-pointer
FAIL: gcc.c-torture/execute/memcheck/t9.c compilation, -O3 -g
FAIL: gcc.c-torture/execute/memcheck/t9.c compilation, -Os
FAIL: gcc.c-torture/special/eeprof-1.c execution, -O0
FAIL: gcc.c-torture/special/eeprof-1.c execution, -O1
FAIL: gcc.c-torture/special/eeprof-1.c execution, -O2
FAIL: gcc.c-torture/special/eeprof-1.c execution, -O3 -fomit-frame-pointer
FAIL: gcc.c-torture/special/eeprof-1.c execution, -O3 -g
FAIL: gcc.c-torture/special/eeprof-1.c execution, -Os
FAIL: gcc.dg/compare2.c case 10 (test for bogus messages, line 29)
FAIL: gcc.dg/compare2.c case 12 (test for bogus messages, line 33)
FAIL: alias-1.c
FAIL: wkali-1.c
=== gcc Summary ===
# of expected passes 9628
# of unexpected failures 93
# of expected failures 25
# of unresolved testcases 60
# of unsupported tests 36
/horton/aoliva/powerpc-ibm-aix4.3.3.0/egcs/gcc/xgcc version 2.96 20000424 (experimental)
=== libg++ tests ===
Running target unix
FAIL: tBitSet.cc compilation
FAIL: tBitString.cc compilation
FAIL: tDeque.cc compilation
FAIL: tFile.cc compilation
FAIL: tFix.cc compilation
FAIL: tFix16.cc compilation
FAIL: tFix24.cc compilation
FAIL: tGetOpt.cc compilation
FAIL: tInteger.cc compilation
FAIL: tLList.cc compilation
FAIL: tList.cc compilation
FAIL: tObstack.cc compilation
FAIL: tPQ.cc compilation
FAIL: tPlex.cc compilation
FAIL: tQueue.cc compilation
FAIL: tRandom.cc compilation
FAIL: tRational.cc compilation
FAIL: tStack.cc compilation
FAIL: tString.cc compilation
FAIL: tVec.cc compilation
FAIL: tiLList.cc compilation
=== libg++ Summary ===
# of expected passes 9
# of unexpected failures 21
# of expected failures 42
=== libio tests ===
Running target unix
=== libio Summary ===
# of expected passes 40
=== libstdc++ tests ===
Running target unix
=== libstdc++ Summary ===
# of expected passes 30
=== objc tests ===
Running target unix
FAIL: objc/execute/bf-1.m compilation, -O
FAIL: objc/execute/bf-10.m compilation, -O
FAIL: objc/execute/bf-11.m compilation, -O
FAIL: objc/execute/bf-12.m compilation, -O
FAIL: objc/execute/bf-13.m compilation, -O
FAIL: objc/execute/bf-14.m compilation, -O
FAIL: objc/execute/bf-15.m compilation, -O
FAIL: objc/execute/bf-16.m compilation, -O
FAIL: objc/execute/bf-17.m compilation, -O
FAIL: objc/execute/bf-18.m compilation, -O
FAIL: objc/execute/bf-19.m compilation, -O
FAIL: objc/execute/bf-2.m compilation, -O
FAIL: objc/execute/bf-20.m compilation, -O
FAIL: objc/execute/bf-3.m compilation, -O
FAIL: objc/execute/bf-4.m compilation, -O
FAIL: objc/execute/bf-5.m compilation, -O
FAIL: objc/execute/bf-6.m compilation, -O
FAIL: objc/execute/bf-7.m compilation, -O
FAIL: objc/execute/bf-8.m compilation, -O
FAIL: objc/execute/bf-9.m compilation, -O
=== objc Summary ===
# of unexpected failures 20
# of untested testcases 20
/horton/aoliva/powerpc-ibm-aix4.3.3.0/egcs/gcc/xgcc version 2.96 20000424 (experimental)
Compiler version: 2.96 20000424 (experimental)
Platform: powerpc-ibm-aix4.3.3.0
BOOT_CFLAGS: -g -O9 -W -Wall
More information about the Gcc-testresults
mailing list