Results for 2.96 20000417 (experimental) testsuite on powerpc-ibm-aix4.1.5.0
Alexandre Oliva
oliva@lsd.ic.unicamp.br
Thu Apr 20 17:51:00 GMT 2000
Native configuration is powerpc-ibm-aix4.1.5.0
=== binutils tests ===
Running target unix
FAIL: strip with saving a symbol
FAIL: run stripped executable with saving a symbol
=== binutils Summary ===
# of expected passes 21
# of unexpected failures 2
# of expected failures 3
=== g++ tests ===
Running target unix
FAIL: g++.jason/thunk2.C (test for excess errors)
FAIL: g++.jason/thunk3.C (test for excess errors)
FAIL: g++.mike/debug1.C (test for excess errors)
FAIL: g++.mike/eh30.C (test for excess errors)
FAIL: g++.mike/p11142.C (test for excess errors)
FAIL: g++.mike/p4750.C (test for excess errors)
FAIL: g++.mike/unroll1.C (test for excess errors)
FAIL: g++.oliva/template7.C caused compiler crash
FAIL: g++.other/debug2.C (test for excess errors)
FAIL: g++.other/debug6.C (test for excess errors)
FAIL: g++.other/ptrmem6.C (test for excess errors)
FAIL: g++.pt/crash44.C (test for excess errors)
XPASS: g++.pt/decl2.C ICE - (test for errors, line 8)
FAIL: g++.pt/instantiate4.C (test for excess errors)
FAIL: g++.pt/instantiate6.C (test for excess errors)
FAIL: g++.pt/local6.C (test for excess errors)
FAIL: g++.pt/mi1.C (test for excess errors)
FAIL: g++.pt/repo1.C (test for excess errors)
FAIL: g++.pt/repo2.C (test for excess errors)
FAIL: g++.pt/spec3.C (test for excess errors)
FAIL: g++.pt/static10.C ANSI C++ forbids in-class initialization of non-const static member `x' (test for errors, line 15)
FAIL: g++.pt/static3.C (test for excess errors)
FAIL: g++.pt/static6.C (test for excess errors)
FAIL: g++.pt/virtual1.C (test for excess errors)
FAIL: g++.pt/virtual4.C (test for excess errors)
FAIL: g++.robertl/eb106.C (test for excess errors)
FAIL: g++.robertl/eb127.C caused compiler crash
FAIL: g++.robertl/eb130.C (test for excess errors)
=== g++ Summary ===
# of expected passes 5784
# of unexpected failures 27
# of unexpected successes 1
# of expected failures 94
# of untested testcases 18
/tmp/egcs/gcc/testsuite/../g++ version 2.96 20000417 (experimental)
=== g77 tests ===
Running target unix
FAIL: g77.f-torture/execute/19990325-0.f compilation, -O0
FAIL: g77.f-torture/execute/19990325-0.f compilation, -O1
FAIL: g77.f-torture/execute/19990325-0.f compilation, -O2
FAIL: g77.f-torture/execute/19990325-0.f compilation, -O2 -fomit-frame-pointer -finline-functions
FAIL: g77.f-torture/execute/19990325-0.f compilation, -Os
FAIL: g77.f-torture/execute/19990325-1.f compilation, -O0
FAIL: g77.f-torture/execute/19990325-1.f compilation, -O1
FAIL: g77.f-torture/execute/19990325-1.f compilation, -O2
FAIL: g77.f-torture/execute/19990325-1.f compilation, -O2 -fomit-frame-pointer -finline-functions
FAIL: g77.f-torture/execute/19990325-1.f compilation, -Os
FAIL: g77.f-torture/execute/u77-test.f execution, -O0
FAIL: g77.f-torture/execute/u77-test.f execution, -O1
FAIL: g77.f-torture/execute/u77-test.f execution, -O2
FAIL: g77.f-torture/execute/u77-test.f execution, -O2 -fomit-frame-pointer -finline-functions
FAIL: g77.f-torture/execute/u77-test.f execution, -O2 -fomit-frame-pointer -finline-functions -funroll-loops
FAIL: g77.f-torture/execute/u77-test.f execution, -O2 -fomit-frame-pointer -finline-functions -funroll-all-loops
FAIL: g77.f-torture/execute/u77-test.f execution, -Os
=== g77 Summary ===
# of expected passes 642
# of unexpected failures 17
# of untested testcases 10
=== gas tests ===
Running target unix
=== gas Summary ===
# of expected passes 59
=== gcc tests ===
Running target unix
FAIL: gcc.c-torture/execute/20000225-1.c execution, -O2
FAIL: gcc.c-torture/execute/20000225-1.c execution, -O3 -fomit-frame-pointer
FAIL: gcc.c-torture/execute/20000225-1.c execution, -O3 -fomit-frame-pointer -funroll-loops
FAIL: gcc.c-torture/execute/20000225-1.c execution, -O3 -fomit-frame-pointer -funroll-all-loops -finline-functions
FAIL: gcc.c-torture/execute/20000225-1.c execution, -O3 -g
FAIL: gcc.c-torture/execute/20000225-1.c execution, -Os
FAIL: gcc.c-torture/execute/20000412-2.c execution, -O2
FAIL: gcc.c-torture/execute/20000412-2.c execution, -O3 -fomit-frame-pointer
FAIL: gcc.c-torture/execute/20000412-2.c execution, -O3 -g
FAIL: gcc.c-torture/execute/20000412-2.c execution, -Os
FAIL: gcc.c-torture/execute/20000412-3.c execution, -O0
FAIL: gcc.c-torture/execute/20000412-3.c execution, -O1
FAIL: gcc.c-torture/execute/20000412-3.c execution, -O2
FAIL: gcc.c-torture/execute/20000412-3.c execution, -O3 -fomit-frame-pointer
FAIL: gcc.c-torture/execute/20000412-3.c execution, -O3 -g
FAIL: gcc.c-torture/execute/20000412-3.c execution, -Os
FAIL: gcc.c-torture/execute/920501-6.c compilation, -O3 -g
FAIL: gcc.c-torture/execute/931009-1.c compilation, -O3 -g
FAIL: gcc.c-torture/execute/941202-1.c compilation, -O3 -g
FAIL: gcc.c-torture/execute/950628-1.c compilation, -O3 -g
FAIL: gcc.c-torture/execute/961125-1.c compilation, -O3 -g
FAIL: gcc.c-torture/execute/991221-1.c execution, -O1
FAIL: gcc.c-torture/execute/991221-1.c execution, -O2
FAIL: gcc.c-torture/execute/991221-1.c execution, -O3 -fomit-frame-pointer
FAIL: gcc.c-torture/execute/991221-1.c execution, -O3 -g
FAIL: gcc.c-torture/execute/991221-1.c execution, -Os
FAIL: gcc.c-torture/execute/cmpdi-1.c compilation, -O3 -g
FAIL: gcc.c-torture/execute/loop-2b.c compilation, -O3 -g
XPASS: gcc.c-torture/execute/memcheck/blkarg.c execution, -O0
XPASS: gcc.c-torture/execute/memcheck/blkarg.c execution, -O1
XPASS: gcc.c-torture/execute/memcheck/blkarg.c execution, -O2
XPASS: gcc.c-torture/execute/memcheck/blkarg.c execution, -O3 -fomit-frame-pointer
XPASS: gcc.c-torture/execute/memcheck/blkarg.c execution, -O3 -g
XPASS: gcc.c-torture/execute/memcheck/blkarg.c execution, -Os
FAIL: gcc.c-torture/noncompile/990416-1.c
FAIL: gcc.c-torture/noncompile/poison-1.c
FAIL: gcc.c-torture/special/eeprof-1.c execution, -O0
FAIL: gcc.c-torture/special/eeprof-1.c execution, -O1
FAIL: gcc.c-torture/special/eeprof-1.c execution, -O2
FAIL: gcc.c-torture/special/eeprof-1.c execution, -O3 -fomit-frame-pointer
FAIL: gcc.c-torture/special/eeprof-1.c execution, -O3 -g
FAIL: gcc.c-torture/special/eeprof-1.c execution, -Os
FAIL: gcc.dg/compare2.c case 10 (test for bogus messages, line 29)
FAIL: gcc.dg/compare2.c case 12 (test for bogus messages, line 33)
FAIL: gcc.dg/cpp-redef-2.c redef va (test for warnings, line 15)
FAIL: gcc.dg/cpp-redef-2.c prev def va (test for warnings, line 14)
FAIL: gcc.dg/cpp-redef-2.c anon varargs (test for warnings, line 15)
FAIL: gcc.dg/cpp-redef-2.c (test for excess errors)
FAIL: gcc.dg/cpp-tradwarn1.c extension warning (test for warnings, line 24)
FAIL: gcc.dg/cpp-tradwarn1.c extension warning (test for warnings, line 25)
FAIL: gcc.dg/cpp-tradwarn1.c (test for excess errors)
=== gcc Summary ===
# of expected passes 9670
# of unexpected failures 45
# of unexpected successes 6
# of expected failures 25
# of unresolved testcases 7
# of unsupported tests 36
/tmp/egcs/gcc/xgcc version 2.96 20000417 (experimental)
=== libg++ tests ===
Running target unix
FAIL: tBitSet.cc compilation
FAIL: tBitString.cc compilation
FAIL: tRational.cc compilation
FAIL: tDeque.cc compilation
FAIL: tFile.cc compilation
FAIL: tFix.cc compilation
FAIL: tFix16.cc compilation
FAIL: tFix24.cc compilation
FAIL: tGetOpt.cc compilation
FAIL: tInteger.cc compilation
FAIL: tLList.cc compilation
FAIL: tList.cc compilation
FAIL: tObstack.cc compilation
FAIL: tPQ.cc compilation
FAIL: tPlex.cc compilation
FAIL: tQueue.cc compilation
FAIL: tRandom.cc compilation
FAIL: tStack.cc compilation
FAIL: tString.cc compilation
FAIL: tVec.cc compilation
FAIL: tiLList.cc compilation
=== libg++ Summary ===
# of expected passes 9
# of unexpected failures 21
# of expected failures 42
=== libio tests ===
Running target unix
FAIL: putbackdog.cc compilation
FAIL: putbackdog.cc compilation -b0
FAIL: putbackdog.cc compilation -b2
FAIL: tFile.cc compilation
FAIL: tFile.cc compilation -b0
FAIL: tFile.cc compilation -b3
FAIL: tfformat.c compilation
FAIL: tiomisc.cc compilation
=== libio Summary ===
# of expected passes 17
# of unexpected failures 8
# of expected failures 15
=== libstdc++ tests ===
Running target unix
FAIL: tcomplex.cc -O compilation
FAIL: tlist.cc compilation
FAIL: tlist.cc -O compilation
FAIL: tmap.cc compilation
FAIL: tmap.cc -O compilation
FAIL: tstring.cc compilation
FAIL: tstring.cc -O compilation
FAIL: tvector.cc -O compilation
=== libstdc++ Summary ===
# of expected passes 6
# of unexpected failures 8
# of expected failures 16
=== objc tests ===
Running target unix
FAIL: objc/execute/bf-1.m compilation, -O
FAIL: objc/execute/bf-10.m compilation, -O
FAIL: objc/execute/bf-11.m compilation, -O
FAIL: objc/execute/bf-12.m compilation, -O
FAIL: objc/execute/bf-13.m compilation, -O
FAIL: objc/execute/bf-14.m compilation, -O
FAIL: objc/execute/bf-15.m compilation, -O
FAIL: objc/execute/bf-16.m compilation, -O
FAIL: objc/execute/bf-17.m compilation, -O
FAIL: objc/execute/bf-18.m compilation, -O
FAIL: objc/execute/bf-19.m compilation, -O
FAIL: objc/execute/bf-2.m compilation, -O
FAIL: objc/execute/bf-20.m compilation, -O
FAIL: objc/execute/bf-3.m compilation, -O
FAIL: objc/execute/bf-4.m compilation, -O
FAIL: objc/execute/bf-5.m compilation, -O
FAIL: objc/execute/bf-6.m compilation, -O
FAIL: objc/execute/bf-7.m compilation, -O
FAIL: objc/execute/bf-8.m compilation, -O
FAIL: objc/execute/bf-9.m compilation, -O
=== objc Summary ===
# of unexpected failures 20
# of untested testcases 20
/tmp/egcs/gcc/xgcc version 2.96 20000417 (experimental)
Compiler version: 2.96 20000417 (experimental)
Platform: powerpc-ibm-aix4.1.5.0
BOOT_CFLAGS: -g -O9 -W -Wall
Counting all warnings,
there are 177 warnings in stage3 of this bootstrap.
Number of warnings per file:
26 /home/lsd/oliva/src/egcs/gcc/combine.c
16 /home/lsd/oliva/src/egcs/gcc/config/rs6000/rs6000.c
14 /home/lsd/oliva/src/egcs/gcc/f/global.c
10 /home/lsd/oliva/src/egcs/gcc/f/storag.c
9 /home/lsd/oliva/src/egcs/gcc/expr.c
8 /home/lsd/oliva/src/egcs/gcc/f/lex.c
8 /home/lsd/oliva/src/egcs/gcc/f/equiv.c
6 /home/lsd/oliva/src/egcs/gcc/f/expr.c
6 /home/lsd/oliva/src/egcs/gcc/cse.c
4 /home/lsd/oliva/src/egcs/gcc/f/ste.c
4 /home/lsd/oliva/src/egcs/gcc/dwarf2out.c
3 /home/lsd/oliva/src/egcs/gcc/reload1.c
3 /home/lsd/oliva/src/egcs/gcc/regmove.c
3 /home/lsd/oliva/src/egcs/gcc/loop.c
2 str-ot.j
2 str-1t.j
2 insn-emit.c
2 /home/lsd/oliva/src/egcs/librx/rx.c
2 /home/lsd/oliva/src/egcs/libiberty/setenv.c
2 /home/lsd/oliva/src/egcs/libiberty/getopt.c
2 /home/lsd/oliva/src/egcs/libg++/src/AllocRing.cc
2 /home/lsd/oliva/src/egcs/gcc/varasm.c
2 /home/lsd/oliva/src/egcs/gcc/simplify-rtx.c
2 /home/lsd/oliva/src/egcs/gcc/regrename.c
2 /home/lsd/oliva/src/egcs/gcc/predict.c
2 /home/lsd/oliva/src/egcs/gcc/function.c
2 /home/lsd/oliva/src/egcs/gcc/fold-const.c
2 /home/lsd/oliva/src/egcs/gcc/f/symbol.c
2 /home/lsd/oliva/src/egcs/gcc/f/std.c
2 /home/lsd/oliva/src/egcs/gcc/f/com.c
2 /home/lsd/oliva/src/egcs/gcc/f/bad.c
2 /home/lsd/oliva/src/egcs/gcc/collect2.c
2 /home/lsd/oliva/src/egcs/gcc/calls.c
2 /home/lsd/oliva/src/egcs/gcc/alias.c
1 str-op.j
1 str-nq.j
1 str-io.j
1 str-fo.j
1 str-2t.j
1 /home/lsd/oliva/src/egcs/libiberty/vfork.c
1 /home/lsd/oliva/src/egcs/libiberty/pexecute.c
1 /home/lsd/oliva/src/egcs/gcc/xcoffout.c
1 /home/lsd/oliva/src/egcs/gcc/java/jcf-write.c
1 /home/lsd/oliva/src/egcs/gcc/gcse.c
1 /home/lsd/oliva/src/egcs/gcc/flow.c
1 /home/lsd/oliva/src/egcs/gcc/final.c
1 /home/lsd/oliva/src/egcs/gcc/expmed.c
1 /home/lsd/oliva/src/egcs/gcc/dbxout.c
1 /home/lsd/oliva/src/egcs/gcc/cp/cfns.h
1 /home/lsd/oliva/src/egcs/gcc/ch/grant.c
1 ./parse.y
Number of warning types:
62 comparison between signed and unsigned
52 Use of ANSI string concatenation
14 signed and unsigned type in conditional expression
14 `long' switch expression not converted to `int' in ANSI C
11 `???' might be used uninitialized in this function
4 ??? format, ??? arg (arg ???)
3 unused parameter `???'
3 initialization discards qualifiers from pointer target type
3 implicit declaration of function `???'
2 passing arg ??? of `???' discards qualifiers from pointer target type
2 comparison of distinct pointer types lacks a cast
2 assignment discards qualifiers from pointer target type
2 `???' is not a pointer-to-object type
1 suggest explicit braces to avoid ambiguous `else'
1 passing arg ??? of `???' from incompatible pointer type
1 `???' declared `static' but never defined
More information about the Gcc-testresults
mailing list