Results for 2.96 20000417 (experimental) testsuite on i586-pc-cygwin32
Tim Prince
tprince@computer.org
Wed Apr 19 08:13:00 GMT 2000
Native configuration is i586-pc-cygwin32
=== g++ tests ===
Running target unix
FAIL: g++.dg/special/conpr-1.C (test for excess errors)
FAIL: conpr-2a.o
FAIL: conpr-3a.o
FAIL: g++.eh/crash3.C caused compiler crash
FAIL: g++.ext/initp1.C caused compiler crash
FAIL: g++.jason/inline3.C caused compiler crash
XPASS: g++.jason/template18.C (test for excess errors)
XPASS: g++.jason/template18.C Execution test
FAIL: g++.jason/thunk2.C (test for excess errors)
FAIL: g++.law/incdec1.C caused compiler crash
FAIL: g++.mike/eh30.C (test for excess errors)
FAIL: g++.mike/eh49.C caused compiler crash
FAIL: g++.mike/p4750.C (test for excess errors)
XPASS: g++.oliva/ext1.C Execution test
FAIL: g++.oliva/template7.C caused compiler crash
XPASS: g++.oliva/thunk1.C Execution test
FAIL: g++.other/badopt1.C caused compiler crash
FAIL: g++.other/crash15.C caused compiler crash
FAIL: g++.other/debug6.C caused compiler crash
FAIL: g++.other/dtor7.C caused compiler crash
XPASS: g++.other/init5.C Execution test
FAIL: g++.other/inline7.C caused compiler crash
FAIL: g++.other/loop1.C caused compiler crash
FAIL: g++.pt/friend32.C caused compiler crash
FAIL: g++.robertl/eb106.C (test for excess errors)
FAIL: g++.robertl/eb123.C caused compiler crash
FAIL: g++.robertl/eb127.C caused compiler crash
FAIL: g++.robertl/eb73.C (test for excess errors)
=== g++ Summary ===
# of expected passes 5781
# of unexpected failures 23
# of unexpected successes 5
# of expected failures 89
# of untested testcases 14
e:/src/gnu/egcs-20000320/w2k/gcc/testsuite/../g++ version 2.96 20000417
(experimental)
=== g77 tests ===
Running target unix
FAIL: g77.f-torture/execute/19990325-0.f compilation, -O0
FAIL: g77.f-torture/execute/19990325-0.f compilation, -O1
FAIL: g77.f-torture/execute/19990325-0.f compilation, -O2
FAIL: g77.f-torture/execute/19990325-0.f
compilation, -O2 -fomit-frame-pointer -finline-functions
FAIL: g77.f-torture/execute/19990325-0.f compilation, -Os
FAIL: g77.f-torture/execute/19990325-1.f compilation, -O0
FAIL: g77.f-torture/execute/19990325-1.f compilation, -O1
FAIL: g77.f-torture/execute/19990325-1.f compilation, -O2
FAIL: g77.f-torture/execute/19990325-1.f
compilation, -O2 -fomit-frame-pointer -finline-functions
FAIL: g77.f-torture/execute/19990325-1.f compilation, -Os
=== g77 Summary ===
# of expected passes 649
# of unexpected failures 10
# of untested testcases 10
=== gcc tests ===
Running target unix
FAIL: gcc.c-torture/compile/20000329-1.c, -O2
FAIL: gcc.c-torture/compile/20000329-1.c, -O3 -fomit-frame-pointer
FAIL:
gcc.c-torture/compile/20000329-1.c, -O3 -fomit-frame-pointer -funroll-loops
FAIL:
gcc.c-torture/compile/20000329-1.c, -O3 -fomit-frame-pointer -funroll-all-l
oops -finline-functions
FAIL: gcc.c-torture/compile/20000329-1.c, -O3 -g
XPASS: gcc.c-torture/execute/memcheck/blkarg.c execution, -O0
XPASS: gcc.c-torture/execute/memcheck/blkarg.c execution, -O1
XPASS: gcc.c-torture/execute/memcheck/blkarg.c execution, -O2
XPASS: gcc.c-torture/execute/memcheck/blkarg.c
execution, -O3 -fomit-frame-pointer
XPASS: gcc.c-torture/execute/memcheck/blkarg.c execution, -O3 -g
XPASS: gcc.c-torture/execute/memcheck/blkarg.c execution, -Os
FAIL: gcc.c-torture/special/981006-1.c (test for excess errors)
FAIL: gcc.dg/990213-2.c (test for excess errors)
FAIL: gcc.dg/990214-1.c (test for excess errors)
FAIL: gcc.dg/991214-1.c (test for excess errors)
FAIL: gcc.dg/compare2.c case 10 (test for bogus messages, line 29)
FAIL: gcc.dg/compare2.c case 12 (test for bogus messages, line 33)
FAIL: gcc.dg/cpp-if2.c wide charconst recognition (test for bogus messages,
line 9)
FAIL: gcc.dg/noreturn-1.c this function should not get any warnings (test
for bogus messages, line 50)
FAIL: gcc.dg/noreturn-1.c detect return from tail call (test for warnings,
line 57)
FAIL: gcov failed: spawn failed
=== gcc Summary ===
# of expected passes 9751
# of unexpected failures 15
# of unexpected successes 6
# of expected failures 25
# of unsupported tests 16
e:/src/gnu/egcs-20000320/w2k/gcc/xgcc version 2.96 20000417 (experimental)
=== objc Summary === (libobjc build failure)
# of unexpected failures 20
# of untested testcases 20
e:/src/gnu/egcs-20000320/w2k/gcc/xgcc version 2.96 20000417 (experimental)
=== libio tests ===
Running target unix
FAIL: hounddog.cc compilation
FAIL: hounddog.cc compilation -b0
FAIL: hounddog.cc compilation -b2
FAIL: tFile.cc compilation
FAIL: tFile.cc compilation -b0
FAIL: tFile.cc compilation -b3
FAIL: tiomisc.cc compilation
=== libio Summary ===
# of expected passes 19
# of unexpected failures 7
# of expected failures 14
=== libstdc++ tests ===
Running target unix
FAIL: tstring.cc -O compilation
=== libstdc++ Summary ===
# of expected passes 27
# of unexpected failures 1
# of expected failures 2
Compiler version: 2.96 20000417 (experimental)
Platform: i586-pc-cygwin32
configure
flags: --with-gcc-version-trigger=/src/gnu/egcs-20000320/gcc/version.c --pre
fix=//e/cygnus/cygwin-b20/H-i586-cygwin32 --host=i586-pc-cygwin32 --target=i
586-pc-cygwin32 --norecursion
More information about the Gcc-testresults
mailing list