Results for 2.96 20000405 (experimental) testsuite on sparc-sun-solaris2.7
Kaveh R. Ghazi
ghazi@caip.rutgers.edu
Thu Apr 6 08:18:00 GMT 2000
Native configuration is sparc-sun-solaris2.7
=== libio tests ===
Running target unix/-fPIC
=== libio Summary for unix/-fPIC ===
# of expected passes 40
Running target unix/-fpic
=== libio Summary for unix/-fpic ===
# of expected passes 40
Running target unix
=== libio Summary for unix ===
# of expected passes 40
=== libio Summary ===
# of expected passes 120
=== libstdc++ tests ===
Running target unix/-fPIC
=== libstdc++ Summary for unix/-fPIC ===
# of expected passes 30
Running target unix/-fpic
=== libstdc++ Summary for unix/-fpic ===
# of expected passes 30
Running target unix
=== libstdc++ Summary for unix ===
# of expected passes 30
=== libstdc++ Summary ===
# of expected passes 90
=== gcc tests ===
Running target unix/-fPIC
FAIL: gcc.c-torture/compile/20000405-3.c, -O0
FAIL: gcc.c-torture/compile/20000405-3.c, -O1
FAIL: gcc.c-torture/compile/20000405-3.c, -O2
FAIL: gcc.c-torture/compile/20000405-3.c, -O3 -fomit-frame-pointer
FAIL: gcc.c-torture/compile/20000405-3.c, -O3 -g
FAIL: gcc.c-torture/compile/20000405-3.c, -Os
FAIL: gcc.c-torture/execute/20000113-1.c execution, -O2
FAIL: gcc.c-torture/execute/20000113-1.c execution, -Os
FAIL: gcc.c-torture/execute/20000225-1.c execution, -O2
FAIL: gcc.c-torture/execute/20000225-1.c execution, -O3 -fomit-frame-pointer
FAIL: gcc.c-torture/execute/20000225-1.c execution, -O3 -fomit-frame-pointer -funroll-loops
FAIL: gcc.c-torture/execute/20000225-1.c execution, -O3 -fomit-frame-pointer -funroll-all-loops -finline-functions
FAIL: gcc.c-torture/execute/20000225-1.c execution, -O3 -g
FAIL: gcc.c-torture/execute/20000225-1.c execution, -Os
FAIL: gcc.c-torture/execute/20000403-1.c execution, -O1
FAIL: gcc.c-torture/execute/20000403-1.c execution, -O2
FAIL: gcc.c-torture/execute/20000403-1.c execution, -O3 -fomit-frame-pointer
FAIL: gcc.c-torture/execute/20000403-1.c execution, -O3 -g
FAIL: gcc.c-torture/execute/20000403-1.c execution, -Os
FAIL: gcc.c-torture/execute/900409-1.c execution, -O3 -fomit-frame-pointer
FAIL: gcc.c-torture/execute/900409-1.c execution, -O3 -g
FAIL: gcc.c-torture/execute/920409-1.c execution, -O3 -fomit-frame-pointer
FAIL: gcc.c-torture/execute/920409-1.c execution, -O3 -g
FAIL: gcc.c-torture/execute/920603-1.c execution, -O3 -fomit-frame-pointer
FAIL: gcc.c-torture/execute/920603-1.c execution, -O3 -g
FAIL: gcc.c-torture/execute/920604-1.c execution, -O3 -fomit-frame-pointer
FAIL: gcc.c-torture/execute/920604-1.c execution, -O3 -g
FAIL: gcc.c-torture/execute/920612-1.c execution, -O3 -fomit-frame-pointer
FAIL: gcc.c-torture/execute/920612-1.c execution, -O3 -g
FAIL: gcc.c-torture/execute/920710-1.c execution, -O2
FAIL: gcc.c-torture/execute/920710-1.c execution, -O3 -fomit-frame-pointer
FAIL: gcc.c-torture/execute/920710-1.c execution, -O3 -g
FAIL: gcc.c-torture/execute/920710-1.c execution, -Os
FAIL: gcc.c-torture/execute/920711-1.c execution, -O3 -fomit-frame-pointer
FAIL: gcc.c-torture/execute/920711-1.c execution, -O3 -g
FAIL: gcc.c-torture/execute/920721-3.c execution, -O3 -fomit-frame-pointer
FAIL: gcc.c-torture/execute/920721-3.c execution, -O3 -g
FAIL: gcc.c-torture/execute/920728-1.c execution, -O3 -fomit-frame-pointer
FAIL: gcc.c-torture/execute/920728-1.c execution, -O3 -g
FAIL: gcc.c-torture/execute/920812-1.c execution, -O3 -fomit-frame-pointer
FAIL: gcc.c-torture/execute/920812-1.c execution, -O3 -g
FAIL: gcc.c-torture/execute/921016-1.c execution, -O2
FAIL: gcc.c-torture/execute/921016-1.c execution, -O3 -fomit-frame-pointer
FAIL: gcc.c-torture/execute/921016-1.c execution, -O3 -g
FAIL: gcc.c-torture/execute/921016-1.c execution, -Os
FAIL: gcc.c-torture/execute/921104-1.c execution, -O2
FAIL: gcc.c-torture/execute/921104-1.c execution, -O3 -fomit-frame-pointer
FAIL: gcc.c-torture/execute/921104-1.c execution, -O3 -g
FAIL: gcc.c-torture/execute/921104-1.c execution, -Os
FAIL: gcc.c-torture/execute/921110-1.c execution, -O2
FAIL: gcc.c-torture/execute/921110-1.c execution, -O3 -fomit-frame-pointer
FAIL: gcc.c-torture/execute/921110-1.c execution, -O3 -g
FAIL: gcc.c-torture/execute/921110-1.c execution, -Os
FAIL: gcc.c-torture/execute/921202-1.c execution, -O2
FAIL: gcc.c-torture/execute/921202-1.c execution, -O3 -fomit-frame-pointer
FAIL: gcc.c-torture/execute/921202-1.c execution, -O3 -fomit-frame-pointer -funroll-loops
FAIL: gcc.c-torture/execute/921202-1.c execution, -O3 -fomit-frame-pointer -funroll-all-loops -finline-functions
FAIL: gcc.c-torture/execute/921202-1.c execution, -O3 -g
FAIL: gcc.c-torture/execute/921202-1.c execution, -Os
FAIL: gcc.c-torture/execute/921202-2.c execution, -O3 -fomit-frame-pointer
FAIL: gcc.c-torture/execute/921202-2.c execution, -O3 -g
FAIL: gcc.c-torture/execute/921207-1.c execution, -O3 -fomit-frame-pointer
FAIL: gcc.c-torture/execute/921207-1.c execution, -O3 -g
FAIL: gcc.c-torture/execute/921218-1.c execution, -O3 -fomit-frame-pointer
FAIL: gcc.c-torture/execute/921218-1.c execution, -O3 -g
FAIL: gcc.c-torture/execute/921218-2.c execution, -O3 -fomit-frame-pointer
FAIL: gcc.c-torture/execute/921218-2.c execution, -O3 -g
FAIL: gcc.c-torture/execute/930406-1.c execution, -O2
FAIL: gcc.c-torture/execute/930406-1.c execution, -Os
FAIL: gcc.c-torture/execute/930429-2.c execution, -O3 -fomit-frame-pointer
FAIL: gcc.c-torture/execute/930429-2.c execution, -O3 -g
FAIL: gcc.c-torture/execute/930527-1.c execution, -O3 -fomit-frame-pointer
FAIL: gcc.c-torture/execute/930527-1.c execution, -O3 -g
FAIL: gcc.c-torture/execute/930529-1.c execution, -O3 -fomit-frame-pointer
FAIL: gcc.c-torture/execute/930529-1.c execution, -O3 -fomit-frame-pointer -funroll-loops
FAIL: gcc.c-torture/execute/930529-1.c execution, -O3 -fomit-frame-pointer -funroll-all-loops -finline-functions
FAIL: gcc.c-torture/execute/930529-1.c execution, -O3 -g
FAIL: gcc.c-torture/execute/930622-2.c execution, -O3 -fomit-frame-pointer
FAIL: gcc.c-torture/execute/930622-2.c execution, -O3 -g
FAIL: gcc.c-torture/execute/930719-1.c execution, -O3 -fomit-frame-pointer
FAIL: gcc.c-torture/execute/930719-1.c execution, -O3 -fomit-frame-pointer -funroll-loops
FAIL: gcc.c-torture/execute/930719-1.c execution, -O3 -fomit-frame-pointer -funroll-all-loops -finline-functions
FAIL: gcc.c-torture/execute/930719-1.c execution, -O3 -g
FAIL: gcc.c-torture/execute/930916-1.c execution, -O3 -fomit-frame-pointer
FAIL: gcc.c-torture/execute/930916-1.c execution, -O3 -g
FAIL: gcc.c-torture/execute/930929-1.c execution, -O3 -fomit-frame-pointer
FAIL: gcc.c-torture/execute/930929-1.c execution, -O3 -g
FAIL: gcc.c-torture/execute/931012-1.c execution, -O3 -fomit-frame-pointer
FAIL: gcc.c-torture/execute/931012-1.c execution, -O3 -g
FAIL: gcc.c-torture/execute/931208-1.c execution, -O3 -fomit-frame-pointer
FAIL: gcc.c-torture/execute/931208-1.c execution, -O3 -g
FAIL: gcc.c-torture/execute/931228-1.c execution, -O3 -fomit-frame-pointer
FAIL: gcc.c-torture/execute/931228-1.c execution, -O3 -g
FAIL: gcc.c-torture/execute/940115-1.c execution, -O3 -fomit-frame-pointer
FAIL: gcc.c-torture/execute/940115-1.c execution, -O3 -g
FAIL: gcc.c-torture/execute/941025-1.c execution, -O3 -fomit-frame-pointer
FAIL: gcc.c-torture/execute/941025-1.c execution, -O3 -g
FAIL: gcc.c-torture/execute/941031-1.c execution, -O3 -fomit-frame-pointer
FAIL: gcc.c-torture/execute/941031-1.c execution, -O3 -g
FAIL: gcc.c-torture/execute/941101-1.c execution, -O3 -fomit-frame-pointer
FAIL: gcc.c-torture/execute/941101-1.c execution, -O3 -g
FAIL: gcc.c-torture/execute/950426-2.c execution, -O2
FAIL: gcc.c-torture/execute/950426-2.c execution, -O3 -fomit-frame-pointer
FAIL: gcc.c-torture/execute/950426-2.c execution, -O3 -g
FAIL: gcc.c-torture/execute/950426-2.c execution, -Os
FAIL: gcc.c-torture/execute/950503-1.c execution, -O2
FAIL: gcc.c-torture/execute/950503-1.c execution, -O3 -fomit-frame-pointer
FAIL: gcc.c-torture/execute/950503-1.c execution, -O3 -g
FAIL: gcc.c-torture/execute/950503-1.c execution, -Os
FAIL: gcc.c-torture/execute/950512-1.c execution, -O3 -fomit-frame-pointer
FAIL: gcc.c-torture/execute/950512-1.c execution, -O3 -g
FAIL: gcc.c-torture/execute/950605-1.c execution, -O3 -fomit-frame-pointer
FAIL: gcc.c-torture/execute/950605-1.c execution, -O3 -g
FAIL: gcc.c-torture/execute/950607-1.c execution, -O2
FAIL: gcc.c-torture/execute/950607-1.c execution, -O3 -fomit-frame-pointer
FAIL: gcc.c-torture/execute/950607-1.c execution, -O3 -g
FAIL: gcc.c-torture/execute/950607-1.c execution, -Os
FAIL: gcc.c-torture/execute/950706-1.c execution, -O3 -fomit-frame-pointer
FAIL: gcc.c-torture/execute/950706-1.c execution, -O3 -g
FAIL: gcc.c-torture/execute/951115-1.c execution, -O2
FAIL: gcc.c-torture/execute/951115-1.c execution, -Os
FAIL: gcc.c-torture/execute/960116-1.c execution, -O3 -fomit-frame-pointer
FAIL: gcc.c-torture/execute/960116-1.c execution, -O3 -g
FAIL: gcc.c-torture/execute/960219-1.c execution, -O3 -fomit-frame-pointer
FAIL: gcc.c-torture/execute/960219-1.c execution, -O3 -g
FAIL: gcc.c-torture/execute/960317-1.c execution, -O3 -fomit-frame-pointer
FAIL: gcc.c-torture/execute/960317-1.c execution, -O3 -g
FAIL: gcc.c-torture/execute/960402-1.c execution, -O3 -fomit-frame-pointer
FAIL: gcc.c-torture/execute/960402-1.c execution, -O3 -g
FAIL: gcc.c-torture/execute/960801-1.c execution, -O3 -fomit-frame-pointer
FAIL: gcc.c-torture/execute/960801-1.c execution, -O3 -g
FAIL: gcc.c-torture/execute/960830-1.c execution, -O2
FAIL: gcc.c-torture/execute/960830-1.c execution, -O3 -fomit-frame-pointer
FAIL: gcc.c-torture/execute/960830-1.c execution, -O3 -g
FAIL: gcc.c-torture/execute/960830-1.c execution, -Os
FAIL: gcc.c-torture/execute/960909-1.c execution, -O3 -fomit-frame-pointer
FAIL: gcc.c-torture/execute/960909-1.c execution, -O3 -fomit-frame-pointer -funroll-loops
FAIL: gcc.c-torture/execute/960909-1.c execution, -O3 -fomit-frame-pointer -funroll-all-loops -finline-functions
FAIL: gcc.c-torture/execute/960909-1.c execution, -O3 -g
FAIL: gcc.c-torture/execute/961017-1.c execution, -O2
FAIL: gcc.c-torture/execute/961017-1.c execution, -O3 -fomit-frame-pointer
FAIL: gcc.c-torture/execute/961017-1.c execution, -O3 -fomit-frame-pointer -funroll-loops
FAIL: gcc.c-torture/execute/961017-1.c execution, -O3 -g
FAIL: gcc.c-torture/execute/961017-1.c execution, -Os
FAIL: gcc.c-torture/execute/961026-1.c execution, -O3 -fomit-frame-pointer
FAIL: gcc.c-torture/execute/961026-1.c execution, -O3 -g
FAIL: gcc.c-torture/execute/961112-1.c execution, -O3 -fomit-frame-pointer
FAIL: gcc.c-torture/execute/961112-1.c execution, -O3 -g
FAIL: gcc.c-torture/execute/961122-2.c execution, -O3 -fomit-frame-pointer
FAIL: gcc.c-torture/execute/961122-2.c execution, -O3 -g
FAIL: gcc.c-torture/execute/961206-1.c execution, -O3 -fomit-frame-pointer
FAIL: gcc.c-torture/execute/961206-1.c execution, -O3 -g
FAIL: gcc.c-torture/execute/970214-1.c execution, -O2
FAIL: gcc.c-torture/execute/970214-1.c execution, -O3 -fomit-frame-pointer
FAIL: gcc.c-torture/execute/970214-1.c execution, -O3 -g
FAIL: gcc.c-torture/execute/970214-1.c execution, -Os
FAIL: gcc.c-torture/execute/970214-2.c execution, -O2
FAIL: gcc.c-torture/execute/970214-2.c execution, -O3 -fomit-frame-pointer
FAIL: gcc.c-torture/execute/970214-2.c execution, -O3 -g
FAIL: gcc.c-torture/execute/970214-2.c execution, -Os
FAIL: gcc.c-torture/execute/970923-1.c execution, -O3 -fomit-frame-pointer
FAIL: gcc.c-torture/execute/970923-1.c execution, -O3 -g
FAIL: gcc.c-torture/execute/980506-1.c execution, -O3 -fomit-frame-pointer
FAIL: gcc.c-torture/execute/980506-1.c execution, -O3 -g
FAIL: gcc.c-torture/execute/980526-2.c execution, -O2
FAIL: gcc.c-torture/execute/980526-2.c execution, -Os
FAIL: gcc.c-torture/execute/981130-1.c execution, -O2
FAIL: gcc.c-torture/execute/981130-1.c execution, -Os
FAIL: gcc.c-torture/execute/990106-2.c execution, -O3 -fomit-frame-pointer
FAIL: gcc.c-torture/execute/990106-2.c execution, -O3 -g
FAIL: gcc.c-torture/execute/990324-1.c execution, -O2
FAIL: gcc.c-torture/execute/990324-1.c execution, -O3 -fomit-frame-pointer
FAIL: gcc.c-torture/execute/990324-1.c execution, -O3 -g
FAIL: gcc.c-torture/execute/990324-1.c execution, -Os
FAIL: gcc.c-torture/execute/990804-1.c execution, -O3 -fomit-frame-pointer
FAIL: gcc.c-torture/execute/990804-1.c execution, -O3 -fomit-frame-pointer -funroll-loops
FAIL: gcc.c-torture/execute/990804-1.c execution, -O3 -fomit-frame-pointer -funroll-all-loops -finline-functions
FAIL: gcc.c-torture/execute/990804-1.c execution, -O3 -g
FAIL: gcc.c-torture/execute/990923-1.c execution, -O3 -fomit-frame-pointer
FAIL: gcc.c-torture/execute/990923-1.c execution, -O3 -g
FAIL: gcc.c-torture/execute/991202-2.c execution, -O3 -fomit-frame-pointer
FAIL: gcc.c-torture/execute/991202-2.c execution, -O3 -g
FAIL: gcc.c-torture/execute/991202-3.c execution, -O3 -fomit-frame-pointer
FAIL: gcc.c-torture/execute/991202-3.c execution, -O3 -g
FAIL: gcc.c-torture/execute/991216-1.c execution, -O3 -fomit-frame-pointer
FAIL: gcc.c-torture/execute/991216-1.c execution, -O3 -g
FAIL: gcc.c-torture/execute/991216-4.c execution, -O3 -fomit-frame-pointer
FAIL: gcc.c-torture/execute/991216-4.c execution, -O3 -fomit-frame-pointer -funroll-loops
FAIL: gcc.c-torture/execute/991216-4.c execution, -O3 -fomit-frame-pointer -funroll-all-loops -finline-functions
FAIL: gcc.c-torture/execute/991216-4.c execution, -O3 -g
FAIL: gcc.c-torture/execute/991221-1.c execution, -O1
FAIL: gcc.c-torture/execute/991221-1.c execution, -O2
FAIL: gcc.c-torture/execute/991221-1.c execution, -O3 -fomit-frame-pointer
FAIL: gcc.c-torture/execute/991221-1.c execution, -O3 -g
FAIL: gcc.c-torture/execute/991221-1.c execution, -Os
FAIL: gcc.c-torture/execute/arith-1.c execution, -O3 -fomit-frame-pointer
FAIL: gcc.c-torture/execute/arith-1.c execution, -O3 -g
FAIL: gcc.c-torture/execute/bf-layout-1.c execution, -O2
FAIL: gcc.c-torture/execute/bf-layout-1.c execution, -O3 -fomit-frame-pointer
FAIL: gcc.c-torture/execute/bf-layout-1.c execution, -O3 -g
FAIL: gcc.c-torture/execute/bf-layout-1.c execution, -Os
FAIL: gcc.c-torture/execute/bf-sign-1.c execution, -O2
FAIL: gcc.c-torture/execute/bf-sign-1.c execution, -O3 -fomit-frame-pointer
FAIL: gcc.c-torture/execute/bf-sign-1.c execution, -O3 -g
FAIL: gcc.c-torture/execute/bf-sign-1.c execution, -Os
FAIL: gcc.c-torture/execute/cmpsi-1.c execution, -O3 -fomit-frame-pointer
FAIL: gcc.c-torture/execute/cmpsi-1.c execution, -O3 -g
FAIL: gcc.c-torture/execute/complex-4.c execution, -O2
FAIL: gcc.c-torture/execute/complex-4.c execution, -O3 -fomit-frame-pointer
FAIL: gcc.c-torture/execute/complex-4.c execution, -O3 -g
FAIL: gcc.c-torture/execute/complex-4.c execution, -Os
FAIL: gcc.c-torture/execute/divmod-1.c execution, -O3 -fomit-frame-pointer
FAIL: gcc.c-torture/execute/divmod-1.c execution, -O3 -g
FAIL: gcc.c-torture/execute/inst-check.c execution, -O2
FAIL: gcc.c-torture/execute/inst-check.c execution, -O3 -fomit-frame-pointer
FAIL: gcc.c-torture/execute/inst-check.c execution, -O3 -fomit-frame-pointer -funroll-loops
FAIL: gcc.c-torture/execute/inst-check.c execution, -O3 -fomit-frame-pointer -funroll-all-loops -finline-functions
FAIL: gcc.c-torture/execute/inst-check.c execution, -O3 -g
FAIL: gcc.c-torture/execute/inst-check.c execution, -Os
FAIL: gcc.c-torture/execute/loop-4.c execution, -O3 -fomit-frame-pointer -funroll-loops
FAIL: gcc.c-torture/execute/loop-4.c execution, -O3 -fomit-frame-pointer -funroll-all-loops -finline-functions
FAIL: gcc.c-torture/execute/memcpy-1.c execution, -O2
FAIL: gcc.c-torture/execute/memcpy-1.c execution, -Os
FAIL: gcc.c-torture/execute/mod-1.c execution, -O3 -fomit-frame-pointer
FAIL: gcc.c-torture/execute/mod-1.c execution, -O3 -g
FAIL: gcc.c-torture/execute/tstdi-1.c execution, -O3 -fomit-frame-pointer
FAIL: gcc.c-torture/execute/tstdi-1.c execution, -O3 -g
FAIL: gcc.c-torture/execute/va-arg-12.c execution, -O1
FAIL: gcc.c-torture/execute/va-arg-15.c execution, -O1
FAIL: gcc.c-torture/execute/va-arg-15.c execution, -O2
FAIL: gcc.c-torture/execute/va-arg-15.c execution, -O3 -fomit-frame-pointer
FAIL: gcc.c-torture/execute/va-arg-15.c execution, -O3 -fomit-frame-pointer -funroll-loops
FAIL: gcc.c-torture/execute/va-arg-15.c execution, -O3 -fomit-frame-pointer -funroll-all-loops -finline-functions
FAIL: gcc.c-torture/execute/va-arg-15.c execution, -O3 -g
FAIL: gcc.c-torture/execute/va-arg-15.c execution, -Os
FAIL: gcc.c-torture/execute/va-arg-16.c execution, -O1
FAIL: gcc.c-torture/execute/widechar-1.c execution, -O2
FAIL: gcc.c-torture/execute/widechar-1.c execution, -O3 -fomit-frame-pointer
FAIL: gcc.c-torture/execute/widechar-1.c execution, -O3 -g
FAIL: gcc.c-torture/execute/widechar-1.c execution, -Os
FAIL: gcc.c-torture/execute/ieee/minuszero.c execution, -O1
FAIL: gcc.c-torture/execute/ieee/minuszero.c execution, -O2
FAIL: gcc.c-torture/execute/ieee/minuszero.c execution, -O3 -fomit-frame-pointer
FAIL: gcc.c-torture/execute/ieee/minuszero.c execution, -O3 -fomit-frame-pointer -funroll-loops
FAIL: gcc.c-torture/execute/ieee/minuszero.c execution, -O3 -fomit-frame-pointer -funroll-all-loops -finline-functions
FAIL: gcc.c-torture/execute/ieee/minuszero.c execution, -O3 -g
FAIL: gcc.c-torture/execute/ieee/minuszero.c execution, -Os
FAIL: gcc.c-torture/execute/ieee/rbug.c execution, -O3 -fomit-frame-pointer
FAIL: gcc.c-torture/execute/ieee/rbug.c execution, -O3 -g
FAIL: gcc.dg/cpp-if2.c wide charconst recognition (test for bogus messages, line 9)
FAIL: gcc.dg/noreturn-1.c this function should not get any warnings (test for bogus messages, line 50)
FAIL: gcc.dg/noreturn-1.c detect return from tail call (test for warnings, line 57)
FAIL: gcc.dg/ultrasp1.c (test for excess errors)
FAIL: gcc.misc-tests/gcov-1.c (test for excess errors)
FAIL: gcc.misc-tests/gcov-1.c execution test
FAIL: gcov-1.c:1:is 4:should be 11
FAIL: gcov-1.c:1:is 5:should be 10
FAIL: gcov-1.c:1:is 7:should be 1
FAIL: gcc.misc-tests/gcov-2.c (test for excess errors) (PRMS 8294)
FAIL: gcc.misc-tests/gcov-2.c execution test (PRMS 8294)
=== gcc Summary for unix/-fPIC ===
# of expected passes 9348
# of unexpected failures 260
# of expected failures 31
# of unresolved testcases 3
# of unsupported tests 32
Running target unix/-fpic
FAIL: gcc.c-torture/compile/20000405-3.c, -O0
FAIL: gcc.c-torture/compile/20000405-3.c, -O1
FAIL: gcc.c-torture/compile/20000405-3.c, -O2
FAIL: gcc.c-torture/compile/20000405-3.c, -O3 -fomit-frame-pointer
FAIL: gcc.c-torture/compile/20000405-3.c, -O3 -g
FAIL: gcc.c-torture/compile/20000405-3.c, -Os
FAIL: gcc.c-torture/execute/20000113-1.c execution, -O2
FAIL: gcc.c-torture/execute/20000113-1.c execution, -Os
FAIL: gcc.c-torture/execute/20000225-1.c execution, -O2
FAIL: gcc.c-torture/execute/20000225-1.c execution, -O3 -fomit-frame-pointer
FAIL: gcc.c-torture/execute/20000225-1.c execution, -O3 -fomit-frame-pointer -funroll-loops
FAIL: gcc.c-torture/execute/20000225-1.c execution, -O3 -fomit-frame-pointer -funroll-all-loops -finline-functions
FAIL: gcc.c-torture/execute/20000225-1.c execution, -O3 -g
FAIL: gcc.c-torture/execute/20000225-1.c execution, -Os
FAIL: gcc.c-torture/execute/20000403-1.c execution, -O1
FAIL: gcc.c-torture/execute/20000403-1.c execution, -O2
FAIL: gcc.c-torture/execute/20000403-1.c execution, -O3 -fomit-frame-pointer
FAIL: gcc.c-torture/execute/20000403-1.c execution, -O3 -g
FAIL: gcc.c-torture/execute/20000403-1.c execution, -Os
FAIL: gcc.c-torture/execute/900409-1.c execution, -O3 -fomit-frame-pointer
FAIL: gcc.c-torture/execute/900409-1.c execution, -O3 -g
FAIL: gcc.c-torture/execute/920409-1.c execution, -O3 -fomit-frame-pointer
FAIL: gcc.c-torture/execute/920409-1.c execution, -O3 -g
FAIL: gcc.c-torture/execute/920603-1.c execution, -O3 -fomit-frame-pointer
FAIL: gcc.c-torture/execute/920603-1.c execution, -O3 -g
FAIL: gcc.c-torture/execute/920604-1.c execution, -O3 -fomit-frame-pointer
FAIL: gcc.c-torture/execute/920604-1.c execution, -O3 -g
FAIL: gcc.c-torture/execute/920612-1.c execution, -O3 -fomit-frame-pointer
FAIL: gcc.c-torture/execute/920612-1.c execution, -O3 -g
FAIL: gcc.c-torture/execute/920710-1.c execution, -O2
FAIL: gcc.c-torture/execute/920710-1.c execution, -O3 -fomit-frame-pointer
FAIL: gcc.c-torture/execute/920710-1.c execution, -O3 -g
FAIL: gcc.c-torture/execute/920710-1.c execution, -Os
FAIL: gcc.c-torture/execute/920711-1.c execution, -O3 -fomit-frame-pointer
FAIL: gcc.c-torture/execute/920711-1.c execution, -O3 -g
FAIL: gcc.c-torture/execute/920721-3.c execution, -O3 -fomit-frame-pointer
FAIL: gcc.c-torture/execute/920721-3.c execution, -O3 -g
FAIL: gcc.c-torture/execute/920728-1.c execution, -O3 -fomit-frame-pointer
FAIL: gcc.c-torture/execute/920728-1.c execution, -O3 -g
FAIL: gcc.c-torture/execute/920812-1.c execution, -O3 -fomit-frame-pointer
FAIL: gcc.c-torture/execute/920812-1.c execution, -O3 -g
FAIL: gcc.c-torture/execute/921016-1.c execution, -O2
FAIL: gcc.c-torture/execute/921016-1.c execution, -O3 -fomit-frame-pointer
FAIL: gcc.c-torture/execute/921016-1.c execution, -O3 -g
FAIL: gcc.c-torture/execute/921016-1.c execution, -Os
FAIL: gcc.c-torture/execute/921104-1.c execution, -O2
FAIL: gcc.c-torture/execute/921104-1.c execution, -O3 -fomit-frame-pointer
FAIL: gcc.c-torture/execute/921104-1.c execution, -O3 -g
FAIL: gcc.c-torture/execute/921104-1.c execution, -Os
FAIL: gcc.c-torture/execute/921110-1.c execution, -O2
FAIL: gcc.c-torture/execute/921110-1.c execution, -O3 -fomit-frame-pointer
FAIL: gcc.c-torture/execute/921110-1.c execution, -O3 -g
FAIL: gcc.c-torture/execute/921110-1.c execution, -Os
FAIL: gcc.c-torture/execute/921202-1.c execution, -O2
FAIL: gcc.c-torture/execute/921202-1.c execution, -O3 -fomit-frame-pointer
FAIL: gcc.c-torture/execute/921202-1.c execution, -O3 -fomit-frame-pointer -funroll-loops
FAIL: gcc.c-torture/execute/921202-1.c execution, -O3 -fomit-frame-pointer -funroll-all-loops -finline-functions
FAIL: gcc.c-torture/execute/921202-1.c execution, -O3 -g
FAIL: gcc.c-torture/execute/921202-1.c execution, -Os
FAIL: gcc.c-torture/execute/921202-2.c execution, -O3 -fomit-frame-pointer
FAIL: gcc.c-torture/execute/921202-2.c execution, -O3 -g
FAIL: gcc.c-torture/execute/921207-1.c execution, -O3 -fomit-frame-pointer
FAIL: gcc.c-torture/execute/921207-1.c execution, -O3 -g
FAIL: gcc.c-torture/execute/921218-1.c execution, -O3 -fomit-frame-pointer
FAIL: gcc.c-torture/execute/921218-1.c execution, -O3 -g
FAIL: gcc.c-torture/execute/921218-2.c execution, -O3 -fomit-frame-pointer
FAIL: gcc.c-torture/execute/921218-2.c execution, -O3 -g
FAIL: gcc.c-torture/execute/930406-1.c execution, -O2
FAIL: gcc.c-torture/execute/930406-1.c execution, -Os
FAIL: gcc.c-torture/execute/930429-2.c execution, -O3 -fomit-frame-pointer
FAIL: gcc.c-torture/execute/930429-2.c execution, -O3 -g
FAIL: gcc.c-torture/execute/930527-1.c execution, -O3 -fomit-frame-pointer
FAIL: gcc.c-torture/execute/930527-1.c execution, -O3 -g
FAIL: gcc.c-torture/execute/930529-1.c execution, -O3 -fomit-frame-pointer
FAIL: gcc.c-torture/execute/930529-1.c execution, -O3 -fomit-frame-pointer -funroll-loops
FAIL: gcc.c-torture/execute/930529-1.c execution, -O3 -fomit-frame-pointer -funroll-all-loops -finline-functions
FAIL: gcc.c-torture/execute/930529-1.c execution, -O3 -g
FAIL: gcc.c-torture/execute/930622-2.c execution, -O3 -fomit-frame-pointer
FAIL: gcc.c-torture/execute/930622-2.c execution, -O3 -g
FAIL: gcc.c-torture/execute/930719-1.c execution, -O3 -fomit-frame-pointer
FAIL: gcc.c-torture/execute/930719-1.c execution, -O3 -fomit-frame-pointer -funroll-loops
FAIL: gcc.c-torture/execute/930719-1.c execution, -O3 -fomit-frame-pointer -funroll-all-loops -finline-functions
FAIL: gcc.c-torture/execute/930719-1.c execution, -O3 -g
FAIL: gcc.c-torture/execute/930916-1.c execution, -O3 -fomit-frame-pointer
FAIL: gcc.c-torture/execute/930916-1.c execution, -O3 -g
FAIL: gcc.c-torture/execute/930929-1.c execution, -O3 -fomit-frame-pointer
FAIL: gcc.c-torture/execute/930929-1.c execution, -O3 -g
FAIL: gcc.c-torture/execute/931012-1.c execution, -O3 -fomit-frame-pointer
FAIL: gcc.c-torture/execute/931012-1.c execution, -O3 -g
FAIL: gcc.c-torture/execute/931208-1.c execution, -O3 -fomit-frame-pointer
FAIL: gcc.c-torture/execute/931208-1.c execution, -O3 -g
FAIL: gcc.c-torture/execute/931228-1.c execution, -O3 -fomit-frame-pointer
FAIL: gcc.c-torture/execute/931228-1.c execution, -O3 -g
FAIL: gcc.c-torture/execute/940115-1.c execution, -O3 -fomit-frame-pointer
FAIL: gcc.c-torture/execute/940115-1.c execution, -O3 -g
FAIL: gcc.c-torture/execute/941025-1.c execution, -O3 -fomit-frame-pointer
FAIL: gcc.c-torture/execute/941025-1.c execution, -O3 -g
FAIL: gcc.c-torture/execute/941031-1.c execution, -O3 -fomit-frame-pointer
FAIL: gcc.c-torture/execute/941031-1.c execution, -O3 -g
FAIL: gcc.c-torture/execute/941101-1.c execution, -O3 -fomit-frame-pointer
FAIL: gcc.c-torture/execute/941101-1.c execution, -O3 -g
FAIL: gcc.c-torture/execute/950426-2.c execution, -O2
FAIL: gcc.c-torture/execute/950426-2.c execution, -O3 -fomit-frame-pointer
FAIL: gcc.c-torture/execute/950426-2.c execution, -O3 -g
FAIL: gcc.c-torture/execute/950426-2.c execution, -Os
FAIL: gcc.c-torture/execute/950503-1.c execution, -O2
FAIL: gcc.c-torture/execute/950503-1.c execution, -O3 -fomit-frame-pointer
FAIL: gcc.c-torture/execute/950503-1.c execution, -O3 -g
FAIL: gcc.c-torture/execute/950503-1.c execution, -Os
FAIL: gcc.c-torture/execute/950512-1.c execution, -O3 -fomit-frame-pointer
FAIL: gcc.c-torture/execute/950512-1.c execution, -O3 -g
FAIL: gcc.c-torture/execute/950605-1.c execution, -O3 -fomit-frame-pointer
FAIL: gcc.c-torture/execute/950605-1.c execution, -O3 -g
FAIL: gcc.c-torture/execute/950607-1.c execution, -O2
FAIL: gcc.c-torture/execute/950607-1.c execution, -O3 -fomit-frame-pointer
FAIL: gcc.c-torture/execute/950607-1.c execution, -O3 -g
FAIL: gcc.c-torture/execute/950607-1.c execution, -Os
FAIL: gcc.c-torture/execute/950706-1.c execution, -O3 -fomit-frame-pointer
FAIL: gcc.c-torture/execute/950706-1.c execution, -O3 -g
FAIL: gcc.c-torture/execute/951115-1.c execution, -O2
FAIL: gcc.c-torture/execute/951115-1.c execution, -Os
FAIL: gcc.c-torture/execute/960116-1.c execution, -O3 -fomit-frame-pointer
FAIL: gcc.c-torture/execute/960116-1.c execution, -O3 -g
FAIL: gcc.c-torture/execute/960219-1.c execution, -O3 -fomit-frame-pointer
FAIL: gcc.c-torture/execute/960219-1.c execution, -O3 -g
FAIL: gcc.c-torture/execute/960317-1.c execution, -O3 -fomit-frame-pointer
FAIL: gcc.c-torture/execute/960317-1.c execution, -O3 -g
FAIL: gcc.c-torture/execute/960402-1.c execution, -O3 -fomit-frame-pointer
FAIL: gcc.c-torture/execute/960402-1.c execution, -O3 -g
FAIL: gcc.c-torture/execute/960801-1.c execution, -O3 -fomit-frame-pointer
FAIL: gcc.c-torture/execute/960801-1.c execution, -O3 -g
FAIL: gcc.c-torture/execute/960830-1.c execution, -O2
FAIL: gcc.c-torture/execute/960830-1.c execution, -O3 -fomit-frame-pointer
FAIL: gcc.c-torture/execute/960830-1.c execution, -O3 -g
FAIL: gcc.c-torture/execute/960830-1.c execution, -Os
FAIL: gcc.c-torture/execute/960909-1.c execution, -O3 -fomit-frame-pointer
FAIL: gcc.c-torture/execute/960909-1.c execution, -O3 -fomit-frame-pointer -funroll-loops
FAIL: gcc.c-torture/execute/960909-1.c execution, -O3 -fomit-frame-pointer -funroll-all-loops -finline-functions
FAIL: gcc.c-torture/execute/960909-1.c execution, -O3 -g
FAIL: gcc.c-torture/execute/961017-1.c execution, -O2
FAIL: gcc.c-torture/execute/961017-1.c execution, -O3 -fomit-frame-pointer
FAIL: gcc.c-torture/execute/961017-1.c execution, -O3 -fomit-frame-pointer -funroll-loops
FAIL: gcc.c-torture/execute/961017-1.c execution, -O3 -g
FAIL: gcc.c-torture/execute/961017-1.c execution, -Os
FAIL: gcc.c-torture/execute/961026-1.c execution, -O3 -fomit-frame-pointer
FAIL: gcc.c-torture/execute/961026-1.c execution, -O3 -g
FAIL: gcc.c-torture/execute/961112-1.c execution, -O3 -fomit-frame-pointer
FAIL: gcc.c-torture/execute/961112-1.c execution, -O3 -g
FAIL: gcc.c-torture/execute/961122-2.c execution, -O3 -fomit-frame-pointer
FAIL: gcc.c-torture/execute/961122-2.c execution, -O3 -g
FAIL: gcc.c-torture/execute/961206-1.c execution, -O3 -fomit-frame-pointer
FAIL: gcc.c-torture/execute/961206-1.c execution, -O3 -g
FAIL: gcc.c-torture/execute/970214-1.c execution, -O2
FAIL: gcc.c-torture/execute/970214-1.c execution, -O3 -fomit-frame-pointer
FAIL: gcc.c-torture/execute/970214-1.c execution, -O3 -g
FAIL: gcc.c-torture/execute/970214-1.c execution, -Os
FAIL: gcc.c-torture/execute/970214-2.c execution, -O2
FAIL: gcc.c-torture/execute/970214-2.c execution, -O3 -fomit-frame-pointer
FAIL: gcc.c-torture/execute/970214-2.c execution, -O3 -g
FAIL: gcc.c-torture/execute/970214-2.c execution, -Os
FAIL: gcc.c-torture/execute/970923-1.c execution, -O3 -fomit-frame-pointer
FAIL: gcc.c-torture/execute/970923-1.c execution, -O3 -g
FAIL: gcc.c-torture/execute/980506-1.c execution, -O3 -fomit-frame-pointer
FAIL: gcc.c-torture/execute/980506-1.c execution, -O3 -g
FAIL: gcc.c-torture/execute/980526-2.c execution, -O2
FAIL: gcc.c-torture/execute/980526-2.c execution, -Os
FAIL: gcc.c-torture/execute/981130-1.c execution, -O2
FAIL: gcc.c-torture/execute/981130-1.c execution, -Os
FAIL: gcc.c-torture/execute/990106-2.c execution, -O3 -fomit-frame-pointer
FAIL: gcc.c-torture/execute/990106-2.c execution, -O3 -g
FAIL: gcc.c-torture/execute/990324-1.c execution, -O2
FAIL: gcc.c-torture/execute/990324-1.c execution, -O3 -fomit-frame-pointer
FAIL: gcc.c-torture/execute/990324-1.c execution, -O3 -g
FAIL: gcc.c-torture/execute/990324-1.c execution, -Os
FAIL: gcc.c-torture/execute/990804-1.c execution, -O3 -fomit-frame-pointer
FAIL: gcc.c-torture/execute/990804-1.c execution, -O3 -fomit-frame-pointer -funroll-loops
FAIL: gcc.c-torture/execute/990804-1.c execution, -O3 -fomit-frame-pointer -funroll-all-loops -finline-functions
FAIL: gcc.c-torture/execute/990804-1.c execution, -O3 -g
FAIL: gcc.c-torture/execute/990923-1.c execution, -O3 -fomit-frame-pointer
FAIL: gcc.c-torture/execute/990923-1.c execution, -O3 -g
FAIL: gcc.c-torture/execute/991202-2.c execution, -O3 -fomit-frame-pointer
FAIL: gcc.c-torture/execute/991202-2.c execution, -O3 -g
FAIL: gcc.c-torture/execute/991202-3.c execution, -O3 -fomit-frame-pointer
FAIL: gcc.c-torture/execute/991202-3.c execution, -O3 -g
FAIL: gcc.c-torture/execute/991216-1.c execution, -O3 -fomit-frame-pointer
FAIL: gcc.c-torture/execute/991216-1.c execution, -O3 -g
FAIL: gcc.c-torture/execute/991216-4.c execution, -O3 -fomit-frame-pointer
FAIL: gcc.c-torture/execute/991216-4.c execution, -O3 -fomit-frame-pointer -funroll-loops
FAIL: gcc.c-torture/execute/991216-4.c execution, -O3 -fomit-frame-pointer -funroll-all-loops -finline-functions
FAIL: gcc.c-torture/execute/991216-4.c execution, -O3 -g
FAIL: gcc.c-torture/execute/991221-1.c execution, -O1
FAIL: gcc.c-torture/execute/991221-1.c execution, -O2
FAIL: gcc.c-torture/execute/991221-1.c execution, -O3 -fomit-frame-pointer
FAIL: gcc.c-torture/execute/991221-1.c execution, -O3 -g
FAIL: gcc.c-torture/execute/991221-1.c execution, -Os
FAIL: gcc.c-torture/execute/arith-1.c execution, -O3 -fomit-frame-pointer
FAIL: gcc.c-torture/execute/arith-1.c execution, -O3 -g
FAIL: gcc.c-torture/execute/bf-layout-1.c execution, -O2
FAIL: gcc.c-torture/execute/bf-layout-1.c execution, -O3 -fomit-frame-pointer
FAIL: gcc.c-torture/execute/bf-layout-1.c execution, -O3 -g
FAIL: gcc.c-torture/execute/bf-layout-1.c execution, -Os
FAIL: gcc.c-torture/execute/bf-sign-1.c execution, -O2
FAIL: gcc.c-torture/execute/bf-sign-1.c execution, -O3 -fomit-frame-pointer
FAIL: gcc.c-torture/execute/bf-sign-1.c execution, -O3 -g
FAIL: gcc.c-torture/execute/bf-sign-1.c execution, -Os
FAIL: gcc.c-torture/execute/cmpsi-1.c execution, -O3 -fomit-frame-pointer
FAIL: gcc.c-torture/execute/cmpsi-1.c execution, -O3 -g
FAIL: gcc.c-torture/execute/complex-4.c execution, -O2
FAIL: gcc.c-torture/execute/complex-4.c execution, -O3 -fomit-frame-pointer
FAIL: gcc.c-torture/execute/complex-4.c execution, -O3 -g
FAIL: gcc.c-torture/execute/complex-4.c execution, -Os
FAIL: gcc.c-torture/execute/divmod-1.c execution, -O3 -fomit-frame-pointer
FAIL: gcc.c-torture/execute/divmod-1.c execution, -O3 -g
FAIL: gcc.c-torture/execute/inst-check.c execution, -O2
FAIL: gcc.c-torture/execute/inst-check.c execution, -O3 -fomit-frame-pointer
FAIL: gcc.c-torture/execute/inst-check.c execution, -O3 -fomit-frame-pointer -funroll-loops
FAIL: gcc.c-torture/execute/inst-check.c execution, -O3 -fomit-frame-pointer -funroll-all-loops -finline-functions
FAIL: gcc.c-torture/execute/inst-check.c execution, -O3 -g
FAIL: gcc.c-torture/execute/inst-check.c execution, -Os
FAIL: gcc.c-torture/execute/loop-4.c execution, -O3 -fomit-frame-pointer -funroll-loops
FAIL: gcc.c-torture/execute/loop-4.c execution, -O3 -fomit-frame-pointer -funroll-all-loops -finline-functions
FAIL: gcc.c-torture/execute/memcpy-1.c execution, -O2
FAIL: gcc.c-torture/execute/memcpy-1.c execution, -Os
FAIL: gcc.c-torture/execute/mod-1.c execution, -O3 -fomit-frame-pointer
FAIL: gcc.c-torture/execute/mod-1.c execution, -O3 -g
FAIL: gcc.c-torture/execute/tstdi-1.c execution, -O3 -fomit-frame-pointer
FAIL: gcc.c-torture/execute/tstdi-1.c execution, -O3 -g
FAIL: gcc.c-torture/execute/va-arg-12.c execution, -O1
FAIL: gcc.c-torture/execute/va-arg-15.c execution, -O1
FAIL: gcc.c-torture/execute/va-arg-15.c execution, -O2
FAIL: gcc.c-torture/execute/va-arg-15.c execution, -O3 -fomit-frame-pointer
FAIL: gcc.c-torture/execute/va-arg-15.c execution, -O3 -fomit-frame-pointer -funroll-loops
FAIL: gcc.c-torture/execute/va-arg-15.c execution, -O3 -fomit-frame-pointer -funroll-all-loops -finline-functions
FAIL: gcc.c-torture/execute/va-arg-15.c execution, -O3 -g
FAIL: gcc.c-torture/execute/va-arg-15.c execution, -Os
FAIL: gcc.c-torture/execute/va-arg-16.c execution, -O1
FAIL: gcc.c-torture/execute/widechar-1.c execution, -O2
FAIL: gcc.c-torture/execute/widechar-1.c execution, -O3 -fomit-frame-pointer
FAIL: gcc.c-torture/execute/widechar-1.c execution, -O3 -g
FAIL: gcc.c-torture/execute/widechar-1.c execution, -Os
FAIL: gcc.c-torture/execute/ieee/minuszero.c execution, -O1
FAIL: gcc.c-torture/execute/ieee/minuszero.c execution, -O2
FAIL: gcc.c-torture/execute/ieee/minuszero.c execution, -O3 -fomit-frame-pointer
FAIL: gcc.c-torture/execute/ieee/minuszero.c execution, -O3 -fomit-frame-pointer -funroll-loops
FAIL: gcc.c-torture/execute/ieee/minuszero.c execution, -O3 -fomit-frame-pointer -funroll-all-loops -finline-functions
FAIL: gcc.c-torture/execute/ieee/minuszero.c execution, -O3 -g
FAIL: gcc.c-torture/execute/ieee/minuszero.c execution, -Os
FAIL: gcc.c-torture/execute/ieee/rbug.c execution, -O3 -fomit-frame-pointer
FAIL: gcc.c-torture/execute/ieee/rbug.c execution, -O3 -g
FAIL: gcc.dg/cpp-if2.c wide charconst recognition (test for bogus messages, line 9)
FAIL: gcc.dg/noreturn-1.c this function should not get any warnings (test for bogus messages, line 50)
FAIL: gcc.dg/noreturn-1.c detect return from tail call (test for warnings, line 57)
FAIL: gcc.dg/ultrasp1.c (test for excess errors)
FAIL: gcc.misc-tests/gcov-1.c (test for excess errors)
FAIL: gcc.misc-tests/gcov-1.c execution test
FAIL: gcov-1.c:1:is 4:should be 11
FAIL: gcov-1.c:1:is 5:should be 10
FAIL: gcov-1.c:1:is 7:should be 1
FAIL: gcc.misc-tests/gcov-2.c (test for excess errors) (PRMS 8294)
FAIL: gcc.misc-tests/gcov-2.c execution test (PRMS 8294)
=== gcc Summary for unix/-fpic ===
# of expected passes 9348
# of unexpected failures 260
# of expected failures 31
# of unresolved testcases 3
# of unsupported tests 32
Running target unix
FAIL: gcc.c-torture/compile/20000405-3.c, -O0
FAIL: gcc.c-torture/compile/20000405-3.c, -O1
FAIL: gcc.c-torture/compile/20000405-3.c, -O2
FAIL: gcc.c-torture/compile/20000405-3.c, -O3 -fomit-frame-pointer
FAIL: gcc.c-torture/compile/20000405-3.c, -O3 -g
FAIL: gcc.c-torture/compile/20000405-3.c, -Os
FAIL: gcc.c-torture/execute/20000225-1.c execution, -O2
FAIL: gcc.c-torture/execute/20000225-1.c execution, -O3 -fomit-frame-pointer
FAIL: gcc.c-torture/execute/20000225-1.c execution, -O3 -fomit-frame-pointer -funroll-loops
FAIL: gcc.c-torture/execute/20000225-1.c execution, -O3 -fomit-frame-pointer -funroll-all-loops -finline-functions
FAIL: gcc.c-torture/execute/20000225-1.c execution, -O3 -g
FAIL: gcc.c-torture/execute/20000225-1.c execution, -Os
FAIL: gcc.c-torture/execute/20000403-1.c execution, -O1
FAIL: gcc.c-torture/execute/20000403-1.c execution, -O2
FAIL: gcc.c-torture/execute/20000403-1.c execution, -O3 -fomit-frame-pointer
FAIL: gcc.c-torture/execute/20000403-1.c execution, -O3 -g
FAIL: gcc.c-torture/execute/20000403-1.c execution, -Os
FAIL: gcc.c-torture/execute/990324-1.c execution, -O3 -fomit-frame-pointer
FAIL: gcc.c-torture/execute/990324-1.c execution, -O3 -g
FAIL: gcc.c-torture/execute/991221-1.c execution, -O1
FAIL: gcc.c-torture/execute/991221-1.c execution, -O2
FAIL: gcc.c-torture/execute/991221-1.c execution, -O3 -fomit-frame-pointer
FAIL: gcc.c-torture/execute/991221-1.c execution, -O3 -g
FAIL: gcc.c-torture/execute/991221-1.c execution, -Os
FAIL: gcc.c-torture/execute/va-arg-12.c execution, -O1
FAIL: gcc.c-torture/execute/va-arg-15.c execution, -O1
FAIL: gcc.c-torture/execute/va-arg-15.c execution, -O2
FAIL: gcc.c-torture/execute/va-arg-15.c execution, -O3 -fomit-frame-pointer
FAIL: gcc.c-torture/execute/va-arg-15.c execution, -O3 -fomit-frame-pointer -funroll-loops
FAIL: gcc.c-torture/execute/va-arg-15.c execution, -O3 -fomit-frame-pointer -funroll-all-loops -finline-functions
FAIL: gcc.c-torture/execute/va-arg-15.c execution, -O3 -g
FAIL: gcc.c-torture/execute/va-arg-15.c execution, -Os
FAIL: gcc.c-torture/execute/va-arg-16.c execution, -O1
FAIL: gcc.dg/cpp-if2.c wide charconst recognition (test for bogus messages, line 9)
FAIL: gcc.dg/noreturn-1.c this function should not get any warnings (test for bogus messages, line 50)
FAIL: gcc.dg/noreturn-1.c detect return from tail call (test for warnings, line 57)
FAIL: gcc.dg/ultrasp1.c (test for excess errors)
=== gcc Summary for unix ===
# of expected passes 9569
# of unexpected failures 37
# of expected failures 31
# of unresolved testcases 3
# of unsupported tests 32
=== gcc Summary ===
# of expected passes 28265
# of unexpected failures 557
# of expected failures 93
# of unresolved testcases 9
# of unsupported tests 96
/teal/caip12/ghazi/gcc-testing/build/gcc/xgcc version 2.96 20000405 (experimental)
=== g++ tests ===
Running target unix/-fPIC
FAIL: g++.dg/special/conpr-1.C execution test
FAIL: g++.dg/special/conpr-2.C execution test
FAIL: g++.dg/special/conpr-3.C execution test
FAIL: g++.dg/special/conpr-3.C execution test
FAIL: g++.ext/initp1.C Execution test
FAIL: g++.law/profile1.C (test for excess errors)
FAIL: g++.law/profile1.C Execution test
FAIL: g++.oliva/template7.C caused compiler crash
FAIL: g++.other/badopt1.C Execution test
FAIL: g++.other/vaarg3.C promote (test for errors, line 26)
FAIL: g++.robertl/eb83.C (test for excess errors)
FAIL: g++.robertl/eb83.C Execution test
=== g++ Summary for unix/-fPIC ===
# of expected passes 5798
# of unexpected failures 12
# of expected failures 89
# of untested testcases 16
Running target unix/-fpic
FAIL: g++.dg/special/conpr-1.C execution test
FAIL: g++.dg/special/conpr-2.C execution test
FAIL: g++.dg/special/conpr-3.C execution test
FAIL: g++.dg/special/conpr-3.C execution test
FAIL: g++.ext/initp1.C Execution test
FAIL: g++.law/profile1.C (test for excess errors)
FAIL: g++.law/profile1.C Execution test
FAIL: g++.oliva/template7.C caused compiler crash
FAIL: g++.other/badopt1.C Execution test
FAIL: g++.other/vaarg3.C promote (test for errors, line 26)
FAIL: g++.robertl/eb83.C (test for excess errors)
FAIL: g++.robertl/eb83.C Execution test
=== g++ Summary for unix/-fpic ===
# of expected passes 5798
# of unexpected failures 12
# of expected failures 89
# of untested testcases 16
Running target unix
FAIL: g++.dg/special/conpr-1.C execution test
FAIL: g++.dg/special/conpr-2.C execution test
FAIL: g++.dg/special/conpr-3.C execution test
FAIL: g++.dg/special/conpr-3.C execution test
FAIL: g++.ext/initp1.C Execution test
FAIL: g++.oliva/template7.C caused compiler crash
FAIL: g++.other/badopt1.C Execution test
FAIL: g++.other/vaarg3.C promote (test for errors, line 26)
=== g++ Summary for unix ===
# of expected passes 5802
# of unexpected failures 8
# of expected failures 89
# of untested testcases 16
=== g++ Summary ===
# of expected passes 17398
# of unexpected failures 32
# of expected failures 267
# of untested testcases 48
/teal/caip12/ghazi/gcc-testing/build/gcc/testsuite/../g++ version 2.96 20000405 (experimental)
=== g77 tests ===
Running target unix/-fPIC
FAIL: g77.f-torture/execute/19990325-0.f compilation, -O0
FAIL: g77.f-torture/execute/19990325-0.f compilation, -O1
FAIL: g77.f-torture/execute/19990325-0.f compilation, -O2
FAIL: g77.f-torture/execute/19990325-0.f compilation, -O2 -fomit-frame-pointer -finline-functions
FAIL: g77.f-torture/execute/19990325-0.f compilation, -Os
FAIL: g77.f-torture/execute/19990325-1.f compilation, -O0
FAIL: g77.f-torture/execute/19990325-1.f compilation, -O1
FAIL: g77.f-torture/execute/19990325-1.f compilation, -O2
FAIL: g77.f-torture/execute/19990325-1.f compilation, -O2 -fomit-frame-pointer -finline-functions
FAIL: g77.f-torture/execute/19990325-1.f compilation, -Os
=== g77 Summary for unix/-fPIC ===
# of expected passes 644
# of unexpected failures 10
# of untested testcases 10
Running target unix/-fpic
FAIL: g77.f-torture/execute/19990325-0.f compilation, -O0
FAIL: g77.f-torture/execute/19990325-0.f compilation, -O1
FAIL: g77.f-torture/execute/19990325-0.f compilation, -O2
FAIL: g77.f-torture/execute/19990325-0.f compilation, -O2 -fomit-frame-pointer -finline-functions
FAIL: g77.f-torture/execute/19990325-0.f compilation, -Os
FAIL: g77.f-torture/execute/19990325-1.f compilation, -O0
FAIL: g77.f-torture/execute/19990325-1.f compilation, -O1
FAIL: g77.f-torture/execute/19990325-1.f compilation, -O2
FAIL: g77.f-torture/execute/19990325-1.f compilation, -O2 -fomit-frame-pointer -finline-functions
FAIL: g77.f-torture/execute/19990325-1.f compilation, -Os
=== g77 Summary for unix/-fpic ===
# of expected passes 644
# of unexpected failures 10
# of untested testcases 10
Running target unix
FAIL: g77.f-torture/execute/19990325-0.f compilation, -O0
FAIL: g77.f-torture/execute/19990325-0.f compilation, -O1
FAIL: g77.f-torture/execute/19990325-0.f compilation, -O2
FAIL: g77.f-torture/execute/19990325-0.f compilation, -O2 -fomit-frame-pointer -finline-functions
FAIL: g77.f-torture/execute/19990325-0.f compilation, -Os
FAIL: g77.f-torture/execute/19990325-1.f compilation, -O0
FAIL: g77.f-torture/execute/19990325-1.f compilation, -O1
FAIL: g77.f-torture/execute/19990325-1.f compilation, -O2
FAIL: g77.f-torture/execute/19990325-1.f compilation, -O2 -fomit-frame-pointer -finline-functions
FAIL: g77.f-torture/execute/19990325-1.f compilation, -Os
=== g77 Summary for unix ===
# of expected passes 644
# of unexpected failures 10
# of untested testcases 10
=== g77 Summary ===
# of expected passes 1932
# of unexpected failures 30
# of untested testcases 30
=== objc tests ===
Running target unix/-fPIC
FAIL: objc/execute/bf-1.m compilation, -O
FAIL: objc/execute/bf-10.m compilation, -O
FAIL: objc/execute/bf-11.m compilation, -O
FAIL: objc/execute/bf-12.m compilation, -O
FAIL: objc/execute/bf-13.m compilation, -O
FAIL: objc/execute/bf-14.m compilation, -O
FAIL: objc/execute/bf-15.m compilation, -O
FAIL: objc/execute/bf-16.m compilation, -O
FAIL: objc/execute/bf-17.m compilation, -O
FAIL: objc/execute/bf-18.m compilation, -O
FAIL: objc/execute/bf-19.m compilation, -O
FAIL: objc/execute/bf-2.m compilation, -O
FAIL: objc/execute/bf-3.m compilation, -O
FAIL: objc/execute/bf-4.m compilation, -O
FAIL: objc/execute/bf-5.m compilation, -O
FAIL: objc/execute/bf-6.m compilation, -O
FAIL: objc/execute/bf-7.m compilation, -O
FAIL: objc/execute/bf-8.m compilation, -O
FAIL: objc/execute/bf-9.m compilation, -O
=== objc Summary for unix/-fPIC ===
# of unexpected failures 19
# of untested testcases 19
Running target unix/-fpic
FAIL: objc/execute/bf-1.m compilation, -O
FAIL: objc/execute/bf-10.m compilation, -O
FAIL: objc/execute/bf-11.m compilation, -O
FAIL: objc/execute/bf-12.m compilation, -O
FAIL: objc/execute/bf-13.m compilation, -O
FAIL: objc/execute/bf-14.m compilation, -O
FAIL: objc/execute/bf-15.m compilation, -O
FAIL: objc/execute/bf-16.m compilation, -O
FAIL: objc/execute/bf-17.m compilation, -O
FAIL: objc/execute/bf-18.m compilation, -O
FAIL: objc/execute/bf-19.m compilation, -O
FAIL: objc/execute/bf-2.m compilation, -O
FAIL: objc/execute/bf-3.m compilation, -O
FAIL: objc/execute/bf-4.m compilation, -O
FAIL: objc/execute/bf-5.m compilation, -O
FAIL: objc/execute/bf-6.m compilation, -O
FAIL: objc/execute/bf-7.m compilation, -O
FAIL: objc/execute/bf-8.m compilation, -O
FAIL: objc/execute/bf-9.m compilation, -O
=== objc Summary for unix/-fpic ===
# of unexpected failures 19
# of untested testcases 19
Running target unix
FAIL: objc/execute/bf-1.m compilation, -O
FAIL: objc/execute/bf-10.m compilation, -O
FAIL: objc/execute/bf-11.m compilation, -O
FAIL: objc/execute/bf-12.m compilation, -O
FAIL: objc/execute/bf-13.m compilation, -O
FAIL: objc/execute/bf-14.m compilation, -O
FAIL: objc/execute/bf-15.m compilation, -O
FAIL: objc/execute/bf-16.m compilation, -O
FAIL: objc/execute/bf-17.m compilation, -O
FAIL: objc/execute/bf-18.m compilation, -O
FAIL: objc/execute/bf-19.m compilation, -O
FAIL: objc/execute/bf-2.m compilation, -O
FAIL: objc/execute/bf-3.m compilation, -O
FAIL: objc/execute/bf-4.m compilation, -O
FAIL: objc/execute/bf-5.m compilation, -O
FAIL: objc/execute/bf-6.m compilation, -O
FAIL: objc/execute/bf-7.m compilation, -O
FAIL: objc/execute/bf-8.m compilation, -O
FAIL: objc/execute/bf-9.m compilation, -O
=== objc Summary for unix ===
# of unexpected failures 19
# of untested testcases 19
=== objc Summary ===
# of unexpected failures 57
# of untested testcases 57
/teal/caip12/ghazi/gcc-testing/build/gcc/xgcc version 2.96 20000405 (experimental)
Compiler version: 2.96 20000405 (experimental)
Platform: sparc-sun-solaris2.7
configure flags: --with-gcc-version-trigger=/teal/caip12/ghazi/gcc-testing/egcs-CVS20000405/gcc/version.c --host=sparc-sun-solaris2.7 --verbose --norecursion
More information about the Gcc-testresults
mailing list