Results for 2.96 19990822 (experimental) testsuite on sparc-sun-solaris2.6
Theodore Papadopoulo
Theodore.Papadopoulo@sophia.inria.fr
Sun Sep 5 20:50:00 GMT 1999
Native configuration is sparc-sun-solaris2.6
=== gcc tests ===
Running target unix
FAIL: gcc.c-torture/compile/990801-1.c, -O2
FAIL: gcc.c-torture/compile/990801-1.c, -O3 -fomit-frame-pointer
FAIL: gcc.c-torture/compile/990801-1.c, -O3 -fomit-frame-pointer -funroll-loops
FAIL: gcc.c-torture/compile/990801-1.c, -O3 -fomit-frame-pointer -funroll-all-loops -finline-functions
FAIL: gcc.c-torture/compile/990801-1.c, -O3 -g
FAIL: gcc.c-torture/compile/990801-1.c, -Os
FAIL: gcc.c-torture/compile/990801-2.c, -O1
FAIL: gcc.c-torture/compile/990801-2.c, -O2
FAIL: gcc.c-torture/compile/990801-2.c, -O3 -fomit-frame-pointer
FAIL: gcc.c-torture/compile/990801-2.c, -O3 -fomit-frame-pointer -funroll-loops
FAIL: gcc.c-torture/compile/990801-2.c, -O3 -fomit-frame-pointer -funroll-all-loops -finline-functions
FAIL: gcc.c-torture/compile/990801-2.c, -Os
FAIL: gcc.dg/cast-qual-1.c discarding `const' warning (test for bogus messages, line 11)
FAIL: gcc.dg/cast-qual-1.c discarding `const' warning (test for warnings, line 17)
FAIL: gcc.dg/compare1.c (test for excess errors)
=== gcc Summary ===
# of expected passes 8272
# of unexpected failures 15
# of expected failures 32
# of unsupported tests 27
/1/egcs/egcs-solaris/gcc/xgcc version 2.96 19990822 (experimental)
=== g++ tests ===
Running target unix
FAIL: g++.dg/special/conpr-1.C execution test
FAIL: g++.dg/special/conpr-2.C execution test
FAIL: g++.dg/special/conpr-3.C execution test
FAIL: g++.dg/special/conpr-3.C execution test
FAIL: g++.brendan/crash63.C cannot pass non-pod (test for warnings, line 15)
FAIL: g++.brendan/crash64.C cannot pass non-pod (test for warnings, line 19)
FAIL: g++.brendan/overload8.C cannot pass non pod (test for warnings, line 9)
FAIL: g++.eh/fntry1.C Execution test
FAIL: g++.eh/spec6.C forward declaration.* (test for errors, line 10)
FAIL: g++.eh/spec6.C invalid use of undefined type (test for errors, line 11)
FAIL: g++.eh/spec6.C invalid use of undefined type (test for errors, line 12)
FAIL: g++.eh/spec6.C invalid use of undefined tyoe (test for errors, line 13)
FAIL: g++.eh/spec6.C invalid use of void expression (test for errors, line 14)
FAIL: g++.eh/spec6.C invalid use of void (test for errors, line 22)
FAIL: g++.eh/spec6.C invalid use of void expression (test for errors, line 24)
FAIL: g++.eh/spec6.C overriding (test for errors, line 83)
FAIL: g++.eh/spec6.C overriding (pedantically) (test for errors, line 87)
FAIL: g++.eh/spec6.C overriding (test for errors, line 88)
FAIL: g++.eh/spec6.C overriding (test for errors, line 89)
FAIL: g++.eh/spec6.C overriding (test for errors, line 90)
FAIL: g++.eh/spec6.C overriding (test for errors, line 91)
FAIL: g++.eh/spec6.C overriding (test for errors, line 92)
FAIL: g++.eh/spec6.C looser throw - A::foo (test for errors, line 100)
FAIL: g++.eh/spec6.C looser (pedantically) (test for errors, line 104)
FAIL: g++.eh/spec6.C looser throw - A::quux() (test for errors, line 105)
FAIL: g++.eh/spec6.C looser throw - A::quux(int) (test for errors, line 106)
FAIL: g++.eh/spec6.C looser throw - A::wibble (test for errors, line 107)
FAIL: g++.eh/spec6.C looser throw - A::wobble() (test for errors, line 108)
FAIL: g++.eh/spec6.C looser throw - A::wobble(int) (test for errors, line 109)
FAIL: g++.eh/spec6.C overriding (test for errors, line 117)
FAIL: g++.eh/spec6.C looser throw - A::foo (test for errors, line 127)
FAIL: g++.eh/spec6.C looser throw - A1::bar (test for errors, line 128)
FAIL: g++.eh/spec6.C ANSI C++ forbids (test for errors, line 142)
FAIL: g++.eh/spec6.C (test for excess errors)
FAIL: g++.ext/addrfunc1.C (test for excess errors)
FAIL: g++.ext/addrfunc2.C (test for excess errors)
FAIL: g++.ext/addrfunc4.C (test for excess errors)
FAIL: g++.ext/comint1.C (test for excess errors)
FAIL: g++.ext/initp1.C Execution test
FAIL: g++.ns/template12.C (test for excess errors)
XPASS: g++.ns/template13.C not declared in bar - (test for errors, line 13)
XPASS: g++.ns/template13.C not declared in bar - (test for errors, line 18)
FAIL: g++.oliva/template8.C - bar undeclared (test for bogus messages, line 13)
FAIL: g++.oliva/template8.C (test for bogus messages, line 18)
FAIL: g++.other/defarg3.C (test for excess errors)
FAIL: g++.other/enum2.C previous def (test for errors, line 9)
FAIL: g++.other/enum2.C multiple def (test for errors, line 14)
FAIL: g++.other/enum2.C (test for excess errors)
FAIL: g++.other/ptrmem5.C conversion from vbase (test for errors, line 15)
FAIL: g++.other/ptrmem5.C conversion from vbase (test for errors, line 16)
FAIL: g++.other/shadow1.C (test for excess errors)
FAIL: g++.other/struct1.C redefinition (test for errors, line 27)
FAIL: g++.other/struct1.C previous definition (test for errors, line 31)
FAIL: g++.other/struct1.C redefinition (test for errors, line 34)
FAIL: g++.other/struct1.C previous definition (test for errors, line 38)
FAIL: g++.other/struct1.C redefinition (test for errors, line 41)
FAIL: g++.other/virtual6.C caused compiler crash
FAIL: g++.pt/crash15.C (test for excess errors)
FAIL: g++.pt/crash47.C (test for excess errors)
FAIL: g++.pt/defarg12.C (test for excess errors)
FAIL: g++.pt/defarg13.C default argument uses local (test for errors, line 7)
FAIL: g++.pt/defarg13.C instantiated here (test for errors, line 9)
FAIL: g++.pt/defarg13.C instantiated here (test for errors, line 12)
XPASS: g++.pt/instantiate6.C (test for excess errors)
FAIL: g++.pt/memtemp84.C - bar undeclared (test for bogus messages, line 13)
FAIL: g++.pt/memtemp84.C (test for bogus messages, line 18)
FAIL: g++.pt/ptrmem8.C (test for excess errors)
FAIL: g++.pt/repo1.C (test for excess errors)
FAIL: g++.robertl/eh990323-2.C Execution test
FAIL: g++.robertl/eh990323-3.C Execution test
FAIL: g++.robertl/eh990323-4.C Execution test
=== g++ Summary ===
# of expected passes 5277
# of unexpected failures 68
# of unexpected successes 3
# of expected failures 88
# of untested testcases 12
/1/egcs/egcs-solaris/gcc/testsuite/../xgcc version 2.96 19990822 (experimental)
=== g77 tests ===
Running target unix
=== g77 Summary ===
# of expected passes 607
=== objc tests ===
Running target unix
FAIL: objc/execute/bf-1.m compilation, -O
FAIL: objc/execute/bf-10.m compilation, -O
FAIL: objc/execute/bf-11.m compilation, -O
FAIL: objc/execute/bf-12.m compilation, -O
FAIL: objc/execute/bf-13.m compilation, -O
FAIL: objc/execute/bf-14.m compilation, -O
FAIL: objc/execute/bf-15.m compilation, -O
FAIL: objc/execute/bf-16.m compilation, -O
FAIL: objc/execute/bf-17.m compilation, -O
FAIL: objc/execute/bf-18.m compilation, -O
FAIL: objc/execute/bf-19.m compilation, -O
FAIL: objc/execute/bf-2.m compilation, -O
FAIL: objc/execute/bf-3.m compilation, -O
FAIL: objc/execute/bf-4.m compilation, -O
FAIL: objc/execute/bf-5.m compilation, -O
FAIL: objc/execute/bf-6.m compilation, -O
FAIL: objc/execute/bf-7.m compilation, -O
FAIL: objc/execute/bf-8.m compilation, -O
FAIL: objc/execute/bf-9.m compilation, -O
=== objc Summary ===
# of unexpected failures 19
# of untested testcases 19
/1/egcs/egcs-solaris/gcc/xgcc version 2.96 19990822 (experimental)
Compiler version: 2.96 19990822 (experimental)
Platform: sparc-sun-solaris2.6
configure flags: --with-gcc-version-trigger=/1/egcs/egcs/gcc/version.c --host=sparc-sun-solaris2.6 --srcdir=../egcs --prefix=/u/corse/2/robotvis/gnu/egcs --with-fast-fixincludes --with-as=/u/corse/2/robotvis/gnu/binutils/bin/as --with-ld=/u/corse/2/robotvis/gnu/binutils/bin/ld --norecursion
Counting all warnings,
there are 0 warnings in stage3 of this bootstrap.
Number of warnings per file:
Number of warning types:
More information about the Gcc-testresults
mailing list